{"id":136605,"date":"2025-08-20T14:01:01","date_gmt":"2025-08-20T11:01:01","guid":{"rendered":"https:\/\/www.zoner.fi\/tuki\/?page_id=136605"},"modified":"2025-11-12T15:12:22","modified_gmt":"2025-11-12T13:12:22","slug":"roskapostisuodatin","status":"publish","type":"page","link":"https:\/\/www.zoner.fi\/tuki\/sahkopostiohjeet\/cpanel-webhotelli-fi\/roskapostisuodatin\/","title":{"rendered":"Miten hallitsen palvelustani l\u00f6ytyv\u00e4\u00e4 roskapostisuodatinta?"},"content":{"rendered":"\n<p>Palveluusi sis\u00e4ltyy oletuksena palvelimelta l\u00f6ytyv\u00e4 oma roskapostisuodatin, jota voi hallita cPanelissa kohdassa&nbsp;<strong>S\u00e4hk\u00f6posti&nbsp;\u2192 Spam filters<\/strong>.<\/p>\n\n\n\n<ul class=\"wp-block-list\">\n<li><a href=\"#1\">Mist\u00e4 l\u00f6yd\u00e4n roskapostisuodattimen asetukset?<\/a><\/li>\n\n\n\n<li><a href=\"#2\">Miten roskapostisuodatin toimii?<\/a><\/li>\n\n\n\n<li><a href=\"#3\">Mit\u00e4 roskapostuksi tunnistetuille viesteille tapahtuu?<\/a><\/li>\n\n\n\n<li><a href=\"#4\">Valkoinen ja musta lista<\/a><\/li>\n<\/ul>\n\n\n\n<h2 class=\"wp-block-heading\" id=\"1\">Mist\u00e4 l\u00f6yd\u00e4n roskapostisuodattimen asetukset?<\/h2>\n\n\n\n<ol class=\"wp-block-list\">\n<li>Kirjaudu cPaneliin Zoner Homen kautta. <strong>Ohje<\/strong>: <a href=\"https:\/\/www.zoner.fi\/tuki\/webhotellit\/cpanel-webhotelli-fi\/cpanel-palvelunhallintaan-siirtyminen\/\">cPanel-palvelunhallintaan siirtyminen<\/a><\/li>\n\n\n\n<li>Avaa cPanelissa kohta <strong>S\u00e4hk\u00f6posti&nbsp;\u2192 Spam filters<\/strong>.<\/li>\n\n\n\n<li>Roskapostisuodatin on oletuksena p\u00e4\u00e4ll\u00e4, mutta saat sen halutessasi my\u00f6s pois p\u00e4\u00e4lt\u00e4 kohdan&nbsp;<strong>Process New Emails and Mark them as Spam&nbsp;<\/strong>edest\u00e4 l\u00f6ytyv\u00e4st\u00e4 kytkimest\u00e4.<\/li>\n<\/ol>\n\n\n\n<h2 class=\"wp-block-heading\" id=\"2\">Miten roskapostisuodatin toimii?<\/h2>\n\n\n\n<p>Kun suodatin on p\u00e4\u00e4ll\u00e4 ja se tunnistaa viestin roskapostiksi,&nbsp;<strong>se merkitsee viestin roskapostiksi lis\u00e4\u00e4m\u00e4ll\u00e4 sen eteen SPAM-tunnisteen.<\/strong><\/p>\n\n\n\n<ul class=\"wp-block-list\">\n<li>Sit\u00e4 miten herk\u00e4sti t\u00e4m\u00e4 tapahtuu voi muokata klikkaamalla kohdasta&nbsp;<strong>Spam Threshold Score<\/strong><\/li>\n\n\n\n<li>Oletuksena k\u00e4yt\u00f6ss\u00e4 on pisteraja viisi eli viestin pit\u00e4\u00e4 saada viisi roskapostipistett\u00e4 jolloin se merkit\u00e4\u00e4n roskapostiksi.<\/li>\n\n\n\n<li>Jos pisterajaa nostetaan esimerkiksi kahdeksaan niin se tarkoittaa sit\u00e4 ett\u00e4 suodatinta l\u00f6ysennet\u00e4\u00e4n eli viestej\u00e4 ei tulkita niin herk\u00e4sti roskapostiksi.<\/li>\n\n\n\n<li>Jos taas pisteraja on esimerkiksi yksi niin silloin suodatin on niin tiukalla kuin mahdollista ja mahdollisuus siihen ett\u00e4 oikeitakin viestej\u00e4 merkit\u00e4\u00e4n roskapostiksi on suuri.<\/li>\n\n\n\n<li><strong>Olethan siis tarkkana siin\u00e4 ett\u00e4 mink\u00e4 pisterajan valitset jos l\u00e4hdet muokkaamaan oletusasetusta.<\/strong><\/li>\n<\/ul>\n\n\n\n<h2 class=\"wp-block-heading\" id=\"3\">Mit\u00e4 roskapostuksi tunnistetuille viesteille tapahtuu?<\/h2>\n\n\n<div class=\"gb-container gb-container-7ec9ff97\">\n\n<p>Kun suodatin on k\u00e4yt\u00f6ss\u00e4, voit valita mit\u00e4 viestille tapahtuu sen j\u00e4lkeen, kun se on tulkittu roskapostiksi ja saanut SPAM-tunnisteen.<\/p>\n\n<\/div>\n\n\n<ul class=\"wp-block-list\">\n<li>Kun kohta&nbsp;<strong>Move New Spam to a Separate Folder (Spam Box)&nbsp;<\/strong>on valittuna niin silloin&nbsp;<strong>roskapostiksi tulkittu viesti siirtyy erilliseen Spam-hakemistoon. Suosittelemme k\u00e4ytett\u00e4v\u00e4n t\u00e4t\u00e4 vaihtoehtoa.<\/strong><\/li>\n\n\n\n<li>Kun kohta&nbsp;<strong>Automatically Delete New Spam (Auto-Delete)<\/strong>&nbsp;on valittuna niin silloin&nbsp;<strong>roskapostiksi tulkittu viesti poistetaan. Emme suosittele k\u00e4ytett\u00e4v\u00e4n t\u00e4t\u00e4 vaihtoehtoa.<\/strong><\/li>\n<\/ul>\n\n\n\n<h2 class=\"wp-block-heading\" id=\"4\">Valkoinen ja musta lista<\/h2>\n\n\n\n<p>Jos sinulla on tarve lis\u00e4t\u00e4 jokin osoite valkoiselle tai mustalle listalle niin se onnistuu kohdasta&nbsp;<strong>Additional Configurations (For Advanced Users)&nbsp;\u2192 Edit Spam Whitelist Settings \/ Edit Spam Blacklist settings<\/strong><\/p>\n\n\n\n<p>Kun osoite on&nbsp;<strong>mustalla listalla niin suodatin est\u00e4\u00e4 t\u00e4m\u00e4n l\u00e4hett\u00e4j\u00e4n viestit aina automaattisesti<\/strong><\/p>\n\n\n\n<p>Kun osoite on&nbsp;<strong>valkoisella listalla niin suodatin p\u00e4\u00e4st\u00e4\u00e4 t\u00e4m\u00e4n l\u00e4hett\u00e4j\u00e4n viestit aina automaattisesti l\u00e4pi<\/strong><\/p>\n","protected":false},"excerpt":{"rendered":"<p>Roskapostisuodattimen hallinta cPanel-hallintapaneelissa<\/p>\n","protected":false},"author":18,"featured_media":0,"parent":137089,"menu_order":0,"comment_status":"closed","ping_status":"closed","template":"","meta":{"_relevanssi_hide_post":"","_relevanssi_hide_content":"","_relevanssi_pin_for_all":"","_relevanssi_pin_keywords":"","_relevanssi_unpin_keywords":"","_relevanssi_related_keywords":"","_relevanssi_related_include_ids":"","_relevanssi_related_exclude_ids":"","_relevanssi_related_no_append":"","_relevanssi_related_not_related":"","_relevanssi_related_posts":"135737,130455,136211,131506,136147,132938","_relevanssi_noindex_reason":"","footnotes":""},"categories":[213,195],"tags":[214],"wf_page_folders":[],"class_list":{"0":"post-136605","1":"page","2":"type-page","3":"status-publish","5":"category-cpanel-webhotelli-fi-sahkoposti","6":"category-cpanel-wepardi-sahkoposti","7":"tag-sahkopostin-hallinta"},"_links":{"self":[{"href":"https:\/\/www.zoner.fi\/tuki\/wp-json\/wp\/v2\/pages\/136605","targetHints":{"allow":["GET"]}}],"collection":[{"href":"https:\/\/www.zoner.fi\/tuki\/wp-json\/wp\/v2\/pages"}],"about":[{"href":"https:\/\/www.zoner.fi\/tuki\/wp-json\/wp\/v2\/types\/page"}],"author":[{"embeddable":true,"href":"https:\/\/www.zoner.fi\/tuki\/wp-json\/wp\/v2\/users\/18"}],"replies":[{"embeddable":true,"href":"https:\/\/www.zoner.fi\/tuki\/wp-json\/wp\/v2\/comments?post=136605"}],"version-history":[{"count":4,"href":"https:\/\/www.zoner.fi\/tuki\/wp-json\/wp\/v2\/pages\/136605\/revisions"}],"predecessor-version":[{"id":138034,"href":"https:\/\/www.zoner.fi\/tuki\/wp-json\/wp\/v2\/pages\/136605\/revisions\/138034"}],"up":[{"embeddable":true,"href":"https:\/\/www.zoner.fi\/tuki\/wp-json\/wp\/v2\/pages\/137089"}],"wp:attachment":[{"href":"https:\/\/www.zoner.fi\/tuki\/wp-json\/wp\/v2\/media?parent=136605"}],"wp:term":[{"taxonomy":"category","embeddable":true,"href":"https:\/\/www.zoner.fi\/tuki\/wp-json\/wp\/v2\/categories?post=136605"},{"taxonomy":"post_tag","embeddable":true,"href":"https:\/\/www.zoner.fi\/tuki\/wp-json\/wp\/v2\/tags?post=136605"},{"taxonomy":"wf_page_folders","embeddable":true,"href":"https:\/\/www.zoner.fi\/tuki\/wp-json\/wp\/v2\/wf_page_folders?post=136605"}],"curies":[{"name":"wp","href":"https:\/\/api.w.org\/{rel}","templated":true}]}}