{"id":136780,"date":"2025-08-21T14:37:38","date_gmt":"2025-08-21T11:37:38","guid":{"rendered":"https:\/\/www.zoner.fi\/tuki\/?page_id=136780"},"modified":"2025-11-12T15:56:31","modified_gmt":"2025-11-12T13:56:31","slug":"palvelun-varmuuskopiointi","status":"publish","type":"page","link":"https:\/\/www.zoner.fi\/tuki\/webhotellit\/cpanel-wepardi\/palvelun-varmuuskopiointi\/","title":{"rendered":"Miten otan palvelustani varmuuskopion?"},"content":{"rendered":"\n<p>Jos palvelun varmuuskopionnista ei ole sovittu erikseen kanssamme niin huomioithan ett\u00e4&nbsp;<strong>palvelun varmuuskopiointi on asiakkaan vastuulla<\/strong>. Muistathan siis ottaa palvelustasi s\u00e4\u00e4nn\u00f6llisin v\u00e4liajoin varmuuskopion.<\/p>\n\n\n\n<ul class=\"wp-block-list\">\n<li><a href=\"#cpanel\">Varmuuskopiointi cPanelissa<\/a><\/li>\n\n\n\n<li><a href=\"#jetbackup\">Varmuuskopiointi JetBackUp-ty\u00f6kalulla<\/a><\/li>\n<\/ul>\n\n\n\n<h2 class=\"wp-block-heading\" id=\"cpanel\">Varmuuskopiointi cPanelissa<\/h2>\n\n\n\n<p>Varmuuskopion ottaminen onnistuu cPanelista kohdasta&nbsp;<strong>Tiedostot&nbsp;\u2192 Varmuuskopio<\/strong><\/p>\n\n\n\n<ol class=\"wp-block-list\">\n<li>Kirjaudu cPaneliin Zoner Homen kautta. <strong>Ohje<\/strong>: <a href=\"https:\/\/www.zoner.fi\/tuki\/webhotellit\/cpanel-webhotelli-fi\/cpanel-palvelunhallintaan-siirtyminen\/\">cPanel-palvelunhallintaan siirtyminen<\/a><\/li>\n\n\n\n<li>Siirry cPanelissa kohtaan&nbsp;<strong>Tiedostot&nbsp;\u2192 Varmuuskopio<\/strong>.<\/li>\n\n\n\n<li>Valitse, haluatko luoda <a href=\"#1\">t\u00e4ydellisen varmuuskopion<\/a> vai <a href=\"#2\">osittaisen varmuuskopion<\/a>. T\u00e4ydellinen varmuuskopio tallennetaan palvelimellesi, kun taas osittainen varmuuskopio tallennetaan laitteellesi.<\/li>\n<\/ol>\n\n\n\n<h3 class=\"wp-block-heading\" id=\"1\">T\u00e4ydellisen varmuuskopion luominen<\/h3>\n\n\n\n<p><strong>T\u00e4ydellisen varmuuskopio<\/strong> on&nbsp;arkisto kaikista verkkosivustosi tiedostoista ja m\u00e4\u00e4rityksist\u00e4.<\/p>\n\n\n\n<p>Huomioithan ett\u00e4 t\u00e4m\u00e4 valinta&nbsp;<strong>luo varmuuskopion palvelimelle&nbsp;kotihakemistoosi<\/strong>, ei siis tallenna varmuuskopiota suoraan omalle koneellesi, vaan joudut hakemaan tiedoston omalle koneellesi kotihakemistosta.<\/p>\n\n\n\n<p>Ohje tiedostojen lataamiseen palvelimelta: Miten p\u00e4\u00e4sen tarkastelemaan palvelimella olevia tiedostoja ja tekem\u00e4\u00e4n niihin muokkauksia?<\/p>\n\n\n\n<h3 class=\"wp-block-heading\" id=\"2\">Osittaisen varmuuskopion luominen<\/h3>\n\n\n\n<p>Jos luot osittaisen varmuuskopion, tiedostot tallennetaan suoraan omalle koneellesi.<\/p>\n\n\n\n<p>cPanelin kohdassa &#8221;Osittaisen varmuuskopion luominen&#8221; voit my\u00f6s&nbsp;<strong>palauttaa<\/strong>&nbsp;jo aiemmin lataamisia&nbsp;<strong>osittaisia varmuuskopioita<\/strong>&nbsp;palvelimelle.<\/p>\n\n\n\n<h2 class=\"wp-block-heading\" id=\"jetbackup\">Varmuuskopiointi JetBackUp-ty\u00f6kalulla<\/h2>\n\n\n\n<p>Vaihtoehtoisesti voit k\u00e4ytt\u00e4\u00e4 Jetbackup-ty\u00f6kalua varmuuskopiointiin ja vanhan version palauttamiseen.<\/p>\n\n\n\n<h3 class=\"wp-block-heading\">Miksi k\u00e4ytt\u00e4\u00e4 JetBackUpia?<\/h3>\n\n\n\n<p>Vaikka miten olisi varovainen tietoturvan ja muun tekniikan suhteen, ei koskaan voi tiet\u00e4\u00e4, mik\u00e4 saattaa menn\u00e4 pieleen. Sivusto saattaa joutua hakkeroinnin kohteeksi tai lis\u00e4osan p\u00e4ivitys aiheuttaa sivustolle virheen. Siksi on ehdottoman j\u00e4rkev\u00e4\u00e4 ottaa talteen varmuuskopiot juurikin t\u00e4rkeimmist\u00e4 kohteista. Mik\u00e4\u00e4n ei ole niin turhauttavaa kuin aloittaa nettisivujen tai tietokantojen luominen uudestaan t\u00e4ysin alusta, koska aiemmat materiaalit on menetetty.<\/p>\n\n\n\n<p>JetBackup on yksinkertainen ja se tallentaa varmuuskopiot omille palvelimilleen ja mahdollistaa manuaaliset tallennukset. Varmuuskopioista olisikin hyv\u00e4 tehd\u00e4 niin paikallinen versio kuin my\u00f6s et\u00e4n\u00e4 oleva. Esimerkiksi jos palvelimella oleva JetBackUp kaatuu jostain syyst\u00e4, l\u00f6ytyy varmuuskopio muualtakin.<\/p>\n\n\n\n<p>JetBackup on rajaton, eli se ei m\u00e4\u00e4rittele mink\u00e4 kokoisia tiedostoja voi varmuuskopioida tai miten usein. Ainoana rajana on oman webhotellipakettisi levytilan m\u00e4\u00e4r\u00e4.&nbsp;<strong>Ty\u00f6kalu kuuluu kaikkiin&nbsp;Wepardilta ostetuihin webhotelleihin.<\/strong><\/p>\n\n\n\n<figure class=\"wp-block-image size-full\"><img loading=\"lazy\" decoding=\"async\" width=\"1024\" height=\"297\" src=\"https:\/\/www.zoner.fi\/tuki\/wp-content\/uploads\/2025\/08\/jetbackup.png\" alt=\"Kuvakaappaus cPanel-hallintapaneelista, jossa JetBackup 5 n\u00e4kyy\" class=\"wp-image-136781\" srcset=\"https:\/\/www.zoner.fi\/tuki\/wp-content\/uploads\/2025\/08\/jetbackup.png 1024w, https:\/\/www.zoner.fi\/tuki\/wp-content\/uploads\/2025\/08\/jetbackup-300x87.png 300w, https:\/\/www.zoner.fi\/tuki\/wp-content\/uploads\/2025\/08\/jetbackup-768x223.png 768w\" sizes=\"auto, (max-width: 1024px) 100vw, 1024px\" \/><\/figure>\n\n\n\n<h3 class=\"wp-block-heading\">Varmuuskopion palauttaminen<\/h3>\n\n\n\n<p>Ent\u00e4p\u00e4 sitten, kun sivustolle k\u00e4y jotain ja se tarvitsee palauttaa ennalleen? Varmuuskopion palautus JetBackupin kautta on my\u00f6s vaivatonta ja se tapahtuu hallintapaneelista k\u00e4sin. JetBackup-osiosta valitaan haluttu varmuuskopion versio ja painetaan \u201cfile manager\u201d. \u201cRestore\u201d-napista ty\u00f6kalu l\u00e4htee palauttamaan tiedostoja.<\/p>\n\n\n\n<p>JetBackupilla voi luoda varmuuskopioita eri osista, jolloin palauttaminenkin onnistuu tarvittaessa palasina. \u201cFull account\u201d -k\u00e4sky tekee varmuuskopion koko tilist\u00e4. On kuitenkin suositeltavaa, ett\u00e4 kopiot tehd\u00e4\u00e4n vain niist\u00e4 tiedostoista tai tietokannoista, jotka oikeasti ovat tarpeen. \u201cFile backups\u201d kopioi talteen kaikki tiedostot ja kansiot, \u201cdatabase backups\u201d taas tietokannat. J\u00e4lkimm\u00e4iset kaksi ovat ehdottomasti suotavaa tallentaa.<\/p>\n\n\n\n<p>Ty\u00f6kalu huolehtii lis\u00e4ksi tietoturvaseikoista poistaen kaiken datan, mik\u00e4li tili jossain vaiheessa poistetaan kokonaan k\u00e4yt\u00f6st\u00e4.<\/p>\n\n\n\n<figure class=\"wp-block-image size-full\"><img loading=\"lazy\" decoding=\"async\" width=\"980\" height=\"382\" src=\"https:\/\/www.zoner.fi\/tuki\/wp-content\/uploads\/2025\/08\/jetbackup-2.png\" alt=\"\" class=\"wp-image-136782\" srcset=\"https:\/\/www.zoner.fi\/tuki\/wp-content\/uploads\/2025\/08\/jetbackup-2.png 980w, https:\/\/www.zoner.fi\/tuki\/wp-content\/uploads\/2025\/08\/jetbackup-2-300x117.png 300w, https:\/\/www.zoner.fi\/tuki\/wp-content\/uploads\/2025\/08\/jetbackup-2-768x299.png 768w\" sizes=\"auto, (max-width: 980px) 100vw, 980px\" \/><\/figure>\n","protected":false},"excerpt":{"rendered":"<p>Jos palvelun varmuuskopionnista ei ole sovittu erikseen kanssamme niin huomioithan ett\u00e4&nbsp;palvelun varmuuskopiointi on asiakkaan vastuulla. Muistathan siis ottaa palvelustasi s\u00e4\u00e4nn\u00f6llisin v\u00e4liajoin varmuuskopion. Varmuuskopiointi cPanelissa Varmuuskopion ottaminen onnistuu cPanelista kohdasta&nbsp;Tiedostot&nbsp;\u2192 Varmuuskopio T\u00e4ydellisen varmuuskopion luominen T\u00e4ydellisen varmuuskopio on&nbsp;arkisto kaikista verkkosivustosi tiedostoista ja m\u00e4\u00e4rityksist\u00e4. Huomioithan ett\u00e4 t\u00e4m\u00e4 valinta&nbsp;luo varmuuskopion palvelimelle&nbsp;kotihakemistoosi, ei siis tallenna varmuuskopiota suoraan omalle koneellesi, vaan &#8230; <a title=\"Miten otan palvelustani varmuuskopion?\" class=\"read-more\" href=\"https:\/\/www.zoner.fi\/tuki\/webhotellit\/cpanel-wepardi\/palvelun-varmuuskopiointi\/\" aria-label=\"Lue lis\u00e4\u00e4 aiheesta Miten otan palvelustani varmuuskopion?\">Lue lis\u00e4\u00e4<\/a><\/p>\n","protected":false},"author":18,"featured_media":0,"parent":136943,"menu_order":0,"comment_status":"closed","ping_status":"closed","template":"","meta":{"_relevanssi_hide_post":"","_relevanssi_hide_content":"","_relevanssi_pin_for_all":"","_relevanssi_pin_keywords":"","_relevanssi_unpin_keywords":"","_relevanssi_related_keywords":"","_relevanssi_related_include_ids":"","_relevanssi_related_exclude_ids":"","_relevanssi_related_no_append":"","_relevanssi_related_not_related":"","_relevanssi_related_posts":"135737,130455,136211,131506,136147,132938","_relevanssi_noindex_reason":"","footnotes":""},"categories":[190],"tags":[158],"wf_page_folders":[],"class_list":{"0":"post-136780","1":"page","2":"type-page","3":"status-publish","5":"category-cpanel-wepardi","6":"tag-yleiset"},"_links":{"self":[{"href":"https:\/\/www.zoner.fi\/tuki\/wp-json\/wp\/v2\/pages\/136780","targetHints":{"allow":["GET"]}}],"collection":[{"href":"https:\/\/www.zoner.fi\/tuki\/wp-json\/wp\/v2\/pages"}],"about":[{"href":"https:\/\/www.zoner.fi\/tuki\/wp-json\/wp\/v2\/types\/page"}],"author":[{"embeddable":true,"href":"https:\/\/www.zoner.fi\/tuki\/wp-json\/wp\/v2\/users\/18"}],"replies":[{"embeddable":true,"href":"https:\/\/www.zoner.fi\/tuki\/wp-json\/wp\/v2\/comments?post=136780"}],"version-history":[{"count":4,"href":"https:\/\/www.zoner.fi\/tuki\/wp-json\/wp\/v2\/pages\/136780\/revisions"}],"predecessor-version":[{"id":138108,"href":"https:\/\/www.zoner.fi\/tuki\/wp-json\/wp\/v2\/pages\/136780\/revisions\/138108"}],"up":[{"embeddable":true,"href":"https:\/\/www.zoner.fi\/tuki\/wp-json\/wp\/v2\/pages\/136943"}],"wp:attachment":[{"href":"https:\/\/www.zoner.fi\/tuki\/wp-json\/wp\/v2\/media?parent=136780"}],"wp:term":[{"taxonomy":"category","embeddable":true,"href":"https:\/\/www.zoner.fi\/tuki\/wp-json\/wp\/v2\/categories?post=136780"},{"taxonomy":"post_tag","embeddable":true,"href":"https:\/\/www.zoner.fi\/tuki\/wp-json\/wp\/v2\/tags?post=136780"},{"taxonomy":"wf_page_folders","embeddable":true,"href":"https:\/\/www.zoner.fi\/tuki\/wp-json\/wp\/v2\/wf_page_folders?post=136780"}],"curies":[{"name":"wp","href":"https:\/\/api.w.org\/{rel}","templated":true}]}}