{"id":136785,"date":"2025-08-21T14:41:33","date_gmt":"2025-08-21T11:41:33","guid":{"rendered":"https:\/\/www.zoner.fi\/tuki\/?page_id=136785"},"modified":"2025-11-12T15:57:02","modified_gmt":"2025-11-12T13:57:02","slug":"tiedostojen-muokkaus","status":"publish","type":"page","link":"https:\/\/www.zoner.fi\/tuki\/webhotellit\/cpanel-wepardi\/tiedostojen-muokkaus\/","title":{"rendered":"Miten p\u00e4\u00e4sen tarkastelemaan palvelimella olevia tiedostoja ja tekem\u00e4\u00e4n niihin muokkauksia?"},"content":{"rendered":"\n<p><strong>Tiedostojen lis\u00e4\u00e4minen palvelimelle, niiden poistaminen ja muokkaaminen<\/strong>&nbsp;onnistuu cPanelista l\u00f6ytyv\u00e4n&nbsp;<strong>Tiedostonhallinta-ty\u00f6kalun avulla<\/strong>.<\/p>\n\n\n\n<ol class=\"wp-block-list\">\n<li>Kirjaudu cPaneliin Zoner Homen kautta. <strong>Ohje<\/strong>: <a href=\"https:\/\/www.zoner.fi\/tuki\/webhotellit\/cpanel-webhotelli-fi\/cpanel-palvelunhallintaan-siirtyminen\/\">cPanel-palvelunhallintaan siirtyminen<\/a><\/li>\n\n\n\n<li>Tiedostonhallinta-ty\u00f6kalu l\u00f6ytyy cPanelista kohdasta&nbsp;<strong>Tiedostot&nbsp;\u2192 Tiedostonhallinta<\/strong>.<\/li>\n\n\n\n<li>Kaikki netiss\u00e4 n\u00e4kyv\u00e4t tiedostot tulisi l\u00f6yty\u00e4 hakemistosta nimelt\u00e4&nbsp;<strong>public_html<\/strong><\/li>\n<\/ol>\n","protected":false},"excerpt":{"rendered":"<p>Tiedostojen lis\u00e4\u00e4minen palvelimelle, niiden poistaminen ja muokkaaminen&nbsp;onnistuu cPanelista l\u00f6ytyv\u00e4n&nbsp;Tiedostonhallinta-ty\u00f6kalun avulla.<\/p>\n","protected":false},"author":18,"featured_media":0,"parent":136943,"menu_order":0,"comment_status":"closed","ping_status":"closed","template":"","meta":{"_relevanssi_hide_post":"","_relevanssi_hide_content":"","_relevanssi_pin_for_all":"","_relevanssi_pin_keywords":"","_relevanssi_unpin_keywords":"","_relevanssi_related_keywords":"","_relevanssi_related_include_ids":"","_relevanssi_related_exclude_ids":"","_relevanssi_related_no_append":"","_relevanssi_related_not_related":"","_relevanssi_related_posts":"135737,130455,136211,131506,136147,132938","_relevanssi_noindex_reason":"","footnotes":""},"categories":[190],"tags":[158],"wf_page_folders":[],"class_list":{"0":"post-136785","1":"page","2":"type-page","3":"status-publish","5":"category-cpanel-wepardi","6":"tag-yleiset"},"_links":{"self":[{"href":"https:\/\/www.zoner.fi\/tuki\/wp-json\/wp\/v2\/pages\/136785","targetHints":{"allow":["GET"]}}],"collection":[{"href":"https:\/\/www.zoner.fi\/tuki\/wp-json\/wp\/v2\/pages"}],"about":[{"href":"https:\/\/www.zoner.fi\/tuki\/wp-json\/wp\/v2\/types\/page"}],"author":[{"embeddable":true,"href":"https:\/\/www.zoner.fi\/tuki\/wp-json\/wp\/v2\/users\/18"}],"replies":[{"embeddable":true,"href":"https:\/\/www.zoner.fi\/tuki\/wp-json\/wp\/v2\/comments?post=136785"}],"version-history":[{"count":3,"href":"https:\/\/www.zoner.fi\/tuki\/wp-json\/wp\/v2\/pages\/136785\/revisions"}],"predecessor-version":[{"id":138110,"href":"https:\/\/www.zoner.fi\/tuki\/wp-json\/wp\/v2\/pages\/136785\/revisions\/138110"}],"up":[{"embeddable":true,"href":"https:\/\/www.zoner.fi\/tuki\/wp-json\/wp\/v2\/pages\/136943"}],"wp:attachment":[{"href":"https:\/\/www.zoner.fi\/tuki\/wp-json\/wp\/v2\/media?parent=136785"}],"wp:term":[{"taxonomy":"category","embeddable":true,"href":"https:\/\/www.zoner.fi\/tuki\/wp-json\/wp\/v2\/categories?post=136785"},{"taxonomy":"post_tag","embeddable":true,"href":"https:\/\/www.zoner.fi\/tuki\/wp-json\/wp\/v2\/tags?post=136785"},{"taxonomy":"wf_page_folders","embeddable":true,"href":"https:\/\/www.zoner.fi\/tuki\/wp-json\/wp\/v2\/wf_page_folders?post=136785"}],"curies":[{"name":"wp","href":"https:\/\/api.w.org\/{rel}","templated":true}]}}