{"id":136805,"date":"2025-08-20T12:20:32","date_gmt":"2025-08-20T09:20:32","guid":{"rendered":"https:\/\/www.zoner.fi\/tuki\/?page_id=136805"},"modified":"2025-09-17T11:05:48","modified_gmt":"2025-09-17T08:05:48","slug":"hosts-tiedosto","status":"publish","type":"page","link":"https:\/\/www.zoner.fi\/tuki\/webhotellit\/cpanel-wepardi\/hosts-tiedosto\/","title":{"rendered":"hosts -tiedoston muuttaminen"},"content":{"rendered":"\n<p>Jos haluat testata sivuston toimivuuden uudella palvelimella ennen kuin domainisi on ohjattu sinne, voit tehd\u00e4 muutoksen oman tietokoneesi hosts -tiedostoon.<\/p>\n\n\n\n<p>Tarkistathan oikean IP-osoitteen asiakaspalvelustamme!<\/p>\n\n\n\n<h2 class=\"wp-block-heading\" id=\"hosts-tiedostonmuuttaminen-MacOSX\">Mac OS X<\/h2>\n\n\n\n<p>Avaa Finder -ikkuna<br>Valitse Ohjelmat -&gt; Lis\u00e4ohjelmat ja k\u00e4ynnist\u00e4 &#8221;P\u00e4\u00e4te&#8221;<br>Kirjoita komento sudo nano \/etc\/hosts<br>J\u00e4rjestelm\u00e4 kysyy salasanasi, kirjoita se ja paina Enteri\u00e4<br>Lis\u00e4\u00e4 tiedoston loppuun seuraava rivi:<\/p>\n\n\n\n<pre class=\"wp-block-preformatted\">[ip-osoite] omadomain.com www.omadomain.com<\/pre>\n\n\n\n<p>Paina Ctrl + O ja sen j\u00e4lkeen Enter. T\u00e4m\u00e4 tallentaa tiedoston<br>Poistu painamalla Ctrl + X<br>Avaa selain uudelleen. Nyt omadomain.com&nbsp;ohjautuu IP-osoitteeseen&nbsp;192.130.146.157<\/p>\n\n\n\n<h2 class=\"wp-block-heading\" id=\"hosts-tiedostonmuuttaminen-Windows8jaWindows10\">Windows 8 ja Windows 10<\/h2>\n\n\n\n<p>1. Paina Windows n\u00e4pp\u00e4int\u00e4<br>2. Kirjoita notepad hakukentt\u00e4\u00e4n<br>3. Hiiren oikeanpuolemmaisella suorita Notepad j\u00e4rjestelm\u00e4nvalvojana<br>4. Avaa Notepadissa c:\\Windows\\System32\\Drivers\\etc\\hosts<br>5.&nbsp;Kirjoita IP-osoite ja sen per\u00e4\u00e4n domain sek\u00e4 www-alkuisena ett\u00e4 ilman, samalle riville.<br>6. Valitse tiedosto ja tallenna.<\/p>\n\n\n\n<h2 class=\"wp-block-heading\" id=\"hosts-tiedostonmuuttaminen-Windows7andWindowsVista\">Windows 7 and Windows Vista<\/h2>\n\n\n\n<p>1. Valitse Start -&gt; kirjoita Notepad hakukentt\u00e4\u00e4n, hiiren oikeanpuolemmaisella suorita Notepad j\u00e4rjestelm\u00e4nvalvojana<br>3. Valitse Jatka windows tarvitsee lupasi.<br>5. Avaa Notepadissa c:\\Windows\\System32\\Drivers\\etc\\hosts<br>6. Kirjoita IP-osoite ja sen per\u00e4\u00e4n domain sek\u00e4 www-alkuisena ett\u00e4 ilman, samalle riville.<br>7. Valitse tiedosto ja tallenna.<\/p>\n\n\n\n<h2 class=\"wp-block-heading\" id=\"hosts-tiedostonmuuttaminen-WindowsNT\/2000\/XP\">Windows NT\/2000\/XP<\/h2>\n\n\n\n<p>1. Valitse Start -&gt; Kaikki ohjelmat -&gt; Lis\u00e4osat -&gt; Notepad<br>2. Avaa Notepadissa c:\\Windows\\System32\\Drivers\\etc\\hosts<br>3. Lis\u00e4\u00e4 IP-osoite 192.130.146.157&nbsp;ja domain \u2192&nbsp;omadomain.com<br>4. Valitse tiedosto ja tallenna.<\/p>\n","protected":false},"excerpt":{"rendered":"<p>Jos haluat testata sivuston toimivuuden uudella palvelimella ennen kuin domainisi on ohjattu sinne, voit tehd\u00e4 muutoksen oman tietokoneesi hosts -tiedostoon. Tarkistathan oikean IP-osoitteen asiakaspalvelustamme! Mac OS X Avaa Finder -ikkunaValitse Ohjelmat -&gt; Lis\u00e4ohjelmat ja k\u00e4ynnist\u00e4 &#8221;P\u00e4\u00e4te&#8221;Kirjoita komento sudo nano \/etc\/hostsJ\u00e4rjestelm\u00e4 kysyy salasanasi, kirjoita se ja paina Enteri\u00e4Lis\u00e4\u00e4 tiedoston loppuun seuraava rivi: [ip-osoite] omadomain.com www.omadomain.com Paina &#8230; <a title=\"hosts -tiedoston muuttaminen\" class=\"read-more\" href=\"https:\/\/www.zoner.fi\/tuki\/webhotellit\/cpanel-wepardi\/hosts-tiedosto\/\" aria-label=\"Lue lis\u00e4\u00e4 aiheesta hosts -tiedoston muuttaminen\">Lue lis\u00e4\u00e4<\/a><\/p>\n","protected":false},"author":18,"featured_media":0,"parent":136943,"menu_order":0,"comment_status":"closed","ping_status":"closed","template":"","meta":{"_relevanssi_hide_post":"","_relevanssi_hide_content":"","_relevanssi_pin_for_all":"","_relevanssi_pin_keywords":"","_relevanssi_unpin_keywords":"","_relevanssi_related_keywords":"","_relevanssi_related_include_ids":"","_relevanssi_related_exclude_ids":"","_relevanssi_related_no_append":"","_relevanssi_related_not_related":"","_relevanssi_related_posts":"135737,130455,136211,131506,136147,132938","_relevanssi_noindex_reason":"","footnotes":""},"categories":[190,212],"tags":[96,158],"wf_page_folders":[],"class_list":{"0":"post-136805","1":"page","2":"type-page","3":"status-publish","5":"category-cpanel-wepardi","6":"category-cpanel-wepardi-verkkotunnus","7":"tag-domainhallinta","8":"tag-yleiset"},"_links":{"self":[{"href":"https:\/\/www.zoner.fi\/tuki\/wp-json\/wp\/v2\/pages\/136805","targetHints":{"allow":["GET"]}}],"collection":[{"href":"https:\/\/www.zoner.fi\/tuki\/wp-json\/wp\/v2\/pages"}],"about":[{"href":"https:\/\/www.zoner.fi\/tuki\/wp-json\/wp\/v2\/types\/page"}],"author":[{"embeddable":true,"href":"https:\/\/www.zoner.fi\/tuki\/wp-json\/wp\/v2\/users\/18"}],"replies":[{"embeddable":true,"href":"https:\/\/www.zoner.fi\/tuki\/wp-json\/wp\/v2\/comments?post=136805"}],"version-history":[{"count":2,"href":"https:\/\/www.zoner.fi\/tuki\/wp-json\/wp\/v2\/pages\/136805\/revisions"}],"predecessor-version":[{"id":136953,"href":"https:\/\/www.zoner.fi\/tuki\/wp-json\/wp\/v2\/pages\/136805\/revisions\/136953"}],"up":[{"embeddable":true,"href":"https:\/\/www.zoner.fi\/tuki\/wp-json\/wp\/v2\/pages\/136943"}],"wp:attachment":[{"href":"https:\/\/www.zoner.fi\/tuki\/wp-json\/wp\/v2\/media?parent=136805"}],"wp:term":[{"taxonomy":"category","embeddable":true,"href":"https:\/\/www.zoner.fi\/tuki\/wp-json\/wp\/v2\/categories?post=136805"},{"taxonomy":"post_tag","embeddable":true,"href":"https:\/\/www.zoner.fi\/tuki\/wp-json\/wp\/v2\/tags?post=136805"},{"taxonomy":"wf_page_folders","embeddable":true,"href":"https:\/\/www.zoner.fi\/tuki\/wp-json\/wp\/v2\/wf_page_folders?post=136805"}],"curies":[{"name":"wp","href":"https:\/\/api.w.org\/{rel}","templated":true}]}}