{"id":136900,"date":"2025-08-20T15:43:40","date_gmt":"2025-08-20T12:43:40","guid":{"rendered":"https:\/\/www.zoner.fi\/tuki\/?page_id=136900"},"modified":"2025-09-17T11:03:46","modified_gmt":"2025-09-17T08:03:46","slug":"palveluun-sisaltyva-ssl-sertifikaatti","status":"publish","type":"page","link":"https:\/\/www.zoner.fi\/tuki\/webhotellit\/cpanel-wepardi\/palveluun-sisaltyva-ssl-sertifikaatti\/","title":{"rendered":"Palveluun sis\u00e4ltyv\u00e4 SSL-sertifikaatti"},"content":{"rendered":"\n<p id=\"Ohjes\u00e4hk\u00f6postinotsaketietojenn\u00e4ytt\u00e4miseksi-Outlook\">Kaikkiin webhotellipalveluihin sis\u00e4ltyy ilmainen SSL-sertifikaatti. Palvelin asentaa SSL-sertifikaatin automaattisesti domainillesi ja my\u00f6s mahdollisille alidomainille.<\/p>\n\n\n\n<p>Sivuston k\u00e4vij\u00e4lle SSL-suojatun yhteyden k\u00e4ytt\u00f6 ilmenee selaimen osoiterivill\u00e4 n\u00e4kyv\u00e4st\u00e4 lukon kuvasta ja sivuston https -alkuisesta osoitteesta.<\/p>\n\n\n\n<h3 class=\"wp-block-heading\" id=\"K\u00e4ytt\u00f6\u00f6notto\">K\u00e4ytt\u00f6\u00f6notto<\/h3>\n\n\n\n<p>Voit pakottaa https-alkuisen osoitteen k\u00e4ytt\u00f6\u00f6n cPanel-hallinnan kohdasta &#8221;Toimialueet&#8221;<\/p>\n\n\n\n<p>Varmista ett\u00e4 kohta&nbsp;&#8221;Force HTTPS Redirect&#8221; on aktiivinen&#8221;.<\/p>\n\n\n\n<h3 class=\"wp-block-heading\" id=\"Toimenpiteet-sivuston-osalta\">Toimenpiteet sivuston osalta<\/h3>\n\n\n\n<p>Huom! Kotisivujen yll\u00e4pit\u00e4j\u00e4n tulee lis\u00e4ksi varmistaa, ett\u00e4 sivusto toimii oikein https-yhteytt\u00e4 k\u00e4ytt\u00e4ess\u00e4. Tarvittavat toimenpiteet riippuvat mm. k\u00e4yt\u00f6ss\u00e4 olevasta julkaisuj\u00e4rjestelm\u00e4st\u00e4.<\/p>\n\n\n\n<p>Useimmissa julkaisuj\u00e4rjestelmiss\u00e4 ja verkkokauppaohjelmistoissa on sis\u00e4\u00e4nrakennettuja toimintoja SSL-salauksen k\u00e4ytt\u00f6\u00f6notolle.<\/p>\n\n\n\n<p id=\"Ohjes\u00e4hk\u00f6postinotsaketietojenn\u00e4ytt\u00e4miseksi-Outlook\">Lis\u00e4ksi on suositeltavaa my\u00f6s tehd\u00e4 k\u00e4vij\u00e4liikenteen ohjaus siten, ett\u00e4 kaikki http:\/\/ -alkuisella osoitteella sivustolle tulevat ohjataan automaattisesti k\u00e4ytt\u00e4m\u00e4\u00e4n https:\/\/ -alkuista osoitetta. Voit pyyt\u00e4\u00e4 sivuston yll\u00e4pit\u00e4j\u00e4\u00e4 tekem\u00e4\u00e4n tarvittavat muutokset.<\/p>\n","protected":false},"excerpt":{"rendered":"<p>Kaikkiin webhotellipalveluihin sis\u00e4ltyy ilmainen SSL-sertifikaatti. Palvelin asentaa SSL-sertifikaatin automaattisesti domainillesi ja my\u00f6s mahdollisille alidomainille. Sivuston k\u00e4vij\u00e4lle SSL-suojatun yhteyden k\u00e4ytt\u00f6 ilmenee selaimen osoiterivill\u00e4 n\u00e4kyv\u00e4st\u00e4 lukon kuvasta ja sivuston https -alkuisesta osoitteesta. K\u00e4ytt\u00f6\u00f6notto Voit pakottaa https-alkuisen osoitteen k\u00e4ytt\u00f6\u00f6n cPanel-hallinnan kohdasta &#8221;Toimialueet&#8221; Varmista ett\u00e4 kohta&nbsp;&#8221;Force HTTPS Redirect&#8221; on aktiivinen&#8221;. Toimenpiteet sivuston osalta Huom! Kotisivujen yll\u00e4pit\u00e4j\u00e4n tulee lis\u00e4ksi varmistaa, &#8230; <a title=\"Palveluun sis\u00e4ltyv\u00e4 SSL-sertifikaatti\" class=\"read-more\" href=\"https:\/\/www.zoner.fi\/tuki\/webhotellit\/cpanel-wepardi\/palveluun-sisaltyva-ssl-sertifikaatti\/\" aria-label=\"Lue lis\u00e4\u00e4 aiheesta Palveluun sis\u00e4ltyv\u00e4 SSL-sertifikaatti\">Lue lis\u00e4\u00e4<\/a><\/p>\n","protected":false},"author":18,"featured_media":0,"parent":136943,"menu_order":0,"comment_status":"closed","ping_status":"closed","template":"","meta":{"_relevanssi_hide_post":"","_relevanssi_hide_content":"","_relevanssi_pin_for_all":"","_relevanssi_pin_keywords":"","_relevanssi_unpin_keywords":"","_relevanssi_related_keywords":"","_relevanssi_related_include_ids":"","_relevanssi_related_exclude_ids":"","_relevanssi_related_no_append":"","_relevanssi_related_not_related":"","_relevanssi_related_posts":"135737,130455,136211,131506,136147,132938","_relevanssi_noindex_reason":"","footnotes":""},"categories":[190,212],"tags":[96,158],"wf_page_folders":[],"class_list":{"0":"post-136900","1":"page","2":"type-page","3":"status-publish","5":"category-cpanel-wepardi","6":"category-cpanel-wepardi-verkkotunnus","7":"tag-domainhallinta","8":"tag-yleiset"},"_links":{"self":[{"href":"https:\/\/www.zoner.fi\/tuki\/wp-json\/wp\/v2\/pages\/136900","targetHints":{"allow":["GET"]}}],"collection":[{"href":"https:\/\/www.zoner.fi\/tuki\/wp-json\/wp\/v2\/pages"}],"about":[{"href":"https:\/\/www.zoner.fi\/tuki\/wp-json\/wp\/v2\/types\/page"}],"author":[{"embeddable":true,"href":"https:\/\/www.zoner.fi\/tuki\/wp-json\/wp\/v2\/users\/18"}],"replies":[{"embeddable":true,"href":"https:\/\/www.zoner.fi\/tuki\/wp-json\/wp\/v2\/comments?post=136900"}],"version-history":[{"count":2,"href":"https:\/\/www.zoner.fi\/tuki\/wp-json\/wp\/v2\/pages\/136900\/revisions"}],"predecessor-version":[{"id":137015,"href":"https:\/\/www.zoner.fi\/tuki\/wp-json\/wp\/v2\/pages\/136900\/revisions\/137015"}],"up":[{"embeddable":true,"href":"https:\/\/www.zoner.fi\/tuki\/wp-json\/wp\/v2\/pages\/136943"}],"wp:attachment":[{"href":"https:\/\/www.zoner.fi\/tuki\/wp-json\/wp\/v2\/media?parent=136900"}],"wp:term":[{"taxonomy":"category","embeddable":true,"href":"https:\/\/www.zoner.fi\/tuki\/wp-json\/wp\/v2\/categories?post=136900"},{"taxonomy":"post_tag","embeddable":true,"href":"https:\/\/www.zoner.fi\/tuki\/wp-json\/wp\/v2\/tags?post=136900"},{"taxonomy":"wf_page_folders","embeddable":true,"href":"https:\/\/www.zoner.fi\/tuki\/wp-json\/wp\/v2\/wf_page_folders?post=136900"}],"curies":[{"name":"wp","href":"https:\/\/api.w.org\/{rel}","templated":true}]}}