{"id":136931,"date":"2025-08-20T16:11:50","date_gmt":"2025-08-20T13:11:50","guid":{"rendered":"https:\/\/www.zoner.fi\/tuki\/?page_id=136931"},"modified":"2025-08-21T13:33:26","modified_gmt":"2025-08-21T10:33:26","slug":"wordpress-varmuuskopiointi","status":"publish","type":"page","link":"https:\/\/www.zoner.fi\/tuki\/webhotellit\/cpanel-wepardi\/wordpress-varmuuskopiointi\/","title":{"rendered":"WordPressin varmuuskopiointi"},"content":{"rendered":"\n<p>WordPress -sivusto kannattaa varmuuskopioida s\u00e4\u00e4nn\u00f6llisesti omalle tietokoneelle. Vanhoja versioita kannattaa my\u00f6s s\u00e4ilytt\u00e4\u00e4 pitemp\u00e4\u00e4nkin, jotta vanhoihin versioihin voidaan tarvittaessa palata mik\u00e4li sivuston kanssa esiintyy ongelmia.<\/p>\n\n\n\n<p>Voit ladata WordPressin tiedostot ja tietokannan helposti cPanel -hallinnan &#8221;Varmuuskopio&#8221; -toiminnolla.<\/p>\n\n\n\n<p>Kohdasta &#8221;Osittaiset varmuuskopiot&#8221; voit ladata kaikki kotihakemiston tiedostot ja WordPressin tietokannan.<\/p>\n","protected":false},"excerpt":{"rendered":"<p>WordPress -sivusto kannattaa varmuuskopioida s\u00e4\u00e4nn\u00f6llisesti omalle tietokoneelle. Vanhoja versioita kannattaa my\u00f6s s\u00e4ilytt\u00e4\u00e4 pitemp\u00e4\u00e4nkin, jotta vanhoihin versioihin voidaan tarvittaessa palata mik\u00e4li sivuston kanssa esiintyy ongelmia. Voit ladata WordPressin tiedostot ja tietokannan helposti cPanel -hallinnan &#8221;Varmuuskopio&#8221; -toiminnolla. Kohdasta &#8221;Osittaiset varmuuskopiot&#8221; voit ladata kaikki kotihakemiston tiedostot ja WordPressin tietokannan.<\/p>\n","protected":false},"author":18,"featured_media":0,"parent":136943,"menu_order":0,"comment_status":"closed","ping_status":"closed","template":"","meta":{"_relevanssi_hide_post":"","_relevanssi_hide_content":"","_relevanssi_pin_for_all":"","_relevanssi_pin_keywords":"","_relevanssi_unpin_keywords":"","_relevanssi_related_keywords":"","_relevanssi_related_include_ids":"","_relevanssi_related_exclude_ids":"","_relevanssi_related_no_append":"","_relevanssi_related_not_related":"","_relevanssi_related_posts":"135737,130455,136211,131506,136147,132938","_relevanssi_noindex_reason":"","footnotes":""},"categories":[190],"tags":[95],"wf_page_folders":[],"class_list":{"0":"post-136931","1":"page","2":"type-page","3":"status-publish","5":"category-cpanel-wepardi","6":"tag-ohjelmistot"},"_links":{"self":[{"href":"https:\/\/www.zoner.fi\/tuki\/wp-json\/wp\/v2\/pages\/136931","targetHints":{"allow":["GET"]}}],"collection":[{"href":"https:\/\/www.zoner.fi\/tuki\/wp-json\/wp\/v2\/pages"}],"about":[{"href":"https:\/\/www.zoner.fi\/tuki\/wp-json\/wp\/v2\/types\/page"}],"author":[{"embeddable":true,"href":"https:\/\/www.zoner.fi\/tuki\/wp-json\/wp\/v2\/users\/18"}],"replies":[{"embeddable":true,"href":"https:\/\/www.zoner.fi\/tuki\/wp-json\/wp\/v2\/comments?post=136931"}],"version-history":[{"count":2,"href":"https:\/\/www.zoner.fi\/tuki\/wp-json\/wp\/v2\/pages\/136931\/revisions"}],"predecessor-version":[{"id":137027,"href":"https:\/\/www.zoner.fi\/tuki\/wp-json\/wp\/v2\/pages\/136931\/revisions\/137027"}],"up":[{"embeddable":true,"href":"https:\/\/www.zoner.fi\/tuki\/wp-json\/wp\/v2\/pages\/136943"}],"wp:attachment":[{"href":"https:\/\/www.zoner.fi\/tuki\/wp-json\/wp\/v2\/media?parent=136931"}],"wp:term":[{"taxonomy":"category","embeddable":true,"href":"https:\/\/www.zoner.fi\/tuki\/wp-json\/wp\/v2\/categories?post=136931"},{"taxonomy":"post_tag","embeddable":true,"href":"https:\/\/www.zoner.fi\/tuki\/wp-json\/wp\/v2\/tags?post=136931"},{"taxonomy":"wf_page_folders","embeddable":true,"href":"https:\/\/www.zoner.fi\/tuki\/wp-json\/wp\/v2\/wf_page_folders?post=136931"}],"curies":[{"name":"wp","href":"https:\/\/api.w.org\/{rel}","templated":true}]}}