{"id":137259,"date":"2025-09-10T15:55:33","date_gmt":"2025-09-10T12:55:33","guid":{"rendered":"https:\/\/www.zoner.fi\/tuki\/?page_id=137259"},"modified":"2025-09-17T15:39:08","modified_gmt":"2025-09-17T12:39:08","slug":"catch-all-osoite","status":"publish","type":"page","link":"https:\/\/www.zoner.fi\/tuki\/sahkopostiohjeet\/directadmin\/catch-all-osoite\/","title":{"rendered":"Miten luon catch-all-osoitteen webhotellissa?"},"content":{"rendered":"\n<p>Catch-all-toiminnon avulla voit m\u00e4\u00e4ritt\u00e4\u00e4, mit\u00e4 tapahtuu niille s\u00e4hk\u00f6postiviesteille, joiden osoite ei aivan t\u00e4sm\u00e4\u00e4 asettamiesi s\u00e4hk\u00f6postitilien kanssa.<\/p>\n\n\n\n<p>Catch-all osoitteen avulla voit saada verkkotunnukseesi l\u00e4hetetyn viestin, vaikka osoitteessa olisi kirjoitusvirheit\u00e4. L\u00e4hett\u00e4j\u00e4 on esimerkiksi voinut vahingossa kirjoittaa osoitteeksi\u00a0<em>\u201dmtti@domain.com\u201d<\/em>, kun tarkoitus on ollut kirjoittaa\u00a0<em>\u201dmatti@domain.com\u201d.<\/em><\/p>\n\n\n\n<p>Valitettavasti virheellisen osoitteen takana voi my\u00f6s olla spambotin yritys l\u00f6yt\u00e4\u00e4 jonkinlainen toimiva osoite kokeilemalla kaikkia nettisivustoltasi l\u00f6ytyvi\u00e4 sanoja yhdistettyn\u00e4 verkkotunnukseesi. Suurin osa catch-all-osoitteen vastaanottamasta s\u00e4hk\u00f6postista onkin roskapostia.<\/p>\n\n\n\n<p>Jos p\u00e4\u00e4t\u00e4t k\u00e4ytt\u00e4\u00e4 catch-all-toimintoa, suosittelemme, ett\u00e4 luot omalla verkkotunnuksellasi erillisen tilin sit\u00e4 varten, ja tarkistat v\u00e4lill\u00e4, oletko saanut sinne t\u00e4rkeit\u00e4 s\u00e4hk\u00f6postiviestej\u00e4.<\/p>\n\n\n\n<h3 class=\"wp-block-heading\">Catch-all osoitteen luominen DirectAdminissa<\/h3>\n\n\n\n<p>1. Valitse <strong>Edistyneet toiminnot<\/strong> \u2192 <strong>Kaikkien s\u00e4hk\u00f6postien sieppaus<\/strong><\/p>\n\n\n\n<figure class=\"wp-block-image size-full\"><img loading=\"lazy\" decoding=\"async\" width=\"500\" height=\"267\" src=\"https:\/\/www.zoner.fi\/tuki\/wp-content\/uploads\/2022\/08\/sahkoposti-kaikkien-sahkopostien-sieppaus-paavalikko.jpg\" alt=\"Kuvakaappaus DirectAdminista\" class=\"wp-image-130259\" srcset=\"https:\/\/www.zoner.fi\/tuki\/wp-content\/uploads\/2022\/08\/sahkoposti-kaikkien-sahkopostien-sieppaus-paavalikko.jpg 500w, https:\/\/www.zoner.fi\/tuki\/wp-content\/uploads\/2022\/08\/sahkoposti-kaikkien-sahkopostien-sieppaus-paavalikko-300x160.jpg 300w\" sizes=\"auto, (max-width: 500px) 100vw, 500px\" \/><\/figure>\n\n\n\n<p>2. M\u00e4\u00e4rittele, mit\u00e4 virheellisen osoitteen omaavalle s\u00e4hk\u00f6postiviestille tapahtuu. Tallenna muutokset klikkaamalla <strong>Tallenna<\/strong>.<\/p>\n\n\n\n<figure class=\"wp-block-image size-full\"><img loading=\"lazy\" decoding=\"async\" width=\"900\" height=\"276\" src=\"https:\/\/www.zoner.fi\/tuki\/wp-content\/uploads\/2022\/08\/sahkoposti-kaikkien-sahkopostien-sieppaus.jpg\" alt=\"Kuvakaappaus DirectAdminista\" class=\"wp-image-130257\" srcset=\"https:\/\/www.zoner.fi\/tuki\/wp-content\/uploads\/2022\/08\/sahkoposti-kaikkien-sahkopostien-sieppaus.jpg 900w, https:\/\/www.zoner.fi\/tuki\/wp-content\/uploads\/2022\/08\/sahkoposti-kaikkien-sahkopostien-sieppaus-300x92.jpg 300w, https:\/\/www.zoner.fi\/tuki\/wp-content\/uploads\/2022\/08\/sahkoposti-kaikkien-sahkopostien-sieppaus-768x236.jpg 768w\" sizes=\"auto, (max-width: 900px) 100vw, 900px\" \/><\/figure>\n\n\n\n<p><\/p>\n","protected":false},"excerpt":{"rendered":"<p>T\u00e4ss\u00e4 ohjeessa k\u00e4yd\u00e4\u00e4n l\u00e4pi, miten luot s\u00e4hk\u00f6postitilin webhotelliin. <\/p>\n","protected":false},"author":18,"featured_media":0,"parent":137084,"menu_order":0,"comment_status":"closed","ping_status":"closed","template":"","meta":{"_relevanssi_hide_post":"","_relevanssi_hide_content":"","_relevanssi_pin_for_all":"","_relevanssi_pin_keywords":"","_relevanssi_unpin_keywords":"","_relevanssi_related_keywords":"","_relevanssi_related_include_ids":"","_relevanssi_related_exclude_ids":"","_relevanssi_related_no_append":"","_relevanssi_related_not_related":"","_relevanssi_related_posts":"1063,1076,1066","_relevanssi_noindex_reason":"","footnotes":""},"categories":[192,193],"tags":[199,214],"wf_page_folders":[],"class_list":{"0":"post-137259","1":"page","2":"type-page","3":"status-publish","5":"category-directadmin","6":"category-directadmin-sahkoposti","7":"tag-sahkoposti","8":"tag-sahkopostin-hallinta"},"_links":{"self":[{"href":"https:\/\/www.zoner.fi\/tuki\/wp-json\/wp\/v2\/pages\/137259","targetHints":{"allow":["GET"]}}],"collection":[{"href":"https:\/\/www.zoner.fi\/tuki\/wp-json\/wp\/v2\/pages"}],"about":[{"href":"https:\/\/www.zoner.fi\/tuki\/wp-json\/wp\/v2\/types\/page"}],"author":[{"embeddable":true,"href":"https:\/\/www.zoner.fi\/tuki\/wp-json\/wp\/v2\/users\/18"}],"replies":[{"embeddable":true,"href":"https:\/\/www.zoner.fi\/tuki\/wp-json\/wp\/v2\/comments?post=137259"}],"version-history":[{"count":2,"href":"https:\/\/www.zoner.fi\/tuki\/wp-json\/wp\/v2\/pages\/137259\/revisions"}],"predecessor-version":[{"id":137262,"href":"https:\/\/www.zoner.fi\/tuki\/wp-json\/wp\/v2\/pages\/137259\/revisions\/137262"}],"up":[{"embeddable":true,"href":"https:\/\/www.zoner.fi\/tuki\/wp-json\/wp\/v2\/pages\/137084"}],"wp:attachment":[{"href":"https:\/\/www.zoner.fi\/tuki\/wp-json\/wp\/v2\/media?parent=137259"}],"wp:term":[{"taxonomy":"category","embeddable":true,"href":"https:\/\/www.zoner.fi\/tuki\/wp-json\/wp\/v2\/categories?post=137259"},{"taxonomy":"post_tag","embeddable":true,"href":"https:\/\/www.zoner.fi\/tuki\/wp-json\/wp\/v2\/tags?post=137259"},{"taxonomy":"wf_page_folders","embeddable":true,"href":"https:\/\/www.zoner.fi\/tuki\/wp-json\/wp\/v2\/wf_page_folders?post=137259"}],"curies":[{"name":"wp","href":"https:\/\/api.w.org\/{rel}","templated":true}]}}