{"id":137454,"date":"2025-09-17T14:24:47","date_gmt":"2025-09-17T11:24:47","guid":{"rendered":"https:\/\/www.zoner.fi\/tuki\/?page_id=137454"},"modified":"2025-11-13T10:44:04","modified_gmt":"2025-11-13T08:44:04","slug":"uudelleenohjaus","status":"publish","type":"page","link":"https:\/\/www.zoner.fi\/tuki\/webhotellit\/zoner-home\/uudelleenohjaus\/","title":{"rendered":"Miten luon uudelleenohjauksen webhotellissa?"},"content":{"rendered":"\n<p>Voit tarvittaessa asettaa koko hallitsemasi verkkotunnuksen tai yksitt\u00e4isen alasivun liikenteen ohjautumaan toiselle sivulle tai sivustoille uudelleenohjauksen avulla. Uudelleenohjaus on aina hyv\u00e4 luoda, kun poistat jo julkaistun sivun verkosta tai kyseisen sivun URL muuttuu.<\/p>\n\n\n\n<p><a href=\"https:\/\/www.zoner.fi\/webhotellit\/\">Webhotellit<\/a> mahdollistavat yksitt\u00e4isten URL-osoitteiden uudelleenohjauksen tekemisen ja sen k\u00e4ymme t\u00e4ss\u00e4 ohjeessa vaihe vaiheelta l\u00e4pi.<\/p>\n\n\n\n<h2 class=\"wp-block-heading\">Miksi uudelleenohjaus on t\u00e4rke\u00e4\u00e4?<\/h2>\n\n\n\n<p>Uudelleenohjaus varmistaa, ett\u00e4 k\u00e4vij\u00e4t l\u00f6yt\u00e4v\u00e4t aina hakemansa sis\u00e4ll\u00f6n, vaikka sivuston osoitteet muuttuisivat, esimerkiksi sivustouudistuksen tai sis\u00e4lt\u00f6jen muokkauksien takia. N\u00e4in mahdollisesti vanhaa linkki\u00e4 seuraavien k\u00e4ytt\u00e4jien liikenne ohjautuu oikeaan paikkaan virheilmoitus -sivujen sijasta.<\/p>\n\n\n\n<p>Uudelleenohjaus on k\u00e4vij\u00e4liikenteen lis\u00e4ksi arvokasta my\u00f6s hakukonen\u00e4kyvyyden kannalta, sill\u00e4 se auttaa s\u00e4ilytt\u00e4m\u00e4\u00e4n sivun saavutetut hakukonesijoitukset, mik\u00e4li osoite jostain syyst\u00e4 vaihtuu.<\/p>\n\n\n\n<h2 class=\"wp-block-heading\">Uudelleenohjauksien erot<\/h2>\n\n\n\n<p>Vaikka kaikki uudelleenohjaukset n\u00e4ytt\u00e4v\u00e4t silm\u00e4m\u00e4\u00e4r\u00e4isesti toimivan samalla tavalla, sis\u00e4lt\u00e4v\u00e4t ne tarkoitusperilt\u00e4\u00e4n suuria eroavaisuuksia. V\u00e4\u00e4r\u00e4n uudelleenohjauksen valinnalla voi olla merkityst\u00e4 jopa sivujen hakukonen\u00e4kyvyyden kannalta.<\/p>\n\n\n\n<h3 class=\"wp-block-heading\">301 uudelleenohjaus &#8211; pysyv\u00e4<\/h3>\n\n\n\n<p>301 uudelleenohjausta k\u00e4ytet\u00e4\u00e4n l\u00e4ht\u00f6kohtaisesti silloin, kun sivustolta poistetaan jokin osoite pysyv\u00e4sti k\u00e4yt\u00f6st\u00e4 ja sinne kohdistuva liikenne halutaan ohjata johonkin toiseen osoitteeseen. T\u00e4h\u00e4n viittaa my\u00f6s sen virallinen status code 301 Moved Permanently.<\/p>\n\n\n\n<p>301 uudelleenohjausta k\u00e4ytet\u00e4\u00e4n my\u00f6s, mik\u00e4li liikenne ohjataan salaamattomalta (https:\/\/) osoitteelta salattuun (https:\/\/) osoitteeseen. N\u00e4m\u00e4 salauksesta aiheutuvat uudelleenohjaukset on kuitenkin mahdollista toteuttaa massana esimerkiksi .htaccess tiedoston kautta, eik\u00e4 niit\u00e4 n\u00e4in kannata luoda yksitellen.<\/p>\n\n\n\n<h3 class=\"wp-block-heading\">302 uudelleenohjaus &#8211; v\u00e4liaikainen<\/h3>\n\n\n\n<p>302, eli v\u00e4liaikainen uudelleenohjaus eroaa pysyv\u00e4st\u00e4 uudelleenohjauksesta periaatteeltaan. My\u00f6s se ohjaa k\u00e4vij\u00e4n m\u00e4\u00e4ritetylle uudelle osoitteelle, mutta se samalla informoi hakukoneita siit\u00e4, ettei muutoksen ole tarkoitus olla pysyv\u00e4.<\/p>\n\n\n\n<p>K\u00e4yt\u00e4nn\u00f6ss\u00e4 se tarkoittaa, ettei esimerkiksi Google pyri siirt\u00e4m\u00e4\u00e4n uudelleenohjattavan sivun hakukonen\u00e4kyvyytt\u00e4 uudelle sivulle, kuten pysyv\u00e4n uudelleenohjauksen yhteydess\u00e4 tapahtuisi.<\/p>\n\n\n\n<h3 class=\"wp-block-heading\">303 uudelleenohjaus &#8211; korvattu<\/h3>\n\n\n\n<p>303 uudelleenohjaus on alunperin tarkoitettu ilment\u00e4m\u00e4\u00e4n ohjausta, jossa alkuper\u00e4inen resurssi, eli sivu, on korvattu kokonaan toisenlaisella sis\u00e4ll\u00f6ll\u00e4.<\/p>\n\n\n\n<p>My\u00f6s 303 uudelleenohjausta tulkitaan Googlen toimesta eri tavalla, kuin 301:\u00e4 ja useimmat hakukoneoptimoijat suosittelevatkin k\u00e4ytt\u00e4m\u00e4\u00e4n sivujen uudelleenohjauksissa ensisijaisesti aina pysyv\u00e4\u00e4 301 uudelleenohjausta.<\/p>\n\n\n\n<h2 class=\"wp-block-heading\">Miten luon uudelleenohjauksen?<\/h2>\n\n\n\n<p>1. Kirjaudu Zoner Homeen osoitteessa <a href=\"https:\/\/home.zoner.fi\/\" target=\"_blank\" rel=\"noreferrer noopener\">https:\/\/home.zoner.fi<\/a><\/p>\n\n\n\n<p>2. Avaa Zoner Homessa <strong>Omat tuotteet<\/strong> -v\u00e4lilehti.<\/p>\n\n\n\n<p>3. Klikkaa Verkkosivustot-kohdassa sit\u00e4 webhotellia, jossa haluat luoda uudelleenohjauksen.<\/p>\n\n\n\n<p>4. Klikkaa vasemmassa valikossa kohtaa <strong>Verkkotunnukset<\/strong>. Klikkaa <strong>kolmea pistett\u00e4<\/strong> sen verkkotunnuksen vieress\u00e4, johon haluat luoda uudelleenohjausenja valitse avautuneesta valikosta <strong>Uudelleenohjaus<\/strong>.<\/p>\n\n\n\n<figure class=\"wp-block-image size-large\"><img loading=\"lazy\" decoding=\"async\" width=\"1024\" height=\"544\" src=\"https:\/\/www.zoner.fi\/tuki\/wp-content\/uploads\/2025\/03\/uudelleenohjaus-zoner-home-1-1024x544.png\" alt=\"\" class=\"wp-image-135655\" srcset=\"https:\/\/www.zoner.fi\/tuki\/wp-content\/uploads\/2025\/03\/uudelleenohjaus-zoner-home-1-1024x544.png 1024w, https:\/\/www.zoner.fi\/tuki\/wp-content\/uploads\/2025\/03\/uudelleenohjaus-zoner-home-1-300x159.png 300w, https:\/\/www.zoner.fi\/tuki\/wp-content\/uploads\/2025\/03\/uudelleenohjaus-zoner-home-1-768x408.png 768w, https:\/\/www.zoner.fi\/tuki\/wp-content\/uploads\/2025\/03\/uudelleenohjaus-zoner-home-1.png 1445w\" sizes=\"auto, (max-width: 1024px) 100vw, 1024px\" \/><\/figure>\n\n\n\n<p>5. Valitse oikean yl\u00e4kulman avattavasta valikosta vaihtoehto <strong>Ulkoinen<\/strong>. Kirjoita V\u00e4litysosoite-kentt\u00e4\u00e4n URL-osoite, johon haluat osoittaa uudelleenohjauksen. M\u00e4\u00e4rit\u00e4 uudelleenohjauksen tyyppi valitsemalla vaihtoehto kohdassa &#8221;Valitse uudelleenohjauksen tyyppi&#8221;.<\/p>\n\n\n\n<figure class=\"wp-block-image size-large is-resized\"><img loading=\"lazy\" decoding=\"async\" width=\"1024\" height=\"723\" src=\"https:\/\/www.zoner.fi\/tuki\/wp-content\/uploads\/2025\/03\/uudelleenohjaus-zoner-home-3-1024x723.png\" alt=\"\" class=\"wp-image-135656\" style=\"width:888px;height:auto\" srcset=\"https:\/\/www.zoner.fi\/tuki\/wp-content\/uploads\/2025\/03\/uudelleenohjaus-zoner-home-3-1024x723.png 1024w, https:\/\/www.zoner.fi\/tuki\/wp-content\/uploads\/2025\/03\/uudelleenohjaus-zoner-home-3-300x212.png 300w, https:\/\/www.zoner.fi\/tuki\/wp-content\/uploads\/2025\/03\/uudelleenohjaus-zoner-home-3-768x542.png 768w, https:\/\/www.zoner.fi\/tuki\/wp-content\/uploads\/2025\/03\/uudelleenohjaus-zoner-home-3.png 1411w\" sizes=\"auto, (max-width: 1024px) 100vw, 1024px\" \/><\/figure>\n\n\n\n<p>6. Tallenna asetukset klikkaamalla <strong>Tallenna<\/strong>.<\/p>\n","protected":false},"excerpt":{"rendered":"<p>Voit tarvittaessa asettaa koko hallitsemasi verkkotunnuksen tai yksitt\u00e4isen alasivun liikenteen ohjautumaan toiselle sivulle tai sivustoille uudelleenohjauksen avulla. Uudelleenohjaus on aina hyv\u00e4 luoda, kun poistat jo julkaistun sivun verkosta tai kyseisen sivun URL muuttuu. Webhotellit mahdollistavat yksitt\u00e4isten URL-osoitteiden uudelleenohjauksen tekemisen ja sen k\u00e4ymme t\u00e4ss\u00e4 ohjeessa vaihe vaiheelta l\u00e4pi. Miksi uudelleenohjaus on t\u00e4rke\u00e4\u00e4? Uudelleenohjaus varmistaa, ett\u00e4 k\u00e4vij\u00e4t &#8230; <a title=\"Miten luon uudelleenohjauksen webhotellissa?\" class=\"read-more\" href=\"https:\/\/www.zoner.fi\/tuki\/webhotellit\/zoner-home\/uudelleenohjaus\/\" aria-label=\"Lue lis\u00e4\u00e4 aiheesta Miten luon uudelleenohjauksen webhotellissa?\">Lue lis\u00e4\u00e4<\/a><\/p>\n","protected":false},"author":18,"featured_media":0,"parent":137347,"menu_order":0,"comment_status":"closed","ping_status":"closed","template":"","meta":{"_relevanssi_hide_post":"","_relevanssi_hide_content":"","_relevanssi_pin_for_all":"","_relevanssi_pin_keywords":"","_relevanssi_unpin_keywords":"","_relevanssi_related_keywords":"","_relevanssi_related_include_ids":"","_relevanssi_related_exclude_ids":"","_relevanssi_related_no_append":"","_relevanssi_related_not_related":"","_relevanssi_related_posts":"1076,1063,1066","_relevanssi_noindex_reason":"","footnotes":""},"categories":[210,217],"tags":[219,158],"wf_page_folders":[],"class_list":{"0":"post-137454","1":"page","2":"type-page","3":"status-publish","5":"category-zoner-home-verkkotunnus","6":"category-zoner-home-webhotellit","7":"tag-verkkotunnusten-hallinta","8":"tag-yleiset"},"_links":{"self":[{"href":"https:\/\/www.zoner.fi\/tuki\/wp-json\/wp\/v2\/pages\/137454","targetHints":{"allow":["GET"]}}],"collection":[{"href":"https:\/\/www.zoner.fi\/tuki\/wp-json\/wp\/v2\/pages"}],"about":[{"href":"https:\/\/www.zoner.fi\/tuki\/wp-json\/wp\/v2\/types\/page"}],"author":[{"embeddable":true,"href":"https:\/\/www.zoner.fi\/tuki\/wp-json\/wp\/v2\/users\/18"}],"replies":[{"embeddable":true,"href":"https:\/\/www.zoner.fi\/tuki\/wp-json\/wp\/v2\/comments?post=137454"}],"version-history":[{"count":1,"href":"https:\/\/www.zoner.fi\/tuki\/wp-json\/wp\/v2\/pages\/137454\/revisions"}],"predecessor-version":[{"id":137455,"href":"https:\/\/www.zoner.fi\/tuki\/wp-json\/wp\/v2\/pages\/137454\/revisions\/137455"}],"up":[{"embeddable":true,"href":"https:\/\/www.zoner.fi\/tuki\/wp-json\/wp\/v2\/pages\/137347"}],"wp:attachment":[{"href":"https:\/\/www.zoner.fi\/tuki\/wp-json\/wp\/v2\/media?parent=137454"}],"wp:term":[{"taxonomy":"category","embeddable":true,"href":"https:\/\/www.zoner.fi\/tuki\/wp-json\/wp\/v2\/categories?post=137454"},{"taxonomy":"post_tag","embeddable":true,"href":"https:\/\/www.zoner.fi\/tuki\/wp-json\/wp\/v2\/tags?post=137454"},{"taxonomy":"wf_page_folders","embeddable":true,"href":"https:\/\/www.zoner.fi\/tuki\/wp-json\/wp\/v2\/wf_page_folders?post=137454"}],"curies":[{"name":"wp","href":"https:\/\/api.w.org\/{rel}","templated":true}]}}