{"id":137502,"date":"2025-09-17T15:26:51","date_gmt":"2025-09-17T12:26:51","guid":{"rendered":"https:\/\/www.zoner.fi\/tuki\/?page_id=137502"},"modified":"2025-09-25T12:46:07","modified_gmt":"2025-09-25T09:46:07","slug":"kotisivujen-lokit","status":"publish","type":"page","link":"https:\/\/www.zoner.fi\/tuki\/webhotellit\/zoner-home\/kotisivujen-lokit\/","title":{"rendered":"Kotisivujen tilastojen ja lokien katsominen webhotellin hallintapaneelissa"},"content":{"rendered":"\n<p>Kaikki Zonerin <a href=\"http:\/\/webhotellit\">webhotellit<\/a> sis\u00e4lt\u00e4v\u00e4t lokitiedostot, joka sis\u00e4lt\u00e4v\u00e4t statistiikkaa sivustosi toiminnasta ja k\u00e4vij\u00f6ist\u00e4.<\/p>\n\n\n\n<h2 class=\"wp-block-heading\">Lokit Zoner Home -hallintapaneelissa<\/h2>\n\n\n\n<p>1. Kirjaudu Zoner Homeen osoitteessa <a href=\"https:\/\/home.zoner.fi\/\" target=\"_blank\" rel=\"noreferrer noopener\">https:\/\/home.zoner.fi<\/a><br>2. Avaa Zoner Homessa <strong>Omat tuotteet<\/strong> -v\u00e4lilehti.<br><img decoding=\"async\" src=\"https:\/\/www.zoner.fi\/tuki\/wp-content\/uploads\/2025\/01\/omat-tuotteet-zoner-home-1024x703.png\" alt=\"\"><br>3. Klikkaa <strong>Verkkosivustot<\/strong>-kohdassa sit\u00e4 webhotellia, jonka lokeja haluat tarkastella.<\/p>\n\n\n\n<p>4. Klikkaa vasemmasa valikossa kohtaa <strong>Turvallisuus<\/strong>. Avaa Turvallisuus-sivulla <strong>Web Application Firewall<\/strong> -v\u00e4lilehti. Klikkaa <strong>N\u00e4yt\u00e4 lokit<\/strong> -painiketta sen verkkotunnuksen kohdalla, jonka lokit haluat katsoa.<\/p>\n\n\n\n<figure class=\"wp-block-image size-large\"><img loading=\"lazy\" decoding=\"async\" width=\"1024\" height=\"643\" src=\"https:\/\/www.zoner.fi\/tuki\/wp-content\/uploads\/2025\/02\/zoner-home-lokit-1024x643.png\" alt=\"\" class=\"wp-image-135449\" srcset=\"https:\/\/www.zoner.fi\/tuki\/wp-content\/uploads\/2025\/02\/zoner-home-lokit-1024x643.png 1024w, https:\/\/www.zoner.fi\/tuki\/wp-content\/uploads\/2025\/02\/zoner-home-lokit-300x189.png 300w, https:\/\/www.zoner.fi\/tuki\/wp-content\/uploads\/2025\/02\/zoner-home-lokit-768x483.png 768w, https:\/\/www.zoner.fi\/tuki\/wp-content\/uploads\/2025\/02\/zoner-home-lokit.png 1445w\" sizes=\"auto, (max-width: 1024px) 100vw, 1024px\" \/><\/figure>\n\n\n\n<p><\/p>\n","protected":false},"excerpt":{"rendered":"<p>T\u00e4ss\u00e4 ohjeessa k\u00e4yd\u00e4\u00e4n l\u00e4pi Awstats-ohjelmaa ja tilastojen katsomista sen avulla.<\/p>\n","protected":false},"author":18,"featured_media":0,"parent":137347,"menu_order":0,"comment_status":"closed","ping_status":"closed","template":"","meta":{"_relevanssi_hide_post":"","_relevanssi_hide_content":"","_relevanssi_pin_for_all":"","_relevanssi_pin_keywords":"","_relevanssi_unpin_keywords":"","_relevanssi_related_keywords":"","_relevanssi_related_include_ids":"","_relevanssi_related_exclude_ids":"","_relevanssi_related_no_append":"","_relevanssi_related_not_related":"","_relevanssi_related_posts":"1066,1076,1063","_relevanssi_noindex_reason":"","footnotes":""},"categories":[217],"tags":[158],"wf_page_folders":[],"class_list":{"0":"post-137502","1":"page","2":"type-page","3":"status-publish","5":"category-zoner-home-webhotellit","6":"tag-yleiset"},"_links":{"self":[{"href":"https:\/\/www.zoner.fi\/tuki\/wp-json\/wp\/v2\/pages\/137502","targetHints":{"allow":["GET"]}}],"collection":[{"href":"https:\/\/www.zoner.fi\/tuki\/wp-json\/wp\/v2\/pages"}],"about":[{"href":"https:\/\/www.zoner.fi\/tuki\/wp-json\/wp\/v2\/types\/page"}],"author":[{"embeddable":true,"href":"https:\/\/www.zoner.fi\/tuki\/wp-json\/wp\/v2\/users\/18"}],"replies":[{"embeddable":true,"href":"https:\/\/www.zoner.fi\/tuki\/wp-json\/wp\/v2\/comments?post=137502"}],"version-history":[{"count":2,"href":"https:\/\/www.zoner.fi\/tuki\/wp-json\/wp\/v2\/pages\/137502\/revisions"}],"predecessor-version":[{"id":137684,"href":"https:\/\/www.zoner.fi\/tuki\/wp-json\/wp\/v2\/pages\/137502\/revisions\/137684"}],"up":[{"embeddable":true,"href":"https:\/\/www.zoner.fi\/tuki\/wp-json\/wp\/v2\/pages\/137347"}],"wp:attachment":[{"href":"https:\/\/www.zoner.fi\/tuki\/wp-json\/wp\/v2\/media?parent=137502"}],"wp:term":[{"taxonomy":"category","embeddable":true,"href":"https:\/\/www.zoner.fi\/tuki\/wp-json\/wp\/v2\/categories?post=137502"},{"taxonomy":"post_tag","embeddable":true,"href":"https:\/\/www.zoner.fi\/tuki\/wp-json\/wp\/v2\/tags?post=137502"},{"taxonomy":"wf_page_folders","embeddable":true,"href":"https:\/\/www.zoner.fi\/tuki\/wp-json\/wp\/v2\/wf_page_folders?post=137502"}],"curies":[{"name":"wp","href":"https:\/\/api.w.org\/{rel}","templated":true}]}}