{"id":137535,"date":"2025-09-22T10:27:28","date_gmt":"2025-09-22T07:27:28","guid":{"rendered":"https:\/\/www.zoner.fi\/tuki\/?page_id=137535"},"modified":"2025-09-22T10:27:29","modified_gmt":"2025-09-22T07:27:29","slug":"mysql-tietokanta","status":"publish","type":"page","link":"https:\/\/www.zoner.fi\/tuki\/webhotellit\/mysql-tietokanta\/","title":{"rendered":"Miten luon MySQL-tietokannan ja hallitsen sit\u00e4 webhotellissa?"},"content":{"rendered":"\n<p>MySQL-tietokantoja k\u00e4ytet\u00e4\u00e4n yleisesti erilaisten web-palveluiden tietokantana. Muun muassa<a href=\"https:\/\/www.zoner.fi\/kotisivut\/drupal\/\"> Drupal<\/a>, <a href=\"https:\/\/www.zoner.fi\/kotisivut\/joomla\/\">Joomla <\/a>ja <a href=\"https:\/\/www.zoner.fi\/wordpress\/\">WordPress<\/a> tarvitsevat kaikki toimiakseen tietokannan.<\/p>\n\n\n\n<p>T\u00e4ss\u00e4 ohjeessa k\u00e4ymme l\u00e4pi, kuinka saat luotua MySQL-tietokannan webhotellin hallintapaneelista.<\/p>\n\n\n\n<p><strong>Huomaa<\/strong>: Jos asennat halutun ohjelmiston Installatron-asennusohjelman avulla, luo Installatron automaattisesti tarvitun uuden tietokannan. T\u00e4\u00e4lt\u00e4 l\u00f6yd\u00e4t lis\u00e4tietoja <a href=\"https:\/\/www.zoner.fi\/tuki\/webhotellit\/installatron-asennusohjelma-esittely-toiminnoista\/\">Installatron-asennusohjelmasta<\/a>.<\/p>\n\n\n\n<ol class=\"wp-block-list\">\n<li>Kirjaudu sis\u00e4\u00e4n webhotellin DirectAdmin-hallintapaneeliin.<\/li>\n\n\n\n<li>Valitse p\u00e4\u00e4valikosta <strong>Tilin hallinta<\/strong> -&gt; <strong>Tietokannat<\/strong>.<\/li>\n<\/ol>\n\n\n\n<figure class=\"wp-block-image size-full\"><img loading=\"lazy\" decoding=\"async\" width=\"780\" height=\"457\" src=\"https:\/\/www.zoner.fi\/tuki\/wp-content\/uploads\/2025\/09\/da-tietokannat.png\" alt=\"\" class=\"wp-image-137317\" srcset=\"https:\/\/www.zoner.fi\/tuki\/wp-content\/uploads\/2025\/09\/da-tietokannat.png 780w, https:\/\/www.zoner.fi\/tuki\/wp-content\/uploads\/2025\/09\/da-tietokannat-300x176.png 300w, https:\/\/www.zoner.fi\/tuki\/wp-content\/uploads\/2025\/09\/da-tietokannat-768x450.png 768w\" sizes=\"auto, (max-width: 780px) 100vw, 780px\" \/><\/figure>\n\n\n\n<p>Vierit\u00e4 sivulla alas kohtaan<strong> Luo tietokanta,<\/strong> ja klikkaa <strong>Edistynyt moodi <\/strong>-painiketta n\u00e4hd\u00e4ksesi kaikki kent\u00e4t.<\/p>\n\n\n\n<figure class=\"wp-block-image size-full\"><img loading=\"lazy\" decoding=\"async\" width=\"1610\" height=\"1095\" src=\"https:\/\/www.zoner.fi\/tuki\/wp-content\/uploads\/2025\/09\/da-tietokannat-luo.png\" alt=\"\" class=\"wp-image-137319\" srcset=\"https:\/\/www.zoner.fi\/tuki\/wp-content\/uploads\/2025\/09\/da-tietokannat-luo.png 1610w, https:\/\/www.zoner.fi\/tuki\/wp-content\/uploads\/2025\/09\/da-tietokannat-luo-300x204.png 300w, https:\/\/www.zoner.fi\/tuki\/wp-content\/uploads\/2025\/09\/da-tietokannat-luo-1024x696.png 1024w, https:\/\/www.zoner.fi\/tuki\/wp-content\/uploads\/2025\/09\/da-tietokannat-luo-768x522.png 768w, https:\/\/www.zoner.fi\/tuki\/wp-content\/uploads\/2025\/09\/da-tietokannat-luo-1536x1045.png 1536w\" sizes=\"auto, (max-width: 1610px) 100vw, 1610px\" \/><\/figure>\n\n\n\n<p><em>Sivulla n\u00e4kyv\u00e4ss\u00e4 listassa n\u00e4kyv\u00e4t my\u00f6s mahdolliset aiemmin luodut MySQL-tietokannat. Niit\u00e4 p\u00e4\u00e4set hallinnoimaan laittamalla valinnan tietokannan nimen edess\u00e4 olevaan ruutuun. Lis\u00e4\u00e4 muokkausvaihtoehtoja saat klikkaamalla tietokannan nime\u00e4.<\/em><\/p>\n\n\n\n<p>Anna tietokannalle nimi, k\u00e4ytt\u00e4j\u00e4nimi ja salasana. Voit my\u00f6s painaa salasanarivin vasemmassa reunassa n\u00e4kyvi\u00e4 noppia, jolloin ohjelma muodostaa automaattisesti turvallisen salasanan. Saat salasanan n\u00e4kyviin klikkaamalla rivill\u00e4 n\u00e4kyv\u00e4\u00e4 silm\u00e4-kuvaketta.<\/p>\n\n\n\n<p>Tallenna muutokset klikkaamalla <strong>Luo<\/strong>.<\/p>\n\n\n\n<p>Sivulle ilmestyy ilmoitus tietokannan onnistuneesta luomisesta.<\/p>\n\n\n\n<figure class=\"wp-block-image size-full\"><img loading=\"lazy\" decoding=\"async\" width=\"1483\" height=\"944\" src=\"https:\/\/www.zoner.fi\/tuki\/wp-content\/uploads\/2025\/09\/da-tietokannat-luotu.png\" alt=\"\" class=\"wp-image-137322\" srcset=\"https:\/\/www.zoner.fi\/tuki\/wp-content\/uploads\/2025\/09\/da-tietokannat-luotu.png 1483w, https:\/\/www.zoner.fi\/tuki\/wp-content\/uploads\/2025\/09\/da-tietokannat-luotu-300x191.png 300w, https:\/\/www.zoner.fi\/tuki\/wp-content\/uploads\/2025\/09\/da-tietokannat-luotu-1024x652.png 1024w, https:\/\/www.zoner.fi\/tuki\/wp-content\/uploads\/2025\/09\/da-tietokannat-luotu-768x489.png 768w\" sizes=\"auto, (max-width: 1483px) 100vw, 1483px\" \/><\/figure>\n\n\n\n<h3 class=\"gb-headline gb-headline-8ff4a100 gb-headline-text\">MySQL-tietokannan hallinta<\/h3>\n\n\n\n<p>N\u00e4et luodut tietokannat DirectAdminin Tietokannat-sivun alussa.<\/p>\n\n\n\n<p>Klikkaa tietokannan kohdalla <strong>Hallitse<\/strong>, niin p\u00e4\u00e4set hallitsemaan sen k\u00e4ytt\u00e4ji\u00e4 ja muita tietoja, tai klikkaa <strong>Poista<\/strong>, jos haluat poistaa sen.<\/p>\n\n\n\n<figure class=\"wp-block-image size-full\"><img loading=\"lazy\" decoding=\"async\" width=\"1617\" height=\"1122\" src=\"https:\/\/www.zoner.fi\/tuki\/wp-content\/uploads\/2025\/09\/da-tietokannat-hallinta.png\" alt=\"\" class=\"wp-image-137324\" srcset=\"https:\/\/www.zoner.fi\/tuki\/wp-content\/uploads\/2025\/09\/da-tietokannat-hallinta.png 1617w, https:\/\/www.zoner.fi\/tuki\/wp-content\/uploads\/2025\/09\/da-tietokannat-hallinta-300x208.png 300w, https:\/\/www.zoner.fi\/tuki\/wp-content\/uploads\/2025\/09\/da-tietokannat-hallinta-1024x711.png 1024w, https:\/\/www.zoner.fi\/tuki\/wp-content\/uploads\/2025\/09\/da-tietokannat-hallinta-768x533.png 768w, https:\/\/www.zoner.fi\/tuki\/wp-content\/uploads\/2025\/09\/da-tietokannat-hallinta-1536x1066.png 1536w\" sizes=\"auto, (max-width: 1617px) 100vw, 1617px\" \/><\/figure>\n\n\n\n<p><\/p>\n","protected":false},"excerpt":{"rendered":"<p>T\u00e4ss\u00e4 ohjeessa k\u00e4ymme l\u00e4pi, kuinka saat luotua MySQL-tietokannan webhotellin hallintapaneelista.<\/p>\n","protected":false},"author":18,"featured_media":0,"parent":129010,"menu_order":0,"comment_status":"closed","ping_status":"closed","template":"","meta":{"_relevanssi_hide_post":"","_relevanssi_hide_content":"","_relevanssi_pin_for_all":"","_relevanssi_pin_keywords":"","_relevanssi_unpin_keywords":"","_relevanssi_related_keywords":"","_relevanssi_related_include_ids":"","_relevanssi_related_exclude_ids":"","_relevanssi_related_no_append":"","_relevanssi_related_not_related":"","_relevanssi_related_posts":"1076,1063,1066","_relevanssi_noindex_reason":"","footnotes":""},"categories":[192],"tags":[99],"wf_page_folders":[],"class_list":{"0":"post-137535","1":"page","2":"type-page","3":"status-publish","5":"category-directadmin","6":"tag-tietokannat"},"_links":{"self":[{"href":"https:\/\/www.zoner.fi\/tuki\/wp-json\/wp\/v2\/pages\/137535","targetHints":{"allow":["GET"]}}],"collection":[{"href":"https:\/\/www.zoner.fi\/tuki\/wp-json\/wp\/v2\/pages"}],"about":[{"href":"https:\/\/www.zoner.fi\/tuki\/wp-json\/wp\/v2\/types\/page"}],"author":[{"embeddable":true,"href":"https:\/\/www.zoner.fi\/tuki\/wp-json\/wp\/v2\/users\/18"}],"replies":[{"embeddable":true,"href":"https:\/\/www.zoner.fi\/tuki\/wp-json\/wp\/v2\/comments?post=137535"}],"version-history":[{"count":1,"href":"https:\/\/www.zoner.fi\/tuki\/wp-json\/wp\/v2\/pages\/137535\/revisions"}],"predecessor-version":[{"id":137536,"href":"https:\/\/www.zoner.fi\/tuki\/wp-json\/wp\/v2\/pages\/137535\/revisions\/137536"}],"up":[{"embeddable":true,"href":"https:\/\/www.zoner.fi\/tuki\/wp-json\/wp\/v2\/pages\/129010"}],"wp:attachment":[{"href":"https:\/\/www.zoner.fi\/tuki\/wp-json\/wp\/v2\/media?parent=137535"}],"wp:term":[{"taxonomy":"category","embeddable":true,"href":"https:\/\/www.zoner.fi\/tuki\/wp-json\/wp\/v2\/categories?post=137535"},{"taxonomy":"post_tag","embeddable":true,"href":"https:\/\/www.zoner.fi\/tuki\/wp-json\/wp\/v2\/tags?post=137535"},{"taxonomy":"wf_page_folders","embeddable":true,"href":"https:\/\/www.zoner.fi\/tuki\/wp-json\/wp\/v2\/wf_page_folders?post=137535"}],"curies":[{"name":"wp","href":"https:\/\/api.w.org\/{rel}","templated":true}]}}