{"id":137574,"date":"2025-09-24T11:48:53","date_gmt":"2025-09-24T08:48:53","guid":{"rendered":"https:\/\/www.zoner.fi\/tuki\/?page_id=137574"},"modified":"2025-09-24T11:48:55","modified_gmt":"2025-09-24T08:48:55","slug":"tietokantaan-yhdistaminen","status":"publish","type":"page","link":"https:\/\/www.zoner.fi\/tuki\/webhotellit\/tietokantaan-yhdistaminen\/","title":{"rendered":"Miten yhdist\u00e4n tietokantaan palvelimen ulkopuolelta?"},"content":{"rendered":"\n<p>Zonerin <a href=\"https:\/\/www.zoner.fi\/webhotellit\/\">webhotellit <\/a>est\u00e4v\u00e4t tietoturvasyist\u00e4 yhdist\u00e4misen tietokantaan k\u00e4ytetyn webhotellipalvelimen ulkopuolelta. T\u00e4m\u00e4 tarkoittaa, etteiv\u00e4t Zonerin webhotellipalvelimen ulkopuolella py\u00f6riv\u00e4t ohjelmistot p\u00e4\u00e4se k\u00e4siksi Zonerin webhotellista luotuihin tietokantoihin.<\/p>\n\n\n\n<p>T\u00e4ss\u00e4 ohjeessa k\u00e4ymme l\u00e4pi, kuinka tietokantaan on mahdollista tunneloida yhteys palvelimen ulkopuolelta SSH:n avulla.<\/p>\n\n\n\n<h2 class=\"wp-block-heading\">Tietokantayhteyden tunnelointi SSH:n avulla<\/h2>\n\n\n\n<p>1. Etsi webhotellin SSH-tiedot Zoner Home -hallintapaneelissa<\/p>\n\n\n\n<p>Tarkista ensin SSH-yhteyden muodostamista varten tarvittavat webhotellin palvelintiedot Zoner Homesta. L\u00f6yd\u00e4t ne Zoner Homesta n\u00e4in:<\/p>\n\n\n\n<p>1. Kirjaudu Zoner Homeen osoitteessa <a href=\"https:\/\/home.zoner.fi\/\" target=\"_blank\" rel=\"noreferrer noopener\">https:\/\/home.zoner.fi<\/a><br>2. Avaa Zoner Homessa <strong>Omat tuotteet<\/strong> -v\u00e4lilehti.<\/p>\n\n\n\n<figure class=\"wp-block-image\"><img decoding=\"async\" src=\"https:\/\/www.zoner.fi\/tuki\/wp-content\/uploads\/2025\/01\/omat-tuotteet-zoner-home-1024x703.png\" alt=\"\"\/><\/figure>\n\n\n\n<p>3. Klikkaa <strong>Verkkosivustot<\/strong>-kohdassa webhotellia, jonka palvelintiedot haluat n\u00e4hd\u00e4.<\/p>\n\n\n\n<p>4. Klikkaa vasemmassa valikossa <strong>FTP-tilit<\/strong> (1). Etsi listasta k\u00e4ytt\u00e4j\u00e4, jonka tilana lukee <strong>Ensisijainen<\/strong>. Vain t\u00e4t\u00e4 k\u00e4ytt\u00e4j\u00e4\u00e4 voi k\u00e4ytt\u00e4\u00e4 SSH ja SFTP -yhteyksien muodostamiseen. Klikkaa kolmea pistett\u00e4 tilin oikeassa reunassa (2) ja klikkaa sitten avautuneessa valikossa <strong>Yhteyden tiedot<\/strong> (3). <\/p>\n\n\n\n<p>Jos olet unohtanut ensisijaisen k\u00e4ytt\u00e4j\u00e4n salasanan, voit muuttaa sit\u00e4 valitsemalla <strong>Muokkaa<\/strong>.<\/p>\n\n\n\n<figure class=\"wp-block-image size-large is-resized\"><img loading=\"lazy\" decoding=\"async\" width=\"1024\" height=\"538\" src=\"https:\/\/www.zoner.fi\/tuki\/wp-content\/uploads\/2025\/02\/zoner-home-ftp-1-1024x538.png\" alt=\"\" class=\"wp-image-135299\" style=\"width:891px;height:auto\" srcset=\"https:\/\/www.zoner.fi\/tuki\/wp-content\/uploads\/2025\/02\/zoner-home-ftp-1-1024x538.png 1024w, https:\/\/www.zoner.fi\/tuki\/wp-content\/uploads\/2025\/02\/zoner-home-ftp-1-300x157.png 300w, https:\/\/www.zoner.fi\/tuki\/wp-content\/uploads\/2025\/02\/zoner-home-ftp-1-768x403.png 768w, https:\/\/www.zoner.fi\/tuki\/wp-content\/uploads\/2025\/02\/zoner-home-ftp-1.png 1482w\" sizes=\"auto, (max-width: 1024px) 100vw, 1024px\" \/><\/figure>\n\n\n\n<p>5. <strong>Yhteyden tiedot<\/strong> -ponnahdusikkunassa n\u00e4et tiedot, joita tarvitset SSH-yhteyden muodostamiseen: palvelimen nimen (1) ja k\u00e4ytt\u00e4j\u00e4tunnuksen (2).<\/p>\n\n\n\n<figure class=\"wp-block-image size-full is-resized\"><img loading=\"lazy\" decoding=\"async\" width=\"986\" height=\"791\" src=\"https:\/\/www.zoner.fi\/tuki\/wp-content\/uploads\/2025\/02\/zoner-home-ftp-2-2.png\" alt=\"\" class=\"wp-image-135302\" style=\"width:888px;height:auto\" srcset=\"https:\/\/www.zoner.fi\/tuki\/wp-content\/uploads\/2025\/02\/zoner-home-ftp-2-2.png 986w, https:\/\/www.zoner.fi\/tuki\/wp-content\/uploads\/2025\/02\/zoner-home-ftp-2-2-300x241.png 300w, https:\/\/www.zoner.fi\/tuki\/wp-content\/uploads\/2025\/02\/zoner-home-ftp-2-2-768x616.png 768w\" sizes=\"auto, (max-width: 986px) 100vw, 986px\" \/><\/figure>\n\n\n\n<h2 class=\"wp-block-heading\">2. Muodosta SSH-yhteys Putty-ohjelmalla<\/h2>\n\n\n\n<p>Sinua pyydet\u00e4\u00e4n antamaan salasana. Sy\u00f6t\u00e4 ensisijaisen FTP-k\u00e4ytt\u00e4j\u00e4n salasana ja vahvista painamalla Enter-n\u00e4pp\u00e4int\u00e4.&nbsp;<br><strong>Huoma<\/strong>a: Kun kirjoitat salasanaa, Putty ei n\u00e4yt\u00e4 kirjoittamiasi merkkej\u00e4. Jos annat v\u00e4\u00e4r\u00e4n salasanan, n\u00e4ytt\u00f6\u00f6n tulee viesti &#8221;Acces denied&#8221;.<\/p>\n\n\n\n<p>Asenna ja avaa <a href=\"https:\/\/www.chiark.greenend.org.uk\/~sgtatham\/putty\/latest.html\" target=\"_blank\" rel=\"noopener\">Putty<\/a>-ohjelma.<\/p>\n\n\n\n<p>Tarkista webhotellisi palvelinyhteyden tiedot yll\u00e4 kuvatulla tavalla. Kirjoita palvelin &#8221;Host Name&#8221; -kentt\u00e4\u00e4n ja k\u00e4yt\u00e4 Zoner Homessa mainittua porttia.<\/p>\n\n\n\n<p>Klikkaa &#8221;Open&#8221; muodostaaksesi yhteyden palvelimeen.<\/p>\n\n\n\n<p>Sy\u00f6t\u00e4 ensisijaisen FTP-k\u00e4ytt\u00e4j\u00e4n k\u00e4ytt\u00e4j\u00e4tunnus ja vahvista painamalla Enter-n\u00e4pp\u00e4int\u00e4.<\/p>\n","protected":false},"excerpt":{"rendered":"<p>T\u00e4ss\u00e4 ohjeessa k\u00e4ymme l\u00e4pi, kuinka tietokantaan on mahdollista tunneloida yhteys palvelimen ulkopuolelta SSH:n avulla.<\/p>\n","protected":false},"author":18,"featured_media":0,"parent":129010,"menu_order":0,"comment_status":"closed","ping_status":"closed","template":"","meta":{"_relevanssi_hide_post":"","_relevanssi_hide_content":"","_relevanssi_pin_for_all":"","_relevanssi_pin_keywords":"","_relevanssi_unpin_keywords":"","_relevanssi_related_keywords":"","_relevanssi_related_include_ids":"","_relevanssi_related_exclude_ids":"","_relevanssi_related_no_append":"","_relevanssi_related_not_related":"","_relevanssi_related_posts":"1063,1066,1076","_relevanssi_noindex_reason":"","footnotes":""},"categories":[217],"tags":[99],"wf_page_folders":[],"class_list":{"0":"post-137574","1":"page","2":"type-page","3":"status-publish","5":"category-zoner-home-webhotellit","6":"tag-tietokannat"},"_links":{"self":[{"href":"https:\/\/www.zoner.fi\/tuki\/wp-json\/wp\/v2\/pages\/137574","targetHints":{"allow":["GET"]}}],"collection":[{"href":"https:\/\/www.zoner.fi\/tuki\/wp-json\/wp\/v2\/pages"}],"about":[{"href":"https:\/\/www.zoner.fi\/tuki\/wp-json\/wp\/v2\/types\/page"}],"author":[{"embeddable":true,"href":"https:\/\/www.zoner.fi\/tuki\/wp-json\/wp\/v2\/users\/18"}],"replies":[{"embeddable":true,"href":"https:\/\/www.zoner.fi\/tuki\/wp-json\/wp\/v2\/comments?post=137574"}],"version-history":[{"count":1,"href":"https:\/\/www.zoner.fi\/tuki\/wp-json\/wp\/v2\/pages\/137574\/revisions"}],"predecessor-version":[{"id":137580,"href":"https:\/\/www.zoner.fi\/tuki\/wp-json\/wp\/v2\/pages\/137574\/revisions\/137580"}],"up":[{"embeddable":true,"href":"https:\/\/www.zoner.fi\/tuki\/wp-json\/wp\/v2\/pages\/129010"}],"wp:attachment":[{"href":"https:\/\/www.zoner.fi\/tuki\/wp-json\/wp\/v2\/media?parent=137574"}],"wp:term":[{"taxonomy":"category","embeddable":true,"href":"https:\/\/www.zoner.fi\/tuki\/wp-json\/wp\/v2\/categories?post=137574"},{"taxonomy":"post_tag","embeddable":true,"href":"https:\/\/www.zoner.fi\/tuki\/wp-json\/wp\/v2\/tags?post=137574"},{"taxonomy":"wf_page_folders","embeddable":true,"href":"https:\/\/www.zoner.fi\/tuki\/wp-json\/wp\/v2\/wf_page_folders?post=137574"}],"curies":[{"name":"wp","href":"https:\/\/api.w.org\/{rel}","templated":true}]}}