{"id":137888,"date":"2025-10-27T13:03:48","date_gmt":"2025-10-27T11:03:48","guid":{"rendered":"https:\/\/www.zoner.fi\/tuki\/?page_id=137888"},"modified":"2025-10-27T13:05:45","modified_gmt":"2025-10-27T11:05:45","slug":"wpone-beta","status":"publish","type":"page","link":"https:\/\/www.zoner.fi\/tuki\/wp-one\/wpone-beta\/","title":{"rendered":"WP.one beta-testaajaksi liittyminen"},"content":{"rendered":"\n<p>WP.onen beta-testaajana p\u00e4\u00e4set kokeilemaan uusia ominaisuuksia ensimm\u00e4isten joukossa. Beta-testaajaksi liittyminen on ilmaista.<\/p>\n\n\n\n<ul class=\"wp-block-list\">\n<li><a href=\"#1\">Miten liityn beta-testaajaksi?<\/a><\/li>\n\n\n\n<li><a href=\"#2\">Mit\u00e4 ominaisuuksia voin k\u00e4ytt\u00e4\u00e4 beta-testaajana?<\/a><\/li>\n\n\n\n<li><a href=\"#3\">Beta-testauksen lopettaminen<\/a><\/li>\n<\/ul>\n\n\n\n<h2 class=\"wp-block-heading\" id=\"1\">Miten liityn beta-testaajaksi?<\/h2>\n\n\n\n<p>1. Kirjaudu WP.one-hallintapaneeliin. <\/p>\n\n\n\n<p>2. Ilmoitus beta-testauksesta n\u00e4kyy yl\u00e4reunan palkissa. Klikkaa <strong>Lue lis\u00e4\u00e4<\/strong>.<\/p>\n\n\n\n<figure class=\"wp-block-image size-large\"><img loading=\"lazy\" decoding=\"async\" width=\"1024\" height=\"369\" src=\"https:\/\/www.zoner.fi\/tuki\/wp-content\/uploads\/2025\/10\/wp.one-beta-1024x369.png\" alt=\"\" class=\"wp-image-137889\" srcset=\"https:\/\/www.zoner.fi\/tuki\/wp-content\/uploads\/2025\/10\/wp.one-beta-1024x369.png 1024w, https:\/\/www.zoner.fi\/tuki\/wp-content\/uploads\/2025\/10\/wp.one-beta-300x108.png 300w, https:\/\/www.zoner.fi\/tuki\/wp-content\/uploads\/2025\/10\/wp.one-beta-768x277.png 768w, https:\/\/www.zoner.fi\/tuki\/wp-content\/uploads\/2025\/10\/wp.one-beta-1536x554.png 1536w, https:\/\/www.zoner.fi\/tuki\/wp-content\/uploads\/2025\/10\/wp.one-beta.png 1716w\" sizes=\"auto, (max-width: 1024px) 100vw, 1024px\" \/><\/figure>\n\n\n\n<p>3. Klikkaa <strong>Liity testaajaksi<\/strong>.<\/p>\n\n\n\n<figure class=\"wp-block-image size-large\"><img loading=\"lazy\" decoding=\"async\" width=\"1024\" height=\"654\" src=\"https:\/\/www.zoner.fi\/tuki\/wp-content\/uploads\/2025\/10\/wp.one-beta-2-1024x654.png\" alt=\"\" class=\"wp-image-137901\" srcset=\"https:\/\/www.zoner.fi\/tuki\/wp-content\/uploads\/2025\/10\/wp.one-beta-2-1024x654.png 1024w, https:\/\/www.zoner.fi\/tuki\/wp-content\/uploads\/2025\/10\/wp.one-beta-2-300x192.png 300w, https:\/\/www.zoner.fi\/tuki\/wp-content\/uploads\/2025\/10\/wp.one-beta-2-768x490.png 768w, https:\/\/www.zoner.fi\/tuki\/wp-content\/uploads\/2025\/10\/wp.one-beta-2-1536x981.png 1536w, https:\/\/www.zoner.fi\/tuki\/wp-content\/uploads\/2025\/10\/wp.one-beta-2.png 1720w\" sizes=\"auto, (max-width: 1024px) 100vw, 1024px\" \/><\/figure>\n\n\n\n<h2 class=\"wp-block-heading\" id=\"2\">Mit\u00e4 ominaisuuksia voin k\u00e4ytt\u00e4\u00e4 beta-testaajana?<\/h2>\n\n\n\n<ul class=\"wp-block-list\">\n<li>Voit korjata sivustollasi olevia ongelmia AI Sidekick -teko\u00e4lyty\u00f6kalulla.<\/li>\n<\/ul>\n\n\n\n<h2 class=\"wp-block-heading\" id=\"3\">Beta-testauksen lopettaminen<\/h2>\n\n\n\n<p>Voit lopettaa beta-testauksen milloin tahansa.<\/p>\n\n\n\n<p>1. Klikkaa WP.one-hallintapaneelissa <strong>Tili <\/strong>-&gt; <strong>Tilin asetukset<\/strong> ja sitten vasemmassa valikossa <strong>Beta-testaus<\/strong>.<\/p>\n\n\n\n<p>2. Klikkaa <strong>Lopeta testaus<\/strong> -painiketta.<\/p>\n\n\n\n<figure class=\"wp-block-image size-large\"><img loading=\"lazy\" decoding=\"async\" width=\"1024\" height=\"654\" src=\"https:\/\/www.zoner.fi\/tuki\/wp-content\/uploads\/2025\/10\/wp.one-beta-3-1024x654.png\" alt=\"\" class=\"wp-image-137902\" srcset=\"https:\/\/www.zoner.fi\/tuki\/wp-content\/uploads\/2025\/10\/wp.one-beta-3-1024x654.png 1024w, https:\/\/www.zoner.fi\/tuki\/wp-content\/uploads\/2025\/10\/wp.one-beta-3-300x192.png 300w, https:\/\/www.zoner.fi\/tuki\/wp-content\/uploads\/2025\/10\/wp.one-beta-3-768x490.png 768w, https:\/\/www.zoner.fi\/tuki\/wp-content\/uploads\/2025\/10\/wp.one-beta-3-1536x981.png 1536w, https:\/\/www.zoner.fi\/tuki\/wp-content\/uploads\/2025\/10\/wp.one-beta-3.png 1720w\" sizes=\"auto, (max-width: 1024px) 100vw, 1024px\" \/><\/figure>\n\n\n\n<ol class=\"wp-block-list\">\n<li><\/li>\n<\/ol>\n","protected":false},"excerpt":{"rendered":"<p>WP.onen beta-testaajana p\u00e4\u00e4set kokeilemaan uusia ominaisuuksia ensimm\u00e4isten joukossa. Beta-testaajaksi liittyminen on ilmaista. Miten liityn beta-testaajaksi? 1. Kirjaudu WP.one-hallintapaneeliin. 2. Ilmoitus beta-testauksesta n\u00e4kyy yl\u00e4reunan palkissa. Klikkaa Lue lis\u00e4\u00e4. 3. Klikkaa Liity testaajaksi. Mit\u00e4 ominaisuuksia voin k\u00e4ytt\u00e4\u00e4 beta-testaajana? Beta-testauksen lopettaminen Voit lopettaa beta-testauksen milloin tahansa. 1. Klikkaa WP.one-hallintapaneelissa Tili -&gt; Tilin asetukset ja sitten vasemmassa valikossa Beta-testaus. &#8230; <a title=\"WP.one beta-testaajaksi liittyminen\" class=\"read-more\" href=\"https:\/\/www.zoner.fi\/tuki\/wp-one\/wpone-beta\/\" aria-label=\"Lue lis\u00e4\u00e4 aiheesta WP.one beta-testaajaksi liittyminen\">Lue lis\u00e4\u00e4<\/a><\/p>\n","protected":false},"author":18,"featured_media":0,"parent":434,"menu_order":0,"comment_status":"closed","ping_status":"closed","template":"","meta":{"_relevanssi_hide_post":"","_relevanssi_hide_content":"","_relevanssi_pin_for_all":"","_relevanssi_pin_keywords":"","_relevanssi_unpin_keywords":"","_relevanssi_related_keywords":"","_relevanssi_related_include_ids":"","_relevanssi_related_exclude_ids":"","_relevanssi_related_no_append":"","_relevanssi_related_not_related":"","_relevanssi_related_posts":"130424,130722,131541,130553,130813,131535","_relevanssi_noindex_reason":"","footnotes":""},"categories":[48],"tags":[104],"wf_page_folders":[],"class_list":{"0":"post-137888","1":"page","2":"type-page","3":"status-publish","5":"category-wp-one","6":"tag-hallintapaneeli"},"_links":{"self":[{"href":"https:\/\/www.zoner.fi\/tuki\/wp-json\/wp\/v2\/pages\/137888","targetHints":{"allow":["GET"]}}],"collection":[{"href":"https:\/\/www.zoner.fi\/tuki\/wp-json\/wp\/v2\/pages"}],"about":[{"href":"https:\/\/www.zoner.fi\/tuki\/wp-json\/wp\/v2\/types\/page"}],"author":[{"embeddable":true,"href":"https:\/\/www.zoner.fi\/tuki\/wp-json\/wp\/v2\/users\/18"}],"replies":[{"embeddable":true,"href":"https:\/\/www.zoner.fi\/tuki\/wp-json\/wp\/v2\/comments?post=137888"}],"version-history":[{"count":4,"href":"https:\/\/www.zoner.fi\/tuki\/wp-json\/wp\/v2\/pages\/137888\/revisions"}],"predecessor-version":[{"id":137906,"href":"https:\/\/www.zoner.fi\/tuki\/wp-json\/wp\/v2\/pages\/137888\/revisions\/137906"}],"up":[{"embeddable":true,"href":"https:\/\/www.zoner.fi\/tuki\/wp-json\/wp\/v2\/pages\/434"}],"wp:attachment":[{"href":"https:\/\/www.zoner.fi\/tuki\/wp-json\/wp\/v2\/media?parent=137888"}],"wp:term":[{"taxonomy":"category","embeddable":true,"href":"https:\/\/www.zoner.fi\/tuki\/wp-json\/wp\/v2\/categories?post=137888"},{"taxonomy":"post_tag","embeddable":true,"href":"https:\/\/www.zoner.fi\/tuki\/wp-json\/wp\/v2\/tags?post=137888"},{"taxonomy":"wf_page_folders","embeddable":true,"href":"https:\/\/www.zoner.fi\/tuki\/wp-json\/wp\/v2\/wf_page_folders?post=137888"}],"curies":[{"name":"wp","href":"https:\/\/api.w.org\/{rel}","templated":true}]}}