{"id":137935,"date":"2025-11-05T10:23:37","date_gmt":"2025-11-05T08:23:37","guid":{"rendered":"https:\/\/www.zoner.fi\/tuki\/?page_id=137935"},"modified":"2025-11-05T10:23:38","modified_gmt":"2025-11-05T08:23:38","slug":"blogin-luominen","status":"publish","type":"page","link":"https:\/\/www.zoner.fi\/tuki\/kotisivukone\/zoner\/blogin-luominen\/","title":{"rendered":"Blogin luominen ja hallinta Zoner Kotisivukoneessa"},"content":{"rendered":"\n<p>Haluaisitko aloittaa blogin? Zoner Kotisivukone sis\u00e4lt\u00e4\u00e4 blogiominaisuuden, jonka avulla voit luoda blogin helposti. Kirjoittamalla yritykseesi ja sen alaan liittyvi\u00e4 artikkeleita voit jakaa tietoa, her\u00e4tt\u00e4\u00e4 kiinnostusta tarjontaasi ja jopa parantaa hakukoneoptimointia.<\/p>\n\n\n\n<ul class=\"wp-block-list\">\n<li><a href=\"#1\">Blogin luominen<\/a><\/li>\n\n\n\n<li><a href=\"#2\">Blogin hallinta<\/a><\/li>\n\n\n\n<li><a href=\"#3\">Artikkelien kirjoittaminen<\/a><\/li>\n\n\n\n<li><a href=\"#4\">Blogin ja artikkelien julkaiseminen<\/a><\/li>\n<\/ul>\n\n\n\n<p><strong>Huom<\/strong>: Blogi sis\u00e4ltyy Zoner Kotisivukoneen <strong>Premium<\/strong>&#8211; ja <strong>Business<\/strong>-paketteihin.<\/p>\n\n\n\n<h2 class=\"wp-block-heading\" id=\"1\">Blogin luominen<\/h2>\n\n\n\n<p>Blogin voi luoda suoraan Zoner Kotisivukone -editorissa.<\/p>\n\n\n\n<ol class=\"wp-block-list\">\n<li>Avaa <strong>Zoner Kotisivukone -editori<\/strong>&nbsp;ja klikkaa&nbsp;<strong>Blogi<\/strong>&nbsp;vasemmanpuoleisessa valikossa.<\/li>\n\n\n\n<li>Klikkaa&nbsp;<strong>Aloita<\/strong>.<\/li>\n<\/ol>\n\n\n\n<figure class=\"wp-block-image size-large\"><img loading=\"lazy\" decoding=\"async\" width=\"1024\" height=\"660\" src=\"https:\/\/www.zoner.fi\/tuki\/wp-content\/uploads\/2025\/11\/blogi-1-1024x660.png\" alt=\"\" class=\"wp-image-137951\" srcset=\"https:\/\/www.zoner.fi\/tuki\/wp-content\/uploads\/2025\/11\/blogi-1-1024x660.png 1024w, https:\/\/www.zoner.fi\/tuki\/wp-content\/uploads\/2025\/11\/blogi-1-300x193.png 300w, https:\/\/www.zoner.fi\/tuki\/wp-content\/uploads\/2025\/11\/blogi-1-768x495.png 768w, https:\/\/www.zoner.fi\/tuki\/wp-content\/uploads\/2025\/11\/blogi-1-1536x990.png 1536w, https:\/\/www.zoner.fi\/tuki\/wp-content\/uploads\/2025\/11\/blogi-1.png 1719w\" sizes=\"auto, (max-width: 1024px) 100vw, 1024px\" \/><\/figure>\n\n\n\n<p>3. Valitse, miten haluat aloittaa blogiartikkeleiden kirjoittamisen. Anna&nbsp;<strong>teko\u00e4lyty\u00f6kalun<\/strong>&nbsp;luoda artikkeleita teksteineen ja kuvineen puolestasi, tai&nbsp;<strong>luo ne kokonaan itse<\/strong>. Jos valitset teko\u00e4lyvaihtoehdon, voit muokata artikkeleita ennen niiden julkaisemista.<\/p>\n\n\n\n<p>4. Klikkaa&nbsp;<strong>Jatka<\/strong>, kun olet valinnut haluamasi vaihtoehdon.<\/p>\n\n\n\n<p>Seuraava vaihe vaihtelee hieman sen mukaan, kumman vaihtoehdon valitsit edellisess\u00e4 vaiheessa. Jos haluat kirjoittaa kaiken itse, sinua pyydet\u00e4\u00e4n vain valitsemaan asettelu ennen kuin voit suorittaa asennuksen loppuun. Jos valitsit, ett\u00e4 ensimm\u00e4iset artikkelit luodaan teko\u00e4lyn avulla, tee seuraavat:<\/p>\n\n\n\n<ul class=\"wp-block-list\">\n<li>T\u00e4yt\u00e4 lomakkeeseen blogisi tiedot. N\u00e4it\u00e4 tietoja k\u00e4ytet\u00e4\u00e4n ensimm\u00e4isten blogikirjoitustesi luomiseen. Vain&nbsp;<strong>verkkosivuston kategoria<\/strong>&nbsp;on pakollinen tieto, mutta artikkeleista tulee sit\u00e4 tarkempia, mit\u00e4 enemm\u00e4n tietoja annat.<\/li>\n\n\n\n<li><strong>Rastita laatikko<\/strong>&nbsp;kent\u00e4n alapuolella osoittaaksesi, ett\u00e4 hyv\u00e4ksyt OpenAI:n k\u00e4ytt\u00f6ehdot ja tietosuojak\u00e4yt\u00e4nn\u00f6n.<\/li>\n\n\n\n<li>Klikkaa&nbsp;<strong>Jatka.<\/strong><\/li>\n\n\n\n<li>Valitse&nbsp;<strong>blogin asettelu<\/strong>. Voit esitt\u00e4\u00e4 artikkelit&nbsp;<strong>listana<\/strong>&nbsp;tai&nbsp;<strong>korttin\u00e4kym\u00e4ss\u00e4<\/strong>, jossa ne n\u00e4kyv\u00e4t pienin\u00e4, vierekk\u00e4isin\u00e4 laatikoina.<\/li>\n\n\n\n<li>Klikkaa&nbsp;<strong>Viimeistele asennus<\/strong>.<\/li>\n<\/ul>\n\n\n\n<p>Blogi luodaan ja se lis\u00e4t\u00e4\u00e4n&nbsp;erillisen\u00e4 sivuna kotisivuillesi. Sen nimi on oletusarvoisesti&nbsp;<strong>Blogi<\/strong>, mutta voit&nbsp;vaihtaa nimen my\u00f6hemmin, jos haluat.<\/p>\n\n\n\n<h2 class=\"wp-block-heading\" id=\"2\">Blogin hallinta<\/h2>\n\n\n\n<p>Blogiartikkeleita voi hallita blogin hallintapaneelissa. Klikkaa vasemmassa valikossa <strong>Blogi <\/strong>ja sitten <strong>Hallitse blogia<\/strong>.<\/p>\n\n\n\n<figure class=\"wp-block-image size-large\"><img loading=\"lazy\" decoding=\"async\" width=\"1024\" height=\"686\" src=\"https:\/\/www.zoner.fi\/tuki\/wp-content\/uploads\/2025\/11\/blogi-hallinta-1024x686.png\" alt=\"\" class=\"wp-image-137953\" srcset=\"https:\/\/www.zoner.fi\/tuki\/wp-content\/uploads\/2025\/11\/blogi-hallinta-1024x686.png 1024w, https:\/\/www.zoner.fi\/tuki\/wp-content\/uploads\/2025\/11\/blogi-hallinta-300x201.png 300w, https:\/\/www.zoner.fi\/tuki\/wp-content\/uploads\/2025\/11\/blogi-hallinta-768x514.png 768w, https:\/\/www.zoner.fi\/tuki\/wp-content\/uploads\/2025\/11\/blogi-hallinta-1536x1029.png 1536w, https:\/\/www.zoner.fi\/tuki\/wp-content\/uploads\/2025\/11\/blogi-hallinta.png 1726w\" sizes=\"auto, (max-width: 1024px) 100vw, 1024px\" \/><\/figure>\n\n\n\n<p>Blogin hallintapaneeli avautuu uuteen ikkunaan. Hallintapaneeli on jaettu&nbsp;kolmeen osioon, jotka l\u00f6ytyv\u00e4t vasemmanpuoleisesta valikosta:<\/p>\n\n\n\n<h3 class=\"wp-block-heading\" id=\"h_01JP2SZBVJT0G2QRVRMXKQT3FW\"><strong>Artikkelit<\/strong><\/h3>\n\n\n\n<p>T\u00e4st\u00e4 osiosta l\u00f6yd\u00e4t kaikki blogiartikkelisi. Klikkaa artikkelia, niin se avautuu editorissa. Lis\u00e4ksi voit:<\/p>\n\n\n\n<ul class=\"wp-block-list\">\n<li>Suodattaa artikkeleita&nbsp;<strong>tilan<\/strong>&nbsp;mukaan (julkaistut tai luonnokset).<\/li>\n\n\n\n<li>Suodattaa artikkeleita&nbsp;<strong>kategorioiden<\/strong>&nbsp;mukaan.<\/li>\n\n\n\n<li><strong>J\u00e4rjest\u00e4\u00e4<\/strong>&nbsp;artikkelit uusimmasta vanhimpaan tai toisin p\u00e4in.<\/li>\n<\/ul>\n\n\n\n<h3 class=\"wp-block-heading\" id=\"h_01JP2TGQ05Z2687VWHEE1BZTXB\"><strong>Kategoriat<\/strong><\/h3>\n\n\n\n<p>T\u00e4st\u00e4 osiosta l\u00f6yd\u00e4t kaikki luomasi kategoriat. Artikkelien j\u00e4rjest\u00e4minen kategorioihin auttaa k\u00e4vij\u00f6it\u00e4 l\u00f6yt\u00e4m\u00e4\u00e4n kiinnostavia artikkeleita.&nbsp;<\/p>\n\n\n\n<p>Lis\u00e4\u00e4 uusi kategoria klikkaamalla sinist\u00e4&nbsp;<strong>Lis\u00e4\u00e4 kategoria<\/strong>&nbsp;-painiketta oikeassa yl\u00e4kulmassa. T\u00e4yt\u00e4&nbsp;<strong>otsikko<\/strong>&nbsp;ja&nbsp;<strong>kuvaus<\/strong>,&nbsp;ja klikkaa<strong>&nbsp;Tallenna.<\/strong><\/p>\n\n\n\n<p>Jos haluat poistaa kategorian, klikkaa yleiskatsauksessa kategorian oikealla puolella olevaa roskakorikuvaketta.<\/p>\n\n\n\n<h3 class=\"wp-block-heading\" id=\"h_01JP2VFMH35WJAC5ZBVSBQTDC1\"><strong>Asetukset<\/strong><\/h3>\n\n\n\n<p>T\u00e4ss\u00e4 osiossa voit s\u00e4\u00e4t\u00e4\u00e4 asetuksia. Valitse&nbsp;<strong>blogin kieli<\/strong>, sek\u00e4 haluatko n\u00e4ytt\u00e4\u00e4 artikkeleissa&nbsp;<strong>julkaisup\u00e4iv\u00e4n<\/strong>.<\/p>\n\n\n\n<figure class=\"wp-block-image size-large\"><img loading=\"lazy\" decoding=\"async\" width=\"1024\" height=\"685\" src=\"https:\/\/www.zoner.fi\/tuki\/wp-content\/uploads\/2025\/11\/blogi-hallinta-2-1024x685.png\" alt=\"\" class=\"wp-image-137954\" srcset=\"https:\/\/www.zoner.fi\/tuki\/wp-content\/uploads\/2025\/11\/blogi-hallinta-2-1024x685.png 1024w, https:\/\/www.zoner.fi\/tuki\/wp-content\/uploads\/2025\/11\/blogi-hallinta-2-300x201.png 300w, https:\/\/www.zoner.fi\/tuki\/wp-content\/uploads\/2025\/11\/blogi-hallinta-2-768x514.png 768w, https:\/\/www.zoner.fi\/tuki\/wp-content\/uploads\/2025\/11\/blogi-hallinta-2-1536x1028.png 1536w, https:\/\/www.zoner.fi\/tuki\/wp-content\/uploads\/2025\/11\/blogi-hallinta-2.png 1730w\" sizes=\"auto, (max-width: 1024px) 100vw, 1024px\" \/><\/figure>\n\n\n\n<h2 class=\"wp-block-heading\" id=\"3\">Artikkelien kirjoittaminen<\/h2>\n\n\n\n<p>Aloita uusi artikkeli klikkaamalla sinist\u00e4 <strong>Luo artikkeli<\/strong> -painiketta (ks. yll\u00e4 oleva kuva) blogin hallintapaneelissa.<\/p>\n\n\n\n<p>N\u00e4et nyt blogiartikkelieditorin. Kirjoita artikkelin&nbsp;<strong>otsikko<\/strong>.<\/p>\n\n\n\n<p>Kirjoita artikkelin&nbsp;<strong>leip\u00e4teksti<\/strong>. Voit muuttaa tekstin tyyli\u00e4 ja muotoilua tai lis\u00e4t\u00e4 kuvia teksti-ikkunan yl\u00e4reunassa olevan paneelin asetuksilla. Voit muuttaa seuraavia asetuksia:<\/p>\n\n\n\n<ul class=\"wp-block-list\">\n<li>&nbsp;<strong>Otsikko\/kappale:<\/strong>&nbsp;Valitse, kuuluuko teksti kappaleeseen vai onko se otsikko.<\/li>\n\n\n\n<li>&nbsp;<strong>Fonttikoko:&nbsp;<\/strong>Muuta tekstin kokoa.<\/li>\n\n\n\n<li>&nbsp;<strong>B\/I\/U:&nbsp;<\/strong>Lihavointi, kursivointi ja alleviivaus.<\/li>\n\n\n\n<li>&nbsp;<strong>Tekstin v\u00e4ri:<\/strong>&nbsp;Muuta tekstin v\u00e4ri\u00e4. Voit valita viimeaikaisista v\u00e4reist\u00e4 tai klikata haluamaasi v\u00e4ri\u00e4.<\/li>\n\n\n\n<li>&nbsp;<strong>Linkki-kuvake:<\/strong>&nbsp;Lis\u00e4\u00e4 tekstiin linkki. Valitse, avautuuko linkki uuteen vai samaan ikkunaan.<\/li>\n\n\n\n<li>&nbsp;<strong>Kuva-kuvake:<\/strong>&nbsp;Lis\u00e4\u00e4 kuva, jonka olet ladannut sivutilaasi. Voit muokata kuvan kokoa ja SEO-asetuksia ja p\u00e4\u00e4tt\u00e4\u00e4, mit\u00e4 tapahtuu, kun k\u00e4vij\u00e4 klikkaa kuvaa.<\/li>\n\n\n\n<li>&nbsp;<strong>Video-kuvake:&nbsp;<\/strong>Lis\u00e4\u00e4 artikkeliin YouTube-video.<\/li>\n\n\n\n<li>&nbsp;<strong>Kohdistus:<\/strong>&nbsp;Kohdista teksti oikealle, vasemmalle tai keskelle, tai tasaa se.<\/li>\n\n\n\n<li>&nbsp;<strong>Lista tai numeroitu lista:<\/strong>&nbsp;N\u00e4ill\u00e4 kahdella kuvakkeella voit luoda artikkeliin (numeroituja) listoja.<\/li>\n\n\n\n<li>&nbsp;<strong>&#8217;Tyhjenn\u00e4 muotoilu\u201d -kuvake:<\/strong>&nbsp;Poista tekstist\u00e4 kaikki mukautetut muotoilut ja palaa yleisiss\u00e4 asetuksissa m\u00e4\u00e4ritettyyn oletustyyliin.<\/li>\n\n\n\n<li>&nbsp;<strong>Kumoa\/tee uudelleen -painikkeet:<\/strong>&nbsp;Poista viimeisin muutos tai tee poistetut muutokset uudelleen yhdell\u00e4 klikkauksella.<\/li>\n<\/ul>\n\n\n\n<p>Kun kirjoitat artikkelia, muista tallentaa se v\u00e4lill\u00e4 klikkaamalla&nbsp;<strong>Tallenna<\/strong>-painiketta oikeassa yl\u00e4kulmassa.<\/p>\n\n\n\n<figure class=\"wp-block-image size-large\"><img loading=\"lazy\" decoding=\"async\" width=\"1024\" height=\"685\" src=\"https:\/\/www.zoner.fi\/tuki\/wp-content\/uploads\/2025\/11\/blogi-artikkeli-1024x685.png\" alt=\"\" class=\"wp-image-137955\" srcset=\"https:\/\/www.zoner.fi\/tuki\/wp-content\/uploads\/2025\/11\/blogi-artikkeli-1024x685.png 1024w, https:\/\/www.zoner.fi\/tuki\/wp-content\/uploads\/2025\/11\/blogi-artikkeli-300x201.png 300w, https:\/\/www.zoner.fi\/tuki\/wp-content\/uploads\/2025\/11\/blogi-artikkeli-768x514.png 768w, https:\/\/www.zoner.fi\/tuki\/wp-content\/uploads\/2025\/11\/blogi-artikkeli-1536x1028.png 1536w, https:\/\/www.zoner.fi\/tuki\/wp-content\/uploads\/2025\/11\/blogi-artikkeli.png 1730w\" sizes=\"auto, (max-width: 1024px) 100vw, 1024px\" \/><\/figure>\n\n\n\n<h2 class=\"wp-block-heading\" id=\"step-7\">Lis\u00e4\u00e4 blogiartikkelin metatiedot<\/h2>\n\n\n\n<p>Kun olet kirjoittanut artikkelin, t\u00e4yt\u00e4 sen metatiedot. Niiden avulla voit hallita, miten artikkeli n\u00e4kyy kotisivuillasi, sosiaalisessa mediassa ja hakutuloksissa. Voit julkaista artikkelin my\u00f6s ilman n\u00e4it\u00e4 tietoja.<\/p>\n\n\n\n<p>K\u00e4y l\u00e4pi&nbsp;<strong>viisi<\/strong>&nbsp;pudotusvalikkoa editorin oikealla puolella ja t\u00e4yt\u00e4 tarvittavat tiedot:<\/p>\n\n\n\n<h3 class=\"wp-block-heading\" id=\"h_01K60410W3BQ2MFM3S750QDD15\"><strong>Artikkelin asetukset<\/strong><\/h3>\n\n\n\n<p>Klikkaa kalenterikuvaketta ja valitse julkaisup\u00e4iv\u00e4, jonka haluat n\u00e4kyv\u00e4n blogiartikkeleissa.<\/p>\n\n\n\n<h3 class=\"wp-block-heading\" id=\"h_01JP4ZK9JG3HA02PZY18C2ZWYM\"><strong>Kategoria<\/strong><\/h3>\n\n\n\n<p><strong>M\u00e4\u00e4rit\u00e4 artikkelin kategoriat<\/strong>&nbsp;(enint\u00e4\u00e4n 10). K\u00e4vij\u00e4t voivat suodattaa artikkeleita kategorian mukaan l\u00f6yt\u00e4\u00e4kseen etsim\u00e4ns\u00e4 sis\u00e4ll\u00f6n. Jos haluat luoda uuden kategorian, kirjoita sen nimi laatikon alla olevaan kentt\u00e4\u00e4n ja klikkaa&nbsp;<strong>Lis\u00e4\u00e4<\/strong>.<\/p>\n\n\n\n<h3 class=\"wp-block-heading\" id=\"h_01JP5031DFEGQBV01RPKP465B5\"><strong>Katkelma<\/strong><\/h3>\n\n\n\n<p>Katkelma on blogiartikkelin n\u00e4yte, joka n\u00e4kyy k\u00e4vij\u00f6ille sivustollasi. Valitse<strong>&nbsp;kuva<\/strong>&nbsp;ja kirjoita pieni&nbsp;<strong>yhteenveto<\/strong>, joka her\u00e4tt\u00e4\u00e4 k\u00e4vij\u00f6iden mielenkiinnon.<\/p>\n\n\n\n<h3 class=\"wp-block-heading\" id=\"h_01JP58FENF86618077QC0FB0X2\"><strong>SEO<\/strong><\/h3>\n\n\n\n<p><strong>Kytke painike p\u00e4\u00e4lle<\/strong>&nbsp;ja lis\u00e4\u00e4&nbsp;<strong>SEO-tiedot<\/strong>&nbsp;(otsikko, metakuvaus ja URL-osoite), jos haluat artikkelin n\u00e4kyv\u00e4n hakukoneiden tuloksissa. Osion yl\u00e4osassa olevasta esikatselusta voit n\u00e4hd\u00e4, miten ja miss\u00e4 kukin elementti n\u00e4kyy hakutuloksissa.<\/p>\n\n\n\n<h3 class=\"wp-block-heading\" id=\"h_01JP7TRK7KSECNYR8HZW70358Q\"><strong>Some-jakaminen<\/strong><\/h3>\n\n\n\n<p>Lis\u00e4\u00e4 SEO-asetusten tapaan&nbsp;<strong>kuva<\/strong>,&nbsp;<strong>otsikko<\/strong>&nbsp;ja&nbsp;<strong>kuvaus<\/strong>&nbsp;m\u00e4\u00e4ritt\u00e4\u00e4ksesi, miten artikkeli n\u00e4kyy, kun se jaetaan sosiaalisessa mediassa.&nbsp;<\/p>\n\n\n\n<p>Lis\u00e4tty\u00e4si tiedot klikkaa&nbsp;<strong>Tallenna<\/strong>&nbsp;ikkunan yl\u00e4reunassa tallentaaksesi artikkelin asetukset.<\/p>\n\n\n\n<figure class=\"wp-block-image size-large\"><img loading=\"lazy\" decoding=\"async\" width=\"1024\" height=\"685\" src=\"https:\/\/www.zoner.fi\/tuki\/wp-content\/uploads\/2025\/11\/blogi-7-1024x685.png\" alt=\"\" class=\"wp-image-137956\" srcset=\"https:\/\/www.zoner.fi\/tuki\/wp-content\/uploads\/2025\/11\/blogi-7-1024x685.png 1024w, https:\/\/www.zoner.fi\/tuki\/wp-content\/uploads\/2025\/11\/blogi-7-300x201.png 300w, https:\/\/www.zoner.fi\/tuki\/wp-content\/uploads\/2025\/11\/blogi-7-768x514.png 768w, https:\/\/www.zoner.fi\/tuki\/wp-content\/uploads\/2025\/11\/blogi-7-1536x1028.png 1536w, https:\/\/www.zoner.fi\/tuki\/wp-content\/uploads\/2025\/11\/blogi-7.png 1730w\" sizes=\"auto, (max-width: 1024px) 100vw, 1024px\" \/><\/figure>\n\n\n\n<h2 class=\"wp-block-heading\" id=\"4\">Blogin ja artikkelien julkaiseminen<\/h2>\n\n\n\n<p>Julkaise artikkeli sivustollasi klikkaamalla&nbsp;<strong>Julkaise<\/strong>&nbsp;artikkelieditorin oikeassa yl\u00e4kulmassa.<\/p>\n\n\n\n<figure class=\"wp-block-image size-large\"><img loading=\"lazy\" decoding=\"async\" width=\"1024\" height=\"737\" src=\"https:\/\/www.zoner.fi\/tuki\/wp-content\/uploads\/2025\/11\/blogi-julkaise-artikkeli-1024x737.png\" alt=\"\" class=\"wp-image-137958\" srcset=\"https:\/\/www.zoner.fi\/tuki\/wp-content\/uploads\/2025\/11\/blogi-julkaise-artikkeli-1024x737.png 1024w, https:\/\/www.zoner.fi\/tuki\/wp-content\/uploads\/2025\/11\/blogi-julkaise-artikkeli-300x216.png 300w, https:\/\/www.zoner.fi\/tuki\/wp-content\/uploads\/2025\/11\/blogi-julkaise-artikkeli-768x552.png 768w, https:\/\/www.zoner.fi\/tuki\/wp-content\/uploads\/2025\/11\/blogi-julkaise-artikkeli-1536x1105.png 1536w, https:\/\/www.zoner.fi\/tuki\/wp-content\/uploads\/2025\/11\/blogi-julkaise-artikkeli.png 1607w\" sizes=\"auto, (max-width: 1024px) 100vw, 1024px\" \/><\/figure>\n\n\n\n<p>Palaa Zoner Kotisivukone -editoriin ja&nbsp;<strong>julkaise sivustosi<\/strong>, jotta blogi n\u00e4kyy verkossa. T\u00e4m\u00e4 julkaisu t\u00e4ytyy tehd\u00e4 vain, kun luot ja lis\u00e4\u00e4t blogin sivustollesi ensimm\u00e4isen kerran. Kun luot seuraavan artikkelin, voit vain klikata&nbsp;<strong>Julkaise<\/strong>&nbsp;artikkelin editorissa, niin se n\u00e4kyy blogissa.<\/p>\n\n\n\n<p><strong>Vinkki:<\/strong>&nbsp;Jos haluat peruuttaa artikkelin julkaisun tai poistaa sen kokonaan, klikkaa&nbsp;<strong>kolmen pisteen kuvaketta<\/strong>&nbsp;artikkelin vieress\u00e4 blogin hallintapaneelin yleiskatsauksessa tai artikkelin editorissa.<\/p>\n\n\n\n<p><\/p>\n","protected":false},"excerpt":{"rendered":"<p>Haluaisitko aloittaa blogin? Zoner Kotisivukone sis\u00e4lt\u00e4\u00e4 blogiominaisuuden, jonka avulla voit luoda blogin helposti. Kirjoittamalla yritykseesi ja sen alaan liittyvi\u00e4 artikkeleita voit jakaa tietoa, her\u00e4tt\u00e4\u00e4 kiinnostusta tarjontaasi ja jopa parantaa hakukoneoptimointia. Huom: Blogi sis\u00e4ltyy Zoner Kotisivukoneen Premium&#8211; ja Business-paketteihin. Blogin luominen Blogin voi luoda suoraan Zoner Kotisivukone -editorissa. 3. Valitse, miten haluat aloittaa blogiartikkeleiden kirjoittamisen. Anna&nbsp;teko\u00e4lyty\u00f6kalun&nbsp;luoda &#8230; <a title=\"Blogin luominen ja hallinta Zoner Kotisivukoneessa\" class=\"read-more\" href=\"https:\/\/www.zoner.fi\/tuki\/kotisivukone\/zoner\/blogin-luominen\/\" aria-label=\"Lue lis\u00e4\u00e4 aiheesta Blogin luominen ja hallinta Zoner Kotisivukoneessa\">Lue lis\u00e4\u00e4<\/a><\/p>\n","protected":false},"author":18,"featured_media":0,"parent":137385,"menu_order":0,"comment_status":"closed","ping_status":"closed","template":"","meta":{"_relevanssi_hide_post":"","_relevanssi_hide_content":"","_relevanssi_pin_for_all":"","_relevanssi_pin_keywords":"","_relevanssi_unpin_keywords":"","_relevanssi_related_keywords":"","_relevanssi_related_include_ids":"","_relevanssi_related_exclude_ids":"","_relevanssi_related_no_append":"","_relevanssi_related_not_related":"","_relevanssi_related_posts":"131550,130464,130498,130899,130515,130578","_relevanssi_noindex_reason":"","footnotes":""},"categories":[166],"tags":[157,159,158],"wf_page_folders":[],"class_list":{"0":"post-137935","1":"page","2":"type-page","3":"status-publish","5":"category-zoner-kotisivukone","6":"tag-mobiili-ja-hakukoneoptimointi","7":"tag-sivut","8":"tag-yleiset"},"_links":{"self":[{"href":"https:\/\/www.zoner.fi\/tuki\/wp-json\/wp\/v2\/pages\/137935","targetHints":{"allow":["GET"]}}],"collection":[{"href":"https:\/\/www.zoner.fi\/tuki\/wp-json\/wp\/v2\/pages"}],"about":[{"href":"https:\/\/www.zoner.fi\/tuki\/wp-json\/wp\/v2\/types\/page"}],"author":[{"embeddable":true,"href":"https:\/\/www.zoner.fi\/tuki\/wp-json\/wp\/v2\/users\/18"}],"replies":[{"embeddable":true,"href":"https:\/\/www.zoner.fi\/tuki\/wp-json\/wp\/v2\/comments?post=137935"}],"version-history":[{"count":4,"href":"https:\/\/www.zoner.fi\/tuki\/wp-json\/wp\/v2\/pages\/137935\/revisions"}],"predecessor-version":[{"id":137964,"href":"https:\/\/www.zoner.fi\/tuki\/wp-json\/wp\/v2\/pages\/137935\/revisions\/137964"}],"up":[{"embeddable":true,"href":"https:\/\/www.zoner.fi\/tuki\/wp-json\/wp\/v2\/pages\/137385"}],"wp:attachment":[{"href":"https:\/\/www.zoner.fi\/tuki\/wp-json\/wp\/v2\/media?parent=137935"}],"wp:term":[{"taxonomy":"category","embeddable":true,"href":"https:\/\/www.zoner.fi\/tuki\/wp-json\/wp\/v2\/categories?post=137935"},{"taxonomy":"post_tag","embeddable":true,"href":"https:\/\/www.zoner.fi\/tuki\/wp-json\/wp\/v2\/tags?post=137935"},{"taxonomy":"wf_page_folders","embeddable":true,"href":"https:\/\/www.zoner.fi\/tuki\/wp-json\/wp\/v2\/wf_page_folders?post=137935"}],"curies":[{"name":"wp","href":"https:\/\/api.w.org\/{rel}","templated":true}]}}