{"id":138163,"date":"2025-11-25T08:23:26","date_gmt":"2025-11-25T06:23:26","guid":{"rendered":"https:\/\/www.zoner.fi\/tuki\/?page_id=138163"},"modified":"2025-11-25T08:23:28","modified_gmt":"2025-11-25T06:23:28","slug":"wordpress-asennus","status":"publish","type":"page","link":"https:\/\/www.zoner.fi\/tuki\/webhotellit\/zoner-home\/wordpress-asennus\/","title":{"rendered":"Miten WordPress asennus onnistuu?"},"content":{"rendered":"\n<p><a href=\"https:\/\/www.zoner.fi\/wordpress\/\">WordPress<\/a> on maailman suosituin julkaisuj\u00e4rjestelm\u00e4 ja valtaosa valitseekin sen omien kotisivujen alustaksi. K\u00e4ymme t\u00e4ss\u00e4 ohjeessa l\u00e4pi, miten WordPress asennus onnistuu ja mit\u00e4 siin\u00e4 tulee huomioida. WordPress-asennus webhotelliin on helppo tehd\u00e4 n\u00e4iden kuvallisten ohjeiden avulla.<\/p>\n\n\n\n<p>Jos haluat p\u00e4\u00e4st\u00e4 viel\u00e4kin helpommalla, on <a href=\"https:\/\/www.zoner.fi\/wordpress\/wp-one\/\">WordPress-hosting<\/a> sinulle paras vaihtoehto. T\u00e4ll\u00f6in asennamme WordPress-julkaisuj\u00e4rjestelm\u00e4n puolestasi.<\/p>\n\n\n\n<ul class=\"wp-block-list\">\n<li><a href=\"#1\">Mit\u00e4 ennen WordPress-asennusta tulee tehd\u00e4?<\/a><\/li>\n\n\n\n<li><a href=\"#2\">WordPressin asentaminen webhotellin asennusohjelmalla tai manuaalisesti<\/a><\/li>\n<\/ul>\n\n\n\n<h2 class=\"gb-headline gb-headline-68e05d17 gb-headline-text\" id=\"1\">Mit\u00e4 ennen WordPress-asennusta tulee tehd\u00e4?<\/h2>\n\n\n\n<p><a href=\"https:\/\/www.zoner.fi\/wordpress\/wordpress-kotisivut\/\">WordPress-kotisivut<\/a> tarvitsevat aina jonkin osoitteen ja paikan, jossa ne sijaitsevat. T\u00e4t\u00e4 varten hankitaan tyypillisesti <a href=\"https:\/\/www.zoner.fi\/webhotellit\/\">webhotelli<\/a>. Webhotelli sis\u00e4lt\u00e4\u00e4 kotisivutilan, verkkotunnuksen ja s\u00e4hk\u00f6postin k\u00e4tev\u00e4sti samassa palvelussa. Voit tietenkin hankkia my\u00f6s jo aiemmin mainitun WP.one-palvelun.<\/p>\n\n\n\n<p>Asennusvaihtoehtoja on olemassa kaksi: asennusohjelman k\u00e4ytt\u00f6 tai WordPress-asennus k\u00e4sin. Huomattavasti helpompaa on asentaa WordPress webhotellin asennusohjelmaa k\u00e4ytt\u00e4m\u00e4ll\u00e4.<\/p>\n\n\n\n<h2 class=\"wp-block-heading\" id=\"2\">WordPressin asentaminen webhotellin asennusohjelmalla tai manuaalisesti<\/h2>\n\n\n\n<ul class=\"wp-block-list\">\n<li><a href=\"#zoner-home-asennus\">WordPressin asentaminen Zoner Home -webhotellin asennusohjelmalla<\/a><\/li>\n\n\n\n<li><a href=\"#zoner-home-asennus-ei-ohjelmaa\">WordPress-asennusohje Zoner Home -webhotellissa ilman apuohjelmaa<\/a><\/li>\n\n\n\n<li><a href=\"#miten-kirjaudun-1\">Miten kirjaudun WordPressiin?<\/a><\/li>\n<\/ul>\n\n\n\n<p><strong>Huomaa: Varmista ennen asentamista, ett\u00e4 verkkotunnuksen PHP-versio on asetettu uusimpaan versioon.<\/strong> <strong>T\u00e4m\u00e4n oppaan avulla voit m\u00e4\u00e4ritt\u00e4\u00e4 PHP-version:<\/strong> <a href=\"https:\/\/www.zoner.fi\/tuki\/webhotellit\/miten-valitsen-php-version-webhotellissa\/\">Miten valitsen PHP-version webhotellissa?<\/a><\/p>\n\n\n\n<h2 class=\"wp-block-heading\" id=\"zoner-home-asennus\">WordPressin asentaminen Zoner Home -webhotellin asennusohjelmalla<\/h2>\n\n\n\n<p>Zoner Homen WordPres-asennusohjelma ei valitettavasti t\u00e4ll\u00e4 hetkell\u00e4 ole k\u00e4ytett\u00e4viss\u00e4. Voit asentaa WordPressin manuaalisesti alla olevalla ohjeella tai pyyt\u00e4\u00e4 apua asiakaspalvelultamme: tuki@zoner.fi.<\/p>\n\n\n\n<h2 class=\"gb-headline gb-headline-a90c5f66 gb-headline-text\" id=\"zoner-home-asennus-ei-ohjelmaa\">WordPress-asennusohje ilman apuohjelmaa<\/h2>\n\n\n\n<p>WordPress julkaisuj\u00e4rjestelm\u00e4n asentaminen onnistuu tarvittaessa my\u00f6s ilman webhotellin asennuohjelmaa. T\u00e4ss\u00e4 k\u00e4yd\u00e4\u00e4n vaiheittain l\u00e4pi WordPress-asennus k\u00e4sin suoraan palvelimelle.<\/p>\n\n\n\n<ol class=\"wp-block-list\">\n<li>Lataa ensin itsellesi WordPressin asennustiedostot osoitteesta: <a href=\"https:\/\/fi.wordpress.org\/download\/\" target=\"_blank\" rel=\"noopener\">https:\/\/fi.wordpress.org\/download\/<\/a><\/li>\n\n\n\n<li>Luo WordPressille yksi vapaa tietokanta webhotellisi Zoner Home -hallintapaneelin Tietokannat-sivulla &#8211; ohje: <a href=\"https:\/\/www.zoner.fi\/tuki\/webhotellit\/miten-luon-mysql-tietokannan\/\">Miten luon MySQL-tietokannan?<\/a><br>Kirjautumisosoite sek\u00e4 tunnukset hallintapaneeliin on toimitettu sinulle webhotellitilauksen k\u00e4sittelyn yhteydess\u00e4. Tarvittaessa saat uudet tunnukset pyydetty\u00e4 s\u00e4hk\u00f6postitse asiakaspalvelustamme:&nbsp;<a href=\"mailto:tuki@zoner.fi\">tuki@zoner.fi<\/a>.<br><br>On suositeltavaa luoda yksi oma tietokanta jokaista samaan webhotelliin tulevaa WordPress-asennusta kohden.<br><\/li>\n\n\n\n<li>Lataa koneelle purkamasi WordPress-asennustiedostot FTP-yhteyden avulla haluttuun sijaintiin webhotellissa. Mik\u00e4li FTP-ohjelman k\u00e4ytt\u00f6 ei ole tuttua, tutustu alkuun&nbsp;<a href=\"https:\/\/www.zoner.fi\/tuki\/webhotellit\/miten-kaytan-ftp-ohjelmaa-webhotellissa\/\">t\u00e4h\u00e4n ohjeeseen<\/a>. Tiedostot voi helposti asentaa verkkotunnuksen lis\u00e4ksi my\u00f6s alidomainiin tai alikansioon. <br><\/li>\n\n\n\n<li>M\u00e4\u00e4rit\u00e4 tietokannan asetukset WordPress-asennukseesi vierailemalla asennuksen osoitteessa selaimellasi. Voit toki t\u00e4ytt\u00e4\u00e4 tietokannan asetukset valmiiksi wp-config-tiedostoon ennen tiedostojen siirtoa palvelimelle FTP-yhteydell\u00e4.<br><\/li>\n\n\n\n<li>T\u00e4yt\u00e4 loput m\u00e4\u00e4rityksesi sivustolle ja valmista! WordPress on nyt asennettu. P\u00e4\u00e4set kirjautumaan WordPress-hallintapaneeliin, kun kirjoitat selaimelle osoitteen, johon teit asennuksen sek\u00e4 per\u00e4\u00e4n viel\u00e4 \/wp-admin<\/li>\n<\/ol>\n\n\n\n<h2 class=\"wp-block-heading\" id=\"miten-kirjaudun-1\">Miten kirjaudun WordPressiin?<\/h2>\n\n\n\n<p>Voit kirjautua sivustosi WordPress-hallintapaneeliin kirjoittamalla selaimen osoiteriville oman verkkotunnuksesi ja sen per\u00e4\u00e4n \/wp-admin<br><strong>Esimerkki<\/strong>: Jos verkkotunnuksesi olisi &#8221;omaverkkotunnus.fi&#8221;, kirjoita selaimeen &#8221;omaverkkotunnus.fi\/wp-admin&#8221;<br>Kirjaudu k\u00e4ytt\u00e4m\u00e4ll\u00e4 WordPress-asennuksen aikana m\u00e4\u00e4ritetty\u00e4 k\u00e4ytt\u00e4j\u00e4nime\u00e4 ja salasanaa.<\/p>\n","protected":false},"excerpt":{"rendered":"<p>T\u00e4ss\u00e4 ohjeessa k\u00e4ymme l\u00e4pi, kuinka WordPress -julkaisuj\u00e4rjestelm\u00e4n voi asentaa webhotelliin helposti my\u00f6s itse. Tarjoamme lis\u00e4ksi my\u00f6s WordPress-optimoituja WP-Cloud -paketteja, joihin WordPress -asennus sis\u00e4ltyy aina valmiina.<\/p>\n","protected":false},"author":18,"featured_media":0,"parent":137347,"menu_order":45,"comment_status":"closed","ping_status":"closed","template":"","meta":{"_relevanssi_hide_post":"","_relevanssi_hide_content":"","_relevanssi_pin_for_all":"","_relevanssi_pin_keywords":"","_relevanssi_unpin_keywords":"","_relevanssi_related_keywords":"","_relevanssi_related_include_ids":"","_relevanssi_related_exclude_ids":"","_relevanssi_related_no_append":"","_relevanssi_related_not_related":"","_relevanssi_related_posts":"1066,1076,1063","_relevanssi_noindex_reason":"","footnotes":""},"categories":[217],"tags":[95],"wf_page_folders":[],"class_list":{"0":"post-138163","1":"page","2":"type-page","3":"status-publish","5":"category-zoner-home-webhotellit","6":"tag-ohjelmistot"},"_links":{"self":[{"href":"https:\/\/www.zoner.fi\/tuki\/wp-json\/wp\/v2\/pages\/138163","targetHints":{"allow":["GET"]}}],"collection":[{"href":"https:\/\/www.zoner.fi\/tuki\/wp-json\/wp\/v2\/pages"}],"about":[{"href":"https:\/\/www.zoner.fi\/tuki\/wp-json\/wp\/v2\/types\/page"}],"author":[{"embeddable":true,"href":"https:\/\/www.zoner.fi\/tuki\/wp-json\/wp\/v2\/users\/18"}],"replies":[{"embeddable":true,"href":"https:\/\/www.zoner.fi\/tuki\/wp-json\/wp\/v2\/comments?post=138163"}],"version-history":[{"count":1,"href":"https:\/\/www.zoner.fi\/tuki\/wp-json\/wp\/v2\/pages\/138163\/revisions"}],"predecessor-version":[{"id":138165,"href":"https:\/\/www.zoner.fi\/tuki\/wp-json\/wp\/v2\/pages\/138163\/revisions\/138165"}],"up":[{"embeddable":true,"href":"https:\/\/www.zoner.fi\/tuki\/wp-json\/wp\/v2\/pages\/137347"}],"wp:attachment":[{"href":"https:\/\/www.zoner.fi\/tuki\/wp-json\/wp\/v2\/media?parent=138163"}],"wp:term":[{"taxonomy":"category","embeddable":true,"href":"https:\/\/www.zoner.fi\/tuki\/wp-json\/wp\/v2\/categories?post=138163"},{"taxonomy":"post_tag","embeddable":true,"href":"https:\/\/www.zoner.fi\/tuki\/wp-json\/wp\/v2\/tags?post=138163"},{"taxonomy":"wf_page_folders","embeddable":true,"href":"https:\/\/www.zoner.fi\/tuki\/wp-json\/wp\/v2\/wf_page_folders?post=138163"}],"curies":[{"name":"wp","href":"https:\/\/api.w.org\/{rel}","templated":true}]}}