{"id":138264,"date":"2025-12-11T09:43:08","date_gmt":"2025-12-11T07:43:08","guid":{"rendered":"https:\/\/www.zoner.fi\/tuki\/?page_id=138264"},"modified":"2025-12-11T10:01:18","modified_gmt":"2025-12-11T08:01:18","slug":"wordpress-template","status":"publish","type":"page","link":"https:\/\/www.zoner.fi\/tuki\/kumppanit\/wordpress-template\/","title":{"rendered":"WordPress-templaten luominen DirectAdminissa"},"content":{"rendered":"\n<p>Jos rakennat paljon WordPress-sivustoja, voit nopeuttaa niiden rakentamista luomalla WordPress-templaten, johon voit tallentaa valmiiksi esim. tietyt asetukset, lis\u00e4osat ja teemat.<\/p>\n\n\n\n<p>Aloittamalla uuden sivuston templaten avulla voit esiasentaa tarvitsemasi asetukset samalla WordPressin kanssa, jolloin esim. samoja lis\u00e4osia ei tarvitse joka kerta asentaa erikseen.<\/p>\n\n\n\n<p>Templaten voi luoda J\u00e4lleenmyyj\u00e4-webhotellin DirectAdminissa:<\/p>\n\n\n\n<ol class=\"wp-block-list\">\n<li>Kirjaudu J\u00e4lleenmyyj\u00e4-webhotellin DirectAdminiin &#8211; jotta voit k\u00e4ytt\u00e4\u00e4 templatea asiakkaidesi webhotelleissa, sinun t\u00e4ytyy luoda se J\u00e4lleenmyyj\u00e4-tilill\u00e4.<\/li>\n\n\n\n<li>Asenna ensin WordPress Installatron-ohjelmalla: <a href=\"https:\/\/www.zoner.fi\/tuki\/wordpress\/miten-wordpress-asennus-onnistuu\/#installatron\">ohje<\/a>.<\/li>\n\n\n\n<li>Kirjaudu asennuksen WP Adminiin ja tee siell\u00e4 muutokset, jotka haluat tallentaa templateen. Voit esim. asentaa lis\u00e4osia ja teemoja ja muokata asetuksia.<\/li>\n\n\n\n<li>Palaa DirectAdminiin ja avaa Installatronissa <strong>Sovellukset<\/strong>-v\u00e4lilehti.<\/li>\n\n\n\n<li>Klikkaa WordPress-asennuksen kohdalla valikkokuvaketta, ja sitten <strong>Template<\/strong>.<\/li>\n\n\n\n<li>M\u00e4\u00e4rit\u00e4 template: anna sille otsikko, kuvaus ja muut pyydetyt tiedot. Muista valita Availability-kohdassa &#8221;<strong>Make this template available as a new application<\/strong>&#8221;.<\/li>\n\n\n\n<li>Klikkaa lopussa <strong>+ Template<\/strong> -painiketta. WordPress asennuksesta tehd\u00e4\u00e4n varmuuskopio ja se tallennetaan templateksi.<\/li>\n\n\n\n<li>Jatkossa voit k\u00e4ytt\u00e4\u00e4 t\u00e4t\u00e4 templatea, kun luot uusia WordPress-asennuksia.<\/li>\n<\/ol>\n\n\n\n<p><\/p>\n","protected":false},"excerpt":{"rendered":"<p>Asiakkaan hallintan\u00e4kym\u00e4 mahdollistaa useiden verkkotunnusten liitt\u00e4misen webhotelliin. Voit tehd\u00e4 liitt\u00e4misen kirjautumalla asiakkaan webhotelliin J\u00e4lleenmyyj\u00e4-tunnusten kautta.<\/p>\n","protected":false},"author":18,"featured_media":0,"parent":136059,"menu_order":8,"comment_status":"closed","ping_status":"closed","template":"","meta":{"_relevanssi_hide_post":"","_relevanssi_hide_content":"","_relevanssi_pin_for_all":"","_relevanssi_pin_keywords":"","_relevanssi_unpin_keywords":"","_relevanssi_related_keywords":"","_relevanssi_related_include_ids":"","_relevanssi_related_exclude_ids":"","_relevanssi_related_no_append":"","_relevanssi_related_not_related":"","_relevanssi_related_posts":"1066,1063,1076","_relevanssi_noindex_reason":"","footnotes":""},"categories":[71],"tags":[88],"wf_page_folders":[],"class_list":{"0":"post-138264","1":"page","2":"type-page","3":"status-publish","5":"category-kumppanit","6":"tag-jalleenmyyjat"},"_links":{"self":[{"href":"https:\/\/www.zoner.fi\/tuki\/wp-json\/wp\/v2\/pages\/138264","targetHints":{"allow":["GET"]}}],"collection":[{"href":"https:\/\/www.zoner.fi\/tuki\/wp-json\/wp\/v2\/pages"}],"about":[{"href":"https:\/\/www.zoner.fi\/tuki\/wp-json\/wp\/v2\/types\/page"}],"author":[{"embeddable":true,"href":"https:\/\/www.zoner.fi\/tuki\/wp-json\/wp\/v2\/users\/18"}],"replies":[{"embeddable":true,"href":"https:\/\/www.zoner.fi\/tuki\/wp-json\/wp\/v2\/comments?post=138264"}],"version-history":[{"count":12,"href":"https:\/\/www.zoner.fi\/tuki\/wp-json\/wp\/v2\/pages\/138264\/revisions"}],"predecessor-version":[{"id":138285,"href":"https:\/\/www.zoner.fi\/tuki\/wp-json\/wp\/v2\/pages\/138264\/revisions\/138285"}],"up":[{"embeddable":true,"href":"https:\/\/www.zoner.fi\/tuki\/wp-json\/wp\/v2\/pages\/136059"}],"wp:attachment":[{"href":"https:\/\/www.zoner.fi\/tuki\/wp-json\/wp\/v2\/media?parent=138264"}],"wp:term":[{"taxonomy":"category","embeddable":true,"href":"https:\/\/www.zoner.fi\/tuki\/wp-json\/wp\/v2\/categories?post=138264"},{"taxonomy":"post_tag","embeddable":true,"href":"https:\/\/www.zoner.fi\/tuki\/wp-json\/wp\/v2\/tags?post=138264"},{"taxonomy":"wf_page_folders","embeddable":true,"href":"https:\/\/www.zoner.fi\/tuki\/wp-json\/wp\/v2\/wf_page_folders?post=138264"}],"curies":[{"name":"wp","href":"https:\/\/api.w.org\/{rel}","templated":true}]}}