{"id":213,"date":"2019-02-15T14:33:42","date_gmt":"2019-02-15T12:33:42","guid":{"rendered":"https:\/\/www.zoner.fi\/tuki\/?page_id=213"},"modified":"2025-11-25T13:38:38","modified_gmt":"2025-11-25T11:38:38","slug":"miten-siirran-domainin-zonerille","status":"publish","type":"page","link":"https:\/\/www.zoner.fi\/tuki\/verkkotunnus\/miten-siirran-domainin-zonerille\/","title":{"rendered":"Miten siirr\u00e4n domainin Zonerille?"},"content":{"rendered":"\n<p><em>Ohje tarkistettu: 22.6.2021<\/em><\/p>\n\n\n\n<p><a href=\"https:\/\/www.zoner.fi\/verkkotunnus\/\">Verkkotunnus <\/a>eli domain siirret\u00e4\u00e4n palveluntarjoajalta toiselle helposti. Siirtoon tarvitaan kuitenkin muutamia toimenpiteit\u00e4, jotka vaihtelevat hieman valitusta domainista.<\/p>\n\n\n\n<p>T\u00e4ss\u00e4 ohjeessa k\u00e4ymme l\u00e4pi domainin siirt\u00e4miseen liittyv\u00e4t toimenpiteet.<\/p>\n\n\n\n<p><strong>Huom: Verkkotunnuksen voimassaoloaikaa ei lis\u00e4t\u00e4 siirron yhteydess\u00e4.<\/strong><\/p>\n\n\n\n<h2 class=\"wp-block-heading\">Suomalaisen .fi domainin siirto<\/h2>\n\n\n\n<p>Suomalainen .<a href=\"https:\/\/www.zoner.fi\/verkkotunnus\/fi-domain\/\">fi domain<\/a> siirret\u00e4\u00e4n v\u00e4litt\u00e4j\u00e4lt\u00e4 toiselle niin kutsutun <strong>v\u00e4litt\u00e4j\u00e4nvaihtoavaimen<\/strong> avulla. Toimita t\u00e4m\u00e4 avain meille, joko tilauksen yhteydess\u00e4 tai j\u00e4lkik\u00e4teen s\u00e4hk\u00f6postilla.<\/p>\n\n\n\n<p>V\u00e4litt\u00e4j\u00e4nvaihtoavaimen saat vanhalta palveluntarjoajaltasi pyynn\u00f6st\u00e4. Mik\u00e4li et tied\u00e4, kuka domainin nykyinen v\u00e4litt\u00e4j\u00e4 on, voit tarkistaa sen\u00a0<a href=\"https:\/\/www.zoner.fi\/verkkotunnus\/kenen-domain\/\" target=\"_blank\" rel=\"noreferrer noopener\">ohjeemme avulla<\/a>. Mik\u00e4li verkkotunnuksella ei ole viel\u00e4 lainkaan v\u00e4litt\u00e4j\u00e4\u00e4, saat tarvittavan v\u00e4litt\u00e4j\u00e4n vaihtoavaimen Traficomin asiakaspalvelusta.<\/p>\n\n\n\n<p>V\u00e4litt\u00e4j\u00e4nvaihtoavaimen avulla saamme liitetty\u00e4 domainin hallintaamme ja hoidamme jatkossa sen hallinnointia, kuten jatkorekister\u00f6innin ja nimipalvelinten muutokset. Oletuksena s\u00e4ilyt\u00e4mme domainin nimipalvelimet aluksi ennallaan, jolloin liikenne ohjautuu yh\u00e4 vanhaan palveluun.<\/p>\n\n\n\n<p>Voit siis rauhassa siirt\u00e4\u00e4 sivustosi \/ luoda tarvittavat asetukset kuntoon. Kun kaikki on valmista siirron osalta, vaihdamme verkkotunnuksen nimipalvelimet osoittamaan palveluumme erillisest\u00e4 pyynn\u00f6st\u00e4si \/ hyv\u00e4ksynn\u00e4st\u00e4si.<\/p>\n\n\n\n<p>Nimipalvelinten vaihtamisen j\u00e4lkeen, kest\u00e4\u00e4 noin 24h, jonka aikana operaattoreiden nimipalvelintiedot p\u00e4ivittyv\u00e4t ymp\u00e4ri maailmaa. T\u00e4m\u00e4n 24h kuluessa voi liikenn\u00f6inti ohjautua hieman sattumanvaraisesti, joko vanhaan tai uuteen palveluun.<\/p>\n\n\n\n<h3 class=\"wp-block-heading\">Kansainv\u00e4listen verkkotunnusten, kuten .com ja .net siirto<\/h3>\n\n\n\n<p>Kun kyseess\u00e4 on <a href=\"https:\/\/www.zoner.fi\/verkkotunnus\/com-domain\/\">.com domain<\/a> tai jokin muu kansainv\u00e4linen verkkotunnus, ilmoita nykyiselle palveluntarjoajalle palveluntarjoajan vaihtumisesta ja pyyd\u00e4 poistamaan domainin turvalukitus (Registrar Lock) ja pyyd\u00e4 domainin siirtoavain (tunnetaan muun muassa nimill\u00e4: Transaction ID, Domain password, Auth-id, EPP key). Toimita avain meille tilauksen yhteydess\u00e4 tai j\u00e4lkik\u00e4teen s\u00e4hk\u00f6postilla.<\/p>\n\n\n\n<p>T\u00e4m\u00e4n j\u00e4lkeen haemme domainin siirtoa ja siirrosta l\u00e4htee s\u00e4hk\u00f6inen vahvistuspyynt\u00f6 sek\u00e4 domainin omistajan s\u00e4hk\u00f6postiosoitteeseen ett\u00e4 domainille merkityn teknisen kontaktin (yleens\u00e4 vanha palveluntarjoaja) s\u00e4hk\u00f6postiosoitteeseen. Huom! T\u00e4h\u00e4n s\u00e4hk\u00f6postiin tulee jomman kumman tahon vastata my\u00f6nt\u00e4v\u00e4sti, ett\u00e4 siirtoprosessi alkaa. Siirto kest\u00e4\u00e4 tavallisesti 1-7 p\u00e4iv\u00e4\u00e4.<\/p>\n\n\n\n<h3 class=\"wp-block-heading\">Kuinka itse kotisivujen siirto etenee?<\/h3>\n\n\n\n<p>1. Tilaa sivuiltamme alkuun sinulle sopiva palvelu, kuten&nbsp;<a href=\"https:\/\/www.zoner.fi\/webhotellit\/\">webhotelli<\/a>&nbsp;tai&nbsp;<a href=\"https:\/\/www.zoner.fi\/wordpress\/\">WordPress-optimoitu yll\u00e4pito<\/a>.<\/p>\n\n\n\n<p>Valitse tilauksen yhteydess\u00e4 haluttu verkkotunnus verkkotunnushakumme kautta ja valitse varatuille verkkotunnuksille ilmestyv\u00e4 valinta &#8221;Siirr\u00e4&#8221;. <br><br>Verkkotunnuksen v\u00e4litt\u00e4j\u00e4nvaihtoavaimen voi toimittaa tilauksella olevaan kommenttikentt\u00e4\u00e4n.<\/p>\n\n\n\n<figure class=\"wp-block-image size-full is-resized\"><img loading=\"lazy\" decoding=\"async\" width=\"953\" height=\"172\" src=\"https:\/\/www.zoner.fi\/tuki\/wp-content\/uploads\/2024\/03\/image.png\" alt=\"\" class=\"wp-image-131588\" style=\"width:909px;height:auto\" srcset=\"https:\/\/www.zoner.fi\/tuki\/wp-content\/uploads\/2024\/03\/image.png 953w, https:\/\/www.zoner.fi\/tuki\/wp-content\/uploads\/2024\/03\/image-300x54.png 300w, https:\/\/www.zoner.fi\/tuki\/wp-content\/uploads\/2024\/03\/image-768x139.png 768w\" sizes=\"auto, (max-width: 953px) 100vw, 953px\" \/><\/figure>\n\n\n\n<p>2. Saat pian tilauksen j\u00e4lkeen tunnukset tilaamaasi palveluun. Tunnukset saatuasi voit siirt\u00e4\u00e4 omaan tahtiin web-sivusi palvelimelle. Mik\u00e4li valitsit tilauksen yhteydess\u00e4 vaihtoehdon, ett\u00e4 Zoner hoitaa sivustosi siirron, on asiakaspalvelijamme sinuun erikseen yhteydess\u00e4 siirtoon liittyen.<\/p>\n\n\n\n<p>Aloitamme verkkotunnuksen siirtoprosessin heti, kun olemme saaneet tarvittavat kriteerit t\u00e4ytetty\u00e4 (katso ylemp\u00e4\u00e4). Ennen verkkotunnuksen siirtoa, voit katsella ja k\u00e4ytt\u00e4\u00e4 sivustoasi v\u00e4liaikaisen osoitteen avulla, joka l\u00f6ytyy palvelun tunnusviestist\u00e4.<\/p>\n\n\n\n<p>3. Kun domain on siirtynyt meid\u00e4n hallintaan, ja olette tehneet tarvittavat toimenpiteet, (vanhojen sivujen siirto, s\u00e4hk\u00f6postitilien luonti yms) voimme vaihtaa verkkotunnuksenne osoittamaan uudelle palvelimelle pyynn\u00f6st\u00e4nne.<\/p>\n\n\n\n<p>Voit nopeuttaa verkkotunnuksen n\u00e4kymist\u00e4 palvelussamme, pyyt\u00e4m\u00e4ll\u00e4 entist\u00e4 palveluntarjoajaasi vaihtamaan verkkotunnukselle meid\u00e4n nimipalvelimet. N\u00e4in domain osoittaa jo valmiiksi Zonerin palveluun ja siirto voidaan suorittaa taustalla.<\/p>\n\n\n\n<h3 class=\"wp-block-heading\">Vanhan palvelun irtisanominen<\/h3>\n\n\n\n<p>Huomaathan, ett\u00e4 emme pysty irtisanomaan vanhoja palveluitasi automaattisesti, vaan sinun on irtisanottava ne itse vanhalla palveluntarjoajallasi. Suosittelemme varmistamaan ennen vanhan palvelun p\u00e4\u00e4ttymist\u00e4, ett\u00e4 verkkotunnus on siirtynyt kokonaisuudessaan ja ett\u00e4 olet kopioinut ja siirt\u00e4nyt kaikki tarvittavat sivustot ja s\u00e4hk\u00f6postit.<\/p>\n","protected":false},"excerpt":{"rendered":"<p>Domainin siirto palveluntarjoajalta toiselle onnistuu helposti. Siirtoon tarvitaan kuitenkin muutamia toimenpiteit\u00e4, jotka vaihtelevat hieman valitusta domainista.<\/p>\n","protected":false},"author":1,"featured_media":0,"parent":72,"menu_order":28,"comment_status":"closed","ping_status":"closed","template":"","meta":{"_relevanssi_hide_post":"","_relevanssi_hide_content":"","_relevanssi_pin_for_all":"","_relevanssi_pin_keywords":"","_relevanssi_unpin_keywords":"","_relevanssi_related_keywords":"","_relevanssi_related_include_ids":"","_relevanssi_related_exclude_ids":"","_relevanssi_related_no_append":"","_relevanssi_related_not_related":"","_relevanssi_related_posts":"1076,1063,1066","_relevanssi_noindex_reason":"","footnotes":""},"categories":[211,212,209,210],"tags":[208],"wf_page_folders":[],"class_list":{"0":"post-213","1":"page","2":"type-page","3":"status-publish","5":"category-cpanel-webhotelli-fi","6":"category-cpanel-wepardi-verkkotunnus","7":"category-directadmin-verkkotunnus","8":"category-zoner-home-verkkotunnus","9":"tag-verkkotunnuksen-siirtaminen"},"_links":{"self":[{"href":"https:\/\/www.zoner.fi\/tuki\/wp-json\/wp\/v2\/pages\/213","targetHints":{"allow":["GET"]}}],"collection":[{"href":"https:\/\/www.zoner.fi\/tuki\/wp-json\/wp\/v2\/pages"}],"about":[{"href":"https:\/\/www.zoner.fi\/tuki\/wp-json\/wp\/v2\/types\/page"}],"author":[{"embeddable":true,"href":"https:\/\/www.zoner.fi\/tuki\/wp-json\/wp\/v2\/users\/1"}],"replies":[{"embeddable":true,"href":"https:\/\/www.zoner.fi\/tuki\/wp-json\/wp\/v2\/comments?post=213"}],"version-history":[{"count":10,"href":"https:\/\/www.zoner.fi\/tuki\/wp-json\/wp\/v2\/pages\/213\/revisions"}],"predecessor-version":[{"id":138170,"href":"https:\/\/www.zoner.fi\/tuki\/wp-json\/wp\/v2\/pages\/213\/revisions\/138170"}],"up":[{"embeddable":true,"href":"https:\/\/www.zoner.fi\/tuki\/wp-json\/wp\/v2\/pages\/72"}],"wp:attachment":[{"href":"https:\/\/www.zoner.fi\/tuki\/wp-json\/wp\/v2\/media?parent=213"}],"wp:term":[{"taxonomy":"category","embeddable":true,"href":"https:\/\/www.zoner.fi\/tuki\/wp-json\/wp\/v2\/categories?post=213"},{"taxonomy":"post_tag","embeddable":true,"href":"https:\/\/www.zoner.fi\/tuki\/wp-json\/wp\/v2\/tags?post=213"},{"taxonomy":"wf_page_folders","embeddable":true,"href":"https:\/\/www.zoner.fi\/tuki\/wp-json\/wp\/v2\/wf_page_folders?post=213"}],"curies":[{"name":"wp","href":"https:\/\/api.w.org\/{rel}","templated":true}]}}