{"id":232,"date":"2021-06-18T15:04:55","date_gmt":"2021-06-18T12:04:55","guid":{"rendered":"https:\/\/www.zoner.fi\/tuki\/?page_id=232"},"modified":"2025-09-17T16:03:39","modified_gmt":"2025-09-17T13:03:39","slug":"miten-asetan-lomavastaajan-sahkopostiin","status":"publish","type":"page","link":"https:\/\/www.zoner.fi\/tuki\/sahkopostiohjeet\/directadmin\/miten-asetan-lomavastaajan-sahkopostiin\/","title":{"rendered":"Miten asetan lomavastaajan s\u00e4hk\u00f6postiin?"},"content":{"rendered":"\n<p><em>Ohje tarkistettu: 22.7.2025<\/em><\/p>\n\n\n\n<p>T\u00e4m\u00e4n ohjeen avulla saat DirectAdmin-webhotellin s\u00e4hk\u00f6postiin automaattisen lomavastaajan.<\/p>\n\n\n\n<p>Lomavastaaja m\u00e4\u00e4ritet\u00e4\u00e4n webmailissa osoitteessa\u00a0<a href=\"https:\/\/webmail.zoner.fi\/roundcube\/\" target=\"_blank\" rel=\"noopener\">webmail.zoner.fi<\/a>. Valitse t\u00e4t\u00e4 toimintoa varten vasemmanpuoleinen Roundcube-k\u00e4ytt\u00f6liittym\u00e4.\u00a0Webmailiin kirjaudutaan s\u00e4hk\u00f6postiosoitteella ja sen salasanalla.<\/p>\n\n\n\n<p>Valitse vasemmasta reunasta Asetukset, Lomavastaaja.<\/p>\n\n\n\n<figure class=\"wp-block-image size-full\"><img loading=\"lazy\" decoding=\"async\" width=\"530\" height=\"320\" src=\"https:\/\/www.zoner.fi\/tuki\/wp-content\/uploads\/2021\/10\/lomavastaaja2.jpg\" alt=\"\" class=\"wp-image-235\" srcset=\"https:\/\/www.zoner.fi\/tuki\/wp-content\/uploads\/2021\/10\/lomavastaaja2.jpg 530w, https:\/\/www.zoner.fi\/tuki\/wp-content\/uploads\/2021\/10\/lomavastaaja2-300x181.jpg 300w\" sizes=\"auto, (max-width: 530px) 100vw, 530px\" \/><\/figure>\n\n\n\n<p>Lomavastaajaan voit m\u00e4\u00e4ritt\u00e4\u00e4 n\u00e4m\u00e4 tiedot:<\/p>\n\n\n\n<p><strong>Aihe<\/strong>: vastausviestin otsikko.<br>Jos kent\u00e4n j\u00e4tt\u00e4\u00e4 tyhj\u00e4ksi, otsikoksi tulee \u201dAuto: Alkuper\u00e4isen viestin otsikko\u201d<\/p>\n\n\n\n<p><strong>Sis\u00e4lt\u00f6<\/strong>: Viestin sis\u00e4lt\u00f6.<\/p>\n\n\n\n<p><strong>Start time<\/strong>: Milloin vastaaja kytket\u00e4\u00e4n p\u00e4\u00e4lle.<br>Jos kent\u00e4n j\u00e4tt\u00e4\u00e4 tyhj\u00e4ksi, vastaaja tulee voimaan heti.<\/p>\n\n\n\n<p><strong>End time<\/strong>: Milloin vastaaja loppuu.<br>Jos kent\u00e4n j\u00e4tt\u00e4\u00e4 tyhj\u00e4ksi, vastaaja on voimassa kunnes sen poistaa.<\/p>\n\n\n\n<p><strong>Tila<\/strong>: Onko vastaaja p\u00e4\u00e4ll\u00e4 vai ei.<\/p>\n\n\n\n<p>Suosittelemme kokeilemaan vastaajan toimintaa ennen lomalle l\u00e4ht\u00f6\u00e4.<\/p>\n\n\n\n<p><\/p>\n","protected":false},"excerpt":{"rendered":"<p>T\u00e4m\u00e4n ohjeen avulla saat s\u00e4hk\u00f6postiin automaattisen lomavastaajan. Ohje on jaettu kahteen osaan Webhotellin ja Zoner S\u00e4hk\u00f6postin k\u00e4ytt\u00e4jille.<\/p>\n","protected":false},"author":1,"featured_media":0,"parent":137084,"menu_order":66,"comment_status":"closed","ping_status":"closed","template":"","meta":{"_relevanssi_hide_post":"","_relevanssi_hide_content":"","_relevanssi_pin_for_all":"","_relevanssi_pin_keywords":"","_relevanssi_unpin_keywords":"","_relevanssi_related_keywords":"","_relevanssi_related_include_ids":"","_relevanssi_related_exclude_ids":"","_relevanssi_related_no_append":"","_relevanssi_related_not_related":"","_relevanssi_related_posts":"1063,1076,1066","_relevanssi_noindex_reason":"","footnotes":""},"categories":[192,193],"tags":[199,214],"wf_page_folders":[],"class_list":{"0":"post-232","1":"page","2":"type-page","3":"status-publish","5":"category-directadmin","6":"category-directadmin-sahkoposti","7":"tag-sahkoposti","8":"tag-sahkopostin-hallinta"},"_links":{"self":[{"href":"https:\/\/www.zoner.fi\/tuki\/wp-json\/wp\/v2\/pages\/232","targetHints":{"allow":["GET"]}}],"collection":[{"href":"https:\/\/www.zoner.fi\/tuki\/wp-json\/wp\/v2\/pages"}],"about":[{"href":"https:\/\/www.zoner.fi\/tuki\/wp-json\/wp\/v2\/types\/page"}],"author":[{"embeddable":true,"href":"https:\/\/www.zoner.fi\/tuki\/wp-json\/wp\/v2\/users\/1"}],"replies":[{"embeddable":true,"href":"https:\/\/www.zoner.fi\/tuki\/wp-json\/wp\/v2\/comments?post=232"}],"version-history":[{"count":20,"href":"https:\/\/www.zoner.fi\/tuki\/wp-json\/wp\/v2\/pages\/232\/revisions"}],"predecessor-version":[{"id":137519,"href":"https:\/\/www.zoner.fi\/tuki\/wp-json\/wp\/v2\/pages\/232\/revisions\/137519"}],"up":[{"embeddable":true,"href":"https:\/\/www.zoner.fi\/tuki\/wp-json\/wp\/v2\/pages\/137084"}],"wp:attachment":[{"href":"https:\/\/www.zoner.fi\/tuki\/wp-json\/wp\/v2\/media?parent=232"}],"wp:term":[{"taxonomy":"category","embeddable":true,"href":"https:\/\/www.zoner.fi\/tuki\/wp-json\/wp\/v2\/categories?post=232"},{"taxonomy":"post_tag","embeddable":true,"href":"https:\/\/www.zoner.fi\/tuki\/wp-json\/wp\/v2\/tags?post=232"},{"taxonomy":"wf_page_folders","embeddable":true,"href":"https:\/\/www.zoner.fi\/tuki\/wp-json\/wp\/v2\/wf_page_folders?post=232"}],"curies":[{"name":"wp","href":"https:\/\/api.w.org\/{rel}","templated":true}]}}