{"id":456,"date":"2021-07-14T12:54:00","date_gmt":"2021-07-14T09:54:00","guid":{"rendered":"https:\/\/www.zoner.fi\/tuki\/?page_id=456"},"modified":"2025-07-08T11:56:54","modified_gmt":"2025-07-08T08:56:54","slug":"miten-luen-wp-one-lokeja","status":"publish","type":"page","link":"https:\/\/www.zoner.fi\/tuki\/wp-one\/miten-luen-wp-one-lokeja\/","title":{"rendered":"Miten luen WP.one-lokeja?"},"content":{"rendered":"\n<p><em>Ohje tarkistettu: 14.7.2021<\/em><\/p>\n\n\n\n<p>WP-Cloud lis\u00e4osan Loki v\u00e4lilehden kautta on mahdollista tarkistaa sivuston virhelokeja, k\u00e4ytt\u00e4j\u00e4lokeja sek\u00e4 s\u00e4hk\u00f6postilokeja.<\/p>\n\n\n\n<figure class=\"wp-block-image size-full\"><img loading=\"lazy\" decoding=\"async\" width=\"441\" height=\"199\" src=\"https:\/\/www.zoner.fi\/tuki\/wp-content\/uploads\/2021\/10\/WPC-logs-e1626251945801.png\" alt=\"\" class=\"wp-image-458\" srcset=\"https:\/\/www.zoner.fi\/tuki\/wp-content\/uploads\/2021\/10\/WPC-logs-e1626251945801.png 441w, https:\/\/www.zoner.fi\/tuki\/wp-content\/uploads\/2021\/10\/WPC-logs-e1626251945801-300x135.png 300w\" sizes=\"auto, (max-width: 441px) 100vw, 441px\" \/><\/figure>\n\n\n\n<p>Virhelokin avulla on mahdollista tutkia sivustolla olevia ongelmia esimerkiksi lis\u00e4osien aiheuttamien ongelmien kohdalla, k\u00e4vij\u00e4loki n\u00e4ytt\u00e4\u00e4 mihin osoitteeseen ja mit\u00e4 sivustolla k\u00e4vij\u00e4 on tehnyt. S\u00e4hk\u00f6postilokista pystyy tarkistamaan onko palvelimen kautta l\u00e4hetetty viesti l\u00e4htenyt perille.<\/p>\n\n\n\n<p>WP-Cloud lis\u00e4osan Muisti v\u00e4lilehdelt\u00e4 voi tarkistaa kuinka paljon levytilaa sivusto vie kokonaisuudessaan sek\u00e4 eriteltyn\u00e4 eniten tilaa viev\u00e4t kansiot.<\/p>\n","protected":false},"excerpt":{"rendered":"<p>WP-Cloud lis\u00e4osan Loki v\u00e4lilehden kautta on mahdollista tarkistaa sivuston virhelokeja, k\u00e4ytt\u00e4j\u00e4lokeja sek\u00e4 s\u00e4hk\u00f6postilokeja.<\/p>\n","protected":false},"author":1,"featured_media":0,"parent":434,"menu_order":58,"comment_status":"closed","ping_status":"closed","template":"","meta":{"_relevanssi_hide_post":"","_relevanssi_hide_content":"","_relevanssi_pin_for_all":"","_relevanssi_pin_keywords":"","_relevanssi_unpin_keywords":"","_relevanssi_related_keywords":"","_relevanssi_related_include_ids":"","_relevanssi_related_exclude_ids":"","_relevanssi_related_no_append":"","_relevanssi_related_not_related":"","_relevanssi_related_posts":"1066,1076,1063","_relevanssi_noindex_reason":"","footnotes":""},"categories":[48],"tags":[107],"wf_page_folders":[],"class_list":{"0":"post-456","1":"page","2":"type-page","3":"status-publish","5":"category-wp-one","6":"tag-wp-one-lisaosa"},"_links":{"self":[{"href":"https:\/\/www.zoner.fi\/tuki\/wp-json\/wp\/v2\/pages\/456","targetHints":{"allow":["GET"]}}],"collection":[{"href":"https:\/\/www.zoner.fi\/tuki\/wp-json\/wp\/v2\/pages"}],"about":[{"href":"https:\/\/www.zoner.fi\/tuki\/wp-json\/wp\/v2\/types\/page"}],"author":[{"embeddable":true,"href":"https:\/\/www.zoner.fi\/tuki\/wp-json\/wp\/v2\/users\/1"}],"replies":[{"embeddable":true,"href":"https:\/\/www.zoner.fi\/tuki\/wp-json\/wp\/v2\/comments?post=456"}],"version-history":[{"count":3,"href":"https:\/\/www.zoner.fi\/tuki\/wp-json\/wp\/v2\/pages\/456\/revisions"}],"predecessor-version":[{"id":130798,"href":"https:\/\/www.zoner.fi\/tuki\/wp-json\/wp\/v2\/pages\/456\/revisions\/130798"}],"up":[{"embeddable":true,"href":"https:\/\/www.zoner.fi\/tuki\/wp-json\/wp\/v2\/pages\/434"}],"wp:attachment":[{"href":"https:\/\/www.zoner.fi\/tuki\/wp-json\/wp\/v2\/media?parent=456"}],"wp:term":[{"taxonomy":"category","embeddable":true,"href":"https:\/\/www.zoner.fi\/tuki\/wp-json\/wp\/v2\/categories?post=456"},{"taxonomy":"post_tag","embeddable":true,"href":"https:\/\/www.zoner.fi\/tuki\/wp-json\/wp\/v2\/tags?post=456"},{"taxonomy":"wf_page_folders","embeddable":true,"href":"https:\/\/www.zoner.fi\/tuki\/wp-json\/wp\/v2\/wf_page_folders?post=456"}],"curies":[{"name":"wp","href":"https:\/\/api.w.org\/{rel}","templated":true}]}}