{"id":501,"date":"2019-11-21T16:18:00","date_gmt":"2019-11-21T14:18:00","guid":{"rendered":"https:\/\/www.zoner.fi\/tuki\/?page_id=501"},"modified":"2025-09-22T12:19:53","modified_gmt":"2025-09-22T09:19:53","slug":"miten-otan-kayttoon-sivuston-kehitysympariston","status":"publish","type":"page","link":"https:\/\/www.zoner.fi\/tuki\/wp-one\/miten-otan-kayttoon-sivuston-kehitysympariston\/","title":{"rendered":"Miten otan k\u00e4ytt\u00f6\u00f6n kehitysymp\u00e4rist\u00f6n?"},"content":{"rendered":"\n<p><em>Ohje tarkistettu: 9.22.2025<\/em><\/p>\n\n\n\n<p>WP.one-kehitysymp\u00e4rist\u00f6 on tarkoitettu lis\u00e4osien, teeman sek\u00e4 WordPress-alustan turvalliseen p\u00e4ivitykseen. Kehitysymp\u00e4rist\u00f6ss\u00e4 tehdyt muutokset eiv\u00e4t tee muutoksia tuotantosivuille. N\u00e4in voit varmistaa, ett\u00e4 uusimmat p\u00e4ivitykset eiv\u00e4t riko sivustoasi. Kehitysymp\u00e4rist\u00f6 sopii my\u00f6s esim. uuden teeman asennukseen ja pienimuotoiseen sivuston uudelleenrakentamiseen. Kehitysymp\u00e4rist\u00f6\u00e4 ei ole kuitenkaan tarkoitettu kokonaan uuden sivuston rakentamiseen.<\/p>\n\n\n\n<h2 class=\"wp-block-heading\">Ota kehitysymp\u00e4rist\u00f6 k\u00e4ytt\u00f6\u00f6n n\u00e4in<\/h2>\n\n\n\n<p>Kehitysymp\u00e4rist\u00f6n voi ottaa k\u00e4ytt\u00f6\u00f6n WordPress-hallintapaneelissa.<\/p>\n\n\n\n<p>Klikkaa vasemmassa valikossa WP.one-lis\u00e4osaa. Valitse sitten&nbsp;<strong>Kehitysymp\u00e4rist\u00f6<\/strong>&nbsp;ja klikkaa <strong>Ota kehitysymp\u00e4rist\u00f6 k\u00e4ytt\u00f6\u00f6n<\/strong>&nbsp;-painiketta.<\/p>\n\n\n\n<p>Kehitysymp\u00e4rist\u00f6n luominen kest\u00e4\u00e4 muutaman minuutin. Sivun yl\u00e4osassa n\u00e4kyy t\u00e4ll\u00f6in teksti \u201dPyydetty\u00e4 toimintoa suoritetaan. Odota muutama minuutti, jotta prosessi saadaan p\u00e4\u00e4t\u00f6kseen taustalla.\u201d Viesti h\u00e4vi\u00e4\u00e4 kun kehitysymp\u00e4rist\u00f6 on luotu.<\/p>\n\n\n\n<p>Kehitysymp\u00e4rist\u00f6n luominen, p\u00e4ivitys ja vienti tuotantotilaan ottaa varmuuskopion molemmista sivuista ennen kopiointia.<\/p>\n\n\n\n<figure class=\"wp-block-image size-large\"><img loading=\"lazy\" decoding=\"async\" width=\"1024\" height=\"461\" src=\"https:\/\/www.zoner.fi\/tuki\/wp-content\/uploads\/2025\/09\/staging-wp-admin-1024x461.png\" alt=\"\" class=\"wp-image-137543\" srcset=\"https:\/\/www.zoner.fi\/tuki\/wp-content\/uploads\/2025\/09\/staging-wp-admin-1024x461.png 1024w, https:\/\/www.zoner.fi\/tuki\/wp-content\/uploads\/2025\/09\/staging-wp-admin-300x135.png 300w, https:\/\/www.zoner.fi\/tuki\/wp-content\/uploads\/2025\/09\/staging-wp-admin-768x345.png 768w, https:\/\/www.zoner.fi\/tuki\/wp-content\/uploads\/2025\/09\/staging-wp-admin-1536x691.png 1536w, https:\/\/www.zoner.fi\/tuki\/wp-content\/uploads\/2025\/09\/staging-wp-admin.png 1612w\" sizes=\"auto, (max-width: 1024px) 100vw, 1024px\" \/><\/figure>\n\n\n\n<h3 class=\"wp-block-heading\">Kehitysymp\u00e4rist\u00f6\u00f6n siirtyminen<\/h3>\n\n\n\n<p>Aktivoinnin j\u00e4lkeen hallintapaneelin yl\u00e4osaan ilmestyy valinta&nbsp;<strong>Tuotantotila.<\/strong>&nbsp;Siirr\u00e4 hiiren osoitin sen p\u00e4\u00e4lle ja klikkaa avautuneesta valikosta <strong>Mene kehitysymp\u00e4rist\u00f6\u00f6n<\/strong>.<\/p>\n\n\n\n<p><strong>Huom!<\/strong> Jotta kehitysymp\u00e4rist\u00f6 toimii, t\u00e4ytyy palvelimella olla sertifikaatti haettuna.<\/p>\n\n\n\n<figure class=\"wp-block-image size-large\"><img loading=\"lazy\" decoding=\"async\" width=\"1024\" height=\"456\" src=\"https:\/\/www.zoner.fi\/tuki\/wp-content\/uploads\/2025\/09\/staging-wp-admin-access-1024x456.png\" alt=\"\" class=\"wp-image-137548\" srcset=\"https:\/\/www.zoner.fi\/tuki\/wp-content\/uploads\/2025\/09\/staging-wp-admin-access-1024x456.png 1024w, https:\/\/www.zoner.fi\/tuki\/wp-content\/uploads\/2025\/09\/staging-wp-admin-access-300x134.png 300w, https:\/\/www.zoner.fi\/tuki\/wp-content\/uploads\/2025\/09\/staging-wp-admin-access-768x342.png 768w, https:\/\/www.zoner.fi\/tuki\/wp-content\/uploads\/2025\/09\/staging-wp-admin-access-1536x684.png 1536w, https:\/\/www.zoner.fi\/tuki\/wp-content\/uploads\/2025\/09\/staging-wp-admin-access.png 1610w\" sizes=\"auto, (max-width: 1024px) 100vw, 1024px\" \/><\/figure>\n\n\n\n<h3 class=\"wp-block-heading\">Tuotantoymp\u00e4rist\u00f6n tietojen p\u00e4ivitt\u00e4minen kehitysymp\u00e4rist\u00f6\u00f6n<\/h3>\n\n\n\n<p>Kehitysymp\u00e4rist\u00f6n voi p\u00e4ivitt\u00e4\u00e4 tuotantosivuston tiedoilla painamalla&nbsp;<strong>P\u00e4ivit\u00e4 kehitysymp\u00e4rist\u00f6&nbsp;<\/strong>-painiketta.<\/p>\n\n\n\n<h3 class=\"wp-block-heading\">Kehitysymp\u00e4rist\u00f6n poistaminen k\u00e4yt\u00f6st\u00e4<\/h3>\n\n\n\n<p>Kehitysymp\u00e4rist\u00f6n saa pois p\u00e4\u00e4lt\u00e4 painamalla&nbsp;<strong>Ota kehitysymp\u00e4rist\u00f6 pois k\u00e4yt\u00f6st\u00e4<\/strong>&nbsp;-painiketta. Suosittelemme poistamaan kehitysymp\u00e4rist\u00f6n k\u00e4yt\u00f6st\u00e4, kun et en\u00e4\u00e4 tarvitse sit\u00e4.<\/p>\n\n\n\n<h3 class=\"wp-block-heading\">Kehitysymp\u00e4rist\u00f6n tuominen tuotantoymp\u00e4rist\u00f6\u00f6n<\/h3>\n\n\n\n<p>Kehitysymp\u00e4rist\u00f6n voi tuoda suoraan tuotantotilaan painamalla&nbsp;<strong>KORVAA tuotantotila kehitysymp\u00e4rist\u00f6n tiedoilla&nbsp;<\/strong>-painiketta.<\/p>\n\n\n\n<p><strong>Huom! T\u00e4t\u00e4 ei suositella verkkokaupoille, sill\u00e4 toiminto korvaa koko tuotantotilan mukaan lukien tietokannan.<\/strong><\/p>\n\n\n\n<figure class=\"wp-block-image size-full\"><img loading=\"lazy\" decoding=\"async\" width=\"1001\" height=\"372\" src=\"https:\/\/www.zoner.fi\/tuki\/wp-content\/uploads\/2021\/10\/live-staging.png\" alt=\"\" class=\"wp-image-505\" srcset=\"https:\/\/www.zoner.fi\/tuki\/wp-content\/uploads\/2021\/10\/live-staging.png 1001w, https:\/\/www.zoner.fi\/tuki\/wp-content\/uploads\/2021\/10\/live-staging-300x111.png 300w, https:\/\/www.zoner.fi\/tuki\/wp-content\/uploads\/2021\/10\/live-staging-768x285.png 768w\" sizes=\"auto, (max-width: 1001px) 100vw, 1001px\" \/><\/figure>\n","protected":false},"excerpt":{"rendered":"<p>WP-Cloud kehitysymp\u00e4rist\u00f6 on tarkoitettu lis\u00e4osien, teeman sek\u00e4 itse alustan turvalliseen p\u00e4ivitykseen.<\/p>\n","protected":false},"author":1,"featured_media":0,"parent":434,"menu_order":57,"comment_status":"closed","ping_status":"closed","template":"","meta":{"_relevanssi_hide_post":"","_relevanssi_hide_content":"","_relevanssi_pin_for_all":"","_relevanssi_pin_keywords":"","_relevanssi_unpin_keywords":"","_relevanssi_related_keywords":"","_relevanssi_related_include_ids":"","_relevanssi_related_exclude_ids":"","_relevanssi_related_no_append":"","_relevanssi_related_not_related":"","_relevanssi_related_posts":"1066,1063,1076","_relevanssi_noindex_reason":"","footnotes":""},"categories":[48],"tags":[107],"wf_page_folders":[],"class_list":{"0":"post-501","1":"page","2":"type-page","3":"status-publish","5":"category-wp-one","6":"tag-wp-one-lisaosa"},"_links":{"self":[{"href":"https:\/\/www.zoner.fi\/tuki\/wp-json\/wp\/v2\/pages\/501","targetHints":{"allow":["GET"]}}],"collection":[{"href":"https:\/\/www.zoner.fi\/tuki\/wp-json\/wp\/v2\/pages"}],"about":[{"href":"https:\/\/www.zoner.fi\/tuki\/wp-json\/wp\/v2\/types\/page"}],"author":[{"embeddable":true,"href":"https:\/\/www.zoner.fi\/tuki\/wp-json\/wp\/v2\/users\/1"}],"replies":[{"embeddable":true,"href":"https:\/\/www.zoner.fi\/tuki\/wp-json\/wp\/v2\/comments?post=501"}],"version-history":[{"count":7,"href":"https:\/\/www.zoner.fi\/tuki\/wp-json\/wp\/v2\/pages\/501\/revisions"}],"predecessor-version":[{"id":137552,"href":"https:\/\/www.zoner.fi\/tuki\/wp-json\/wp\/v2\/pages\/501\/revisions\/137552"}],"up":[{"embeddable":true,"href":"https:\/\/www.zoner.fi\/tuki\/wp-json\/wp\/v2\/pages\/434"}],"wp:attachment":[{"href":"https:\/\/www.zoner.fi\/tuki\/wp-json\/wp\/v2\/media?parent=501"}],"wp:term":[{"taxonomy":"category","embeddable":true,"href":"https:\/\/www.zoner.fi\/tuki\/wp-json\/wp\/v2\/categories?post=501"},{"taxonomy":"post_tag","embeddable":true,"href":"https:\/\/www.zoner.fi\/tuki\/wp-json\/wp\/v2\/tags?post=501"},{"taxonomy":"wf_page_folders","embeddable":true,"href":"https:\/\/www.zoner.fi\/tuki\/wp-json\/wp\/v2\/wf_page_folders?post=501"}],"curies":[{"name":"wp","href":"https:\/\/api.w.org\/{rel}","templated":true}]}}