{"id":804,"date":"2019-03-02T15:22:00","date_gmt":"2019-03-02T13:22:00","guid":{"rendered":"https:\/\/www.zoner.fi\/tuki\/?page_id=804"},"modified":"2025-11-25T14:01:42","modified_gmt":"2025-11-25T12:01:42","slug":"miten-wordpress-asennus-onnistuu","status":"publish","type":"page","link":"https:\/\/www.zoner.fi\/tuki\/wordpress\/miten-wordpress-asennus-onnistuu\/","title":{"rendered":"Miten WordPress asennus onnistuu?"},"content":{"rendered":"\n<p><a href=\"https:\/\/www.zoner.fi\/wordpress\/\">WordPress<\/a> on maailman suosituin julkaisuj\u00e4rjestelm\u00e4 ja valtaosa valitseekin sen omien kotisivujen alustaksi. K\u00e4ymme t\u00e4ss\u00e4 ohjeessa l\u00e4pi, miten WordPress asennus onnistuu ja mit\u00e4 siin\u00e4 tulee huomioida. WordPress-asennus webhotelliin on helppo tehd\u00e4 n\u00e4iden kuvallisten ohjeiden avulla.<\/p>\n\n\n\n<p>Jos haluat p\u00e4\u00e4st\u00e4 viel\u00e4kin helpommalla, on <a href=\"https:\/\/www.zoner.fi\/wordpress\/wp-one\/\">WordPress-hosting<\/a> sinulle paras vaihtoehto. T\u00e4ll\u00f6in asennamme WordPress-julkaisuj\u00e4rjestelm\u00e4n puolestasi.<\/p>\n\n\n\n<ul class=\"wp-block-list\">\n<li><a href=\"#1\">Mit\u00e4 ennen WordPress-asennusta tulee tehd\u00e4?<\/a><\/li>\n\n\n\n<li><a href=\"#2\">WordPressin asentaminen webhotellin asennusohjelmalla tai manuaalisesti<\/a><\/li>\n<\/ul>\n\n\n\n<h2 class=\"gb-headline gb-headline-68e05d17 gb-headline-text\" id=\"1\">Mit\u00e4 ennen WordPress-asennusta tulee tehd\u00e4?<\/h2>\n\n\n\n<p><a href=\"https:\/\/www.zoner.fi\/wordpress\/wordpress-kotisivut\/\">WordPress-kotisivut<\/a> tarvitsevat aina jonkin osoitteen ja paikan, jossa ne sijaitsevat. T\u00e4t\u00e4 varten hankitaan tyypillisesti <a href=\"https:\/\/www.zoner.fi\/webhotellit\/\">webhotelli<\/a>. Webhotelli sis\u00e4lt\u00e4\u00e4 kotisivutilan, verkkotunnuksen ja s\u00e4hk\u00f6postin k\u00e4tev\u00e4sti samassa palvelussa. Voit tietenkin hankkia my\u00f6s jo aiemmin mainitun WP.one-palvelun.<\/p>\n\n\n\n<p>Asennusvaihtoehtoja on olemassa kaksi: asennusohjelman k\u00e4ytt\u00f6 tai WordPress-asennus k\u00e4sin. Huomattavasti helpompaa on asentaa WordPress webhotellin asennusohjelmaa k\u00e4ytt\u00e4m\u00e4ll\u00e4.<\/p>\n\n\n\n<h2 class=\"wp-block-heading\" id=\"2\">WordPressin asentaminen webhotellin asennusohjelmalla tai manuaalisesti<\/h2>\n\n\n\n<ul class=\"wp-block-list\">\n<li><a href=\"#installatron\">WordPressin asentaminen Installatron-asennusohjelmalla<\/a><\/li>\n\n\n\n<li><a href=\"#directadmin-ei-ohjelmaa\">WordPress-asennusohje DirectAdmin-hallintapaneelissa ilman apuohjelmaa<\/a><\/li>\n\n\n\n<li><a href=\"#miten-kirjaudun-2\">Miten kirjaudun WordPressiin?<\/a><\/li>\n<\/ul>\n\n\n\n<h2 class=\"wp-block-heading\" id=\"installatron\">WordPress asennus Installatron-asennusohjelmalla<\/h2>\n\n\n\n<ol class=\"wp-block-list\">\n<li>Kirjaudu webhotellin DirectAdmin-hallintapaneeliin tilauksen j\u00e4lkeen saamillasi tunnuksilla.<\/li>\n\n\n\n<li>Valitse p\u00e4\u00e4valikosta <strong>Lis\u00e4toiminnot <\/strong>\u2013 <strong>Installatron Applications Installer<\/strong>.<\/li>\n<\/ol>\n\n\n\n<figure class=\"wp-block-image size-full\"><img loading=\"lazy\" decoding=\"async\" width=\"399\" height=\"400\" src=\"https:\/\/www.zoner.fi\/tuki\/wp-content\/uploads\/2021\/11\/installatron-paavalikko.jpg\" alt=\"\" class=\"wp-image-807\" srcset=\"https:\/\/www.zoner.fi\/tuki\/wp-content\/uploads\/2021\/11\/installatron-paavalikko.jpg 399w, https:\/\/www.zoner.fi\/tuki\/wp-content\/uploads\/2021\/11\/installatron-paavalikko-300x300.jpg 300w, https:\/\/www.zoner.fi\/tuki\/wp-content\/uploads\/2021\/11\/installatron-paavalikko-150x150.jpg 150w\" sizes=\"auto, (max-width: 399px) 100vw, 399px\" \/><\/figure>\n\n\n\n<ol start=\"3\" class=\"wp-block-list\">\n<li>Valitse sovelluslistasta <strong>WordPress<\/strong>, joka l\u00f6ytyy kategoriasta <strong>Sis\u00e4ll\u00f6nhallintaj\u00e4rjestelm\u00e4t<\/strong>.<\/li>\n<\/ol>\n\n\n\n<figure class=\"wp-block-image size-full\"><img loading=\"lazy\" decoding=\"async\" width=\"901\" height=\"401\" src=\"https:\/\/www.zoner.fi\/tuki\/wp-content\/uploads\/2021\/11\/installatron-sovellukset-wordpress.jpg\" alt=\"\" class=\"wp-image-808\" srcset=\"https:\/\/www.zoner.fi\/tuki\/wp-content\/uploads\/2021\/11\/installatron-sovellukset-wordpress.jpg 901w, https:\/\/www.zoner.fi\/tuki\/wp-content\/uploads\/2021\/11\/installatron-sovellukset-wordpress-300x134.jpg 300w, https:\/\/www.zoner.fi\/tuki\/wp-content\/uploads\/2021\/11\/installatron-sovellukset-wordpress-768x342.jpg 768w\" sizes=\"auto, (max-width: 901px) 100vw, 901px\" \/><\/figure>\n\n\n\n<ol start=\"4\" class=\"wp-block-list\">\n<li>Aukevalta n\u00e4kym\u00e4lt\u00e4 l\u00f6yd\u00e4t lis\u00e4tietoja valitusta julkaisuj\u00e4rjestelm\u00e4st\u00e4. WordPress-julkaisuj\u00e4rjestelm\u00e4n asentamiseksi, valitse <strong>Asenna t\u00e4m\u00e4 sovellus<\/strong>.<\/li>\n<\/ol>\n\n\n\n<figure class=\"wp-block-image size-full\"><img loading=\"lazy\" decoding=\"async\" width=\"900\" height=\"307\" src=\"https:\/\/www.zoner.fi\/tuki\/wp-content\/uploads\/2021\/11\/installatron-wordpress-tuo-olemassaoleva-asetus-asenna-tama-sovellus-1.jpg\" alt=\"\" class=\"wp-image-811\" srcset=\"https:\/\/www.zoner.fi\/tuki\/wp-content\/uploads\/2021\/11\/installatron-wordpress-tuo-olemassaoleva-asetus-asenna-tama-sovellus-1.jpg 900w, https:\/\/www.zoner.fi\/tuki\/wp-content\/uploads\/2021\/11\/installatron-wordpress-tuo-olemassaoleva-asetus-asenna-tama-sovellus-1-300x102.jpg 300w, https:\/\/www.zoner.fi\/tuki\/wp-content\/uploads\/2021\/11\/installatron-wordpress-tuo-olemassaoleva-asetus-asenna-tama-sovellus-1-768x262.jpg 768w\" sizes=\"auto, (max-width: 900px) 100vw, 900px\" \/><\/figure>\n\n\n\n<ol start=\"5\" class=\"wp-block-list\">\n<li>Aluksi m\u00e4\u00e4ritet\u00e4\u00e4n sivuston osoite ja sijainti. Voit valita valmiiksi pudotusvalikosta ehdotettuja sijainteja sek\u00e4 sen, k\u00e4ytet\u00e4\u00e4nk\u00f6 edess\u00e4 www-etuliitett\u00e4 vai ei. Polku-kentt\u00e4 m\u00e4\u00e4ritt\u00e4\u00e4 asennetaanko WordPress johonkin valitun verkkotunnuksen alikansioon. Mik\u00e4li tarkoitus on asentaa WordPress halutun osoitteen juureen, j\u00e4t\u00e4 Polku-kentt\u00e4 tyhj\u00e4ksi.<\/li>\n<\/ol>\n\n\n\n<figure class=\"wp-block-image size-full\"><img loading=\"lazy\" decoding=\"async\" width=\"900\" height=\"256\" src=\"https:\/\/www.zoner.fi\/tuki\/wp-content\/uploads\/2021\/11\/installatron-wordpress-uusi-asennus-osoite.jpg\" alt=\"\" class=\"wp-image-812\" srcset=\"https:\/\/www.zoner.fi\/tuki\/wp-content\/uploads\/2021\/11\/installatron-wordpress-uusi-asennus-osoite.jpg 900w, https:\/\/www.zoner.fi\/tuki\/wp-content\/uploads\/2021\/11\/installatron-wordpress-uusi-asennus-osoite-300x85.jpg 300w, https:\/\/www.zoner.fi\/tuki\/wp-content\/uploads\/2021\/11\/installatron-wordpress-uusi-asennus-osoite-768x218.jpg 768w\" sizes=\"auto, (max-width: 900px) 100vw, 900px\" \/><\/figure>\n\n\n\n<ol start=\"6\" class=\"wp-block-list\">\n<li>Valitse asennettava versio ja asennuksen kieli. Oletuksena asennetaan aina uusin WordPress-versio suomenkielisell\u00e4 hallintaliittym\u00e4ll\u00e4. Hyv\u00e4ksy WordPress-julkaisuj\u00e4rjestelm\u00e4n asennusehdot. WordPress on avoimen l\u00e4hdekoodin ohjelmisto, jonka k\u00e4ytt\u00f6 ja muokkaus on ilmaista ja sallittua GNU-lisenssin pohjalta.<\/li>\n<\/ol>\n\n\n\n<ol start=\"7\" class=\"wp-block-list\">\n<li>Voit m\u00e4\u00e4ritt\u00e4\u00e4 my\u00f6s Installatronin automaattisesti hoitamaan tulevat p\u00e4ivitykset WordPress -julkaisuj\u00e4rjestelm\u00e4\u00e4n sek\u00e4 -lis\u00e4osiin.&nbsp;Automaattisten p\u00e4ivitysten k\u00e4ytt\u00f6 on eritt\u00e4in suositeltavaa, koska n\u00e4in voidaan v\u00e4ltty\u00e4 erilaisilta julkaisuj\u00e4rjestelm\u00e4n tietoturva-aukoista johtuvilta hakkeroinneilta.<\/li>\n<\/ol>\n\n\n\n<figure class=\"wp-block-image size-full\"><img loading=\"lazy\" decoding=\"async\" width=\"900\" height=\"647\" src=\"https:\/\/www.zoner.fi\/tuki\/wp-content\/uploads\/2021\/11\/installatron-wordpress-uusi-asennus-versio-varmuuskopiot.jpg\" alt=\"\" class=\"wp-image-814\" srcset=\"https:\/\/www.zoner.fi\/tuki\/wp-content\/uploads\/2021\/11\/installatron-wordpress-uusi-asennus-versio-varmuuskopiot.jpg 900w, https:\/\/www.zoner.fi\/tuki\/wp-content\/uploads\/2021\/11\/installatron-wordpress-uusi-asennus-versio-varmuuskopiot-300x216.jpg 300w, https:\/\/www.zoner.fi\/tuki\/wp-content\/uploads\/2021\/11\/installatron-wordpress-uusi-asennus-versio-varmuuskopiot-768x552.jpg 768w\" sizes=\"auto, (max-width: 900px) 100vw, 900px\" \/><\/figure>\n\n\n\n<ol start=\"8\" class=\"wp-block-list\">\n<li>M\u00e4\u00e4rit\u00e4 viel\u00e4 sivuston hallintaliittym\u00e4n admin-k\u00e4ytt\u00e4j\u00e4nimi ja salasana. N\u00e4it\u00e4 asetuksia voi muokata my\u00f6s asentamisen j\u00e4lkeen.<\/li>\n<\/ol>\n\n\n\n<figure class=\"wp-block-image size-full\"><img loading=\"lazy\" decoding=\"async\" width=\"900\" height=\"649\" src=\"https:\/\/www.zoner.fi\/tuki\/wp-content\/uploads\/2021\/11\/installatron-wordpress-uusi-asennus-tunnukset-kirjautuminen.jpg\" alt=\"\" class=\"wp-image-816\" srcset=\"https:\/\/www.zoner.fi\/tuki\/wp-content\/uploads\/2021\/11\/installatron-wordpress-uusi-asennus-tunnukset-kirjautuminen.jpg 900w, https:\/\/www.zoner.fi\/tuki\/wp-content\/uploads\/2021\/11\/installatron-wordpress-uusi-asennus-tunnukset-kirjautuminen-300x216.jpg 300w, https:\/\/www.zoner.fi\/tuki\/wp-content\/uploads\/2021\/11\/installatron-wordpress-uusi-asennus-tunnukset-kirjautuminen-768x554.jpg 768w\" sizes=\"auto, (max-width: 900px) 100vw, 900px\" \/><\/figure>\n\n\n\n<ol start=\"9\" class=\"wp-block-list\">\n<li>Voit valita, kuinka usein varmuuskopio tallennetaan laittamalla valinnan kohtaan Anna minun hallinnoida n\u00e4it\u00e4 asetuksia, jolloin saat esiin lis\u00e4\u00e4 vaihtoehtoja.<\/li>\n<\/ol>\n\n\n\n<figure class=\"wp-block-image size-full\"><img loading=\"lazy\" decoding=\"async\" width=\"900\" height=\"852\" src=\"https:\/\/www.zoner.fi\/tuki\/wp-content\/uploads\/2021\/11\/installatron-wordpress-uusi-asennus-varmuuskopiot-lisaasetukset.jpg\" alt=\"\" class=\"wp-image-818\" srcset=\"https:\/\/www.zoner.fi\/tuki\/wp-content\/uploads\/2021\/11\/installatron-wordpress-uusi-asennus-varmuuskopiot-lisaasetukset.jpg 900w, https:\/\/www.zoner.fi\/tuki\/wp-content\/uploads\/2021\/11\/installatron-wordpress-uusi-asennus-varmuuskopiot-lisaasetukset-300x284.jpg 300w, https:\/\/www.zoner.fi\/tuki\/wp-content\/uploads\/2021\/11\/installatron-wordpress-uusi-asennus-varmuuskopiot-lisaasetukset-768x727.jpg 768w\" sizes=\"auto, (max-width: 900px) 100vw, 900px\" \/><\/figure>\n\n\n\n<ol start=\"10\" class=\"wp-block-list\">\n<li>WordPress-asennus k\u00e4ynnistyy, kun klikkaat <strong>Asenna<\/strong>.<\/li>\n<\/ol>\n\n\n\n<p>Voit koska tahansa my\u00f6s poistaa Installatronilla tehdyn WordPress-asennuksen helposti webhotellin hallintapaneelista.<\/p>\n\n\n\n<h2 class=\"gb-headline gb-headline-a65046a8 gb-headline-text\" id=\"directadmin-ei-ohjelmaa\">WordPress-asennusohje DirectAdmin-hallintapaneelissa ilman apuohjelmaa<\/h2>\n\n\n\n<p>WordPress julkaisuj\u00e4rjestelm\u00e4n asentaminen onnistuu tarvittaessa my\u00f6s ilman Installatron-asennuohjelmaa. T\u00e4ss\u00e4 k\u00e4yd\u00e4\u00e4n vaiheittain l\u00e4pi WordPress-asennus k\u00e4sin suoraan palvelimelle.<\/p>\n\n\n\n<ol class=\"wp-block-list\">\n<li>Lataa ensin itsellesi WordPressin asennustiedostot osoitteesta: wordpress.org <br>L\u00f6yd\u00e4t suomenkieliset asennustiedostot osoitteesta: <a href=\"https:\/\/fi.wordpress.org\/\" target=\"_blank\" rel=\"noreferrer noopener\">fi.wordpress.org\/<\/a><br><\/li>\n\n\n\n<li>Luo WordPressille yksi vapaa tietokanta webhotellisi DirectAdmin-hallintapaneelista kohdasta MariaDB-hallinta. Kirjautumisosoite sek\u00e4 tunnukset hallintapaneeliin on toimitettu sinulle webhotellitilauksen k\u00e4sittelyn yhteydess\u00e4. Tarvittaessa saat uudet tunnukset pyydetty\u00e4 s\u00e4hk\u00f6postitse asiakaspalvelustamme:&nbsp;<a href=\"mailto:tuki@zoner.fi\">tuki@zoner.fi<\/a>. <br><br>On suositeltavaa luoda yksi oma tietokanta jokaista samaan webhotelliin tulevaa WordPress-asennusta kohden.<br><\/li>\n\n\n\n<li>Lataa koneelle purkamasi WordPress-asennustiedostot FTP-yhteyden avulla haluttuun sijaintiin webhotellissa. Mik\u00e4li FTP-ohjelman k\u00e4ytt\u00f6 ei ole tuttua, tutustu alkuun&nbsp;<a href=\"https:\/\/www.zoner.fi\/tuki\/webhotellit\/miten-kaytan-ftp-ohjelmaa-webhotellissa\/\">t\u00e4h\u00e4n ohjeeseen<\/a>. Tiedostot voi helposti asentaa verkkotunnuksen lis\u00e4ksi my\u00f6s alidomainiin tai alikansioon. T\u00e4ss\u00e4 esimerkiss\u00e4 kuitenkin asennamme tiedostot suoraan verkkotunnuksen public_html-kansioon.<br><\/li>\n\n\n\n<li>M\u00e4\u00e4rit\u00e4 tietokannan asetukset WordPress-asennukseesi vierailemalla asennuksen osoitteessa selaimellasi. Voit toki t\u00e4ytt\u00e4\u00e4 tietokannan asetukset valmiiksi wp-config-tiedostoon ennen tiedostojen siirtoa palvelimelle FTP-yhteydell\u00e4.<br><\/li>\n\n\n\n<li>T\u00e4yt\u00e4 loput m\u00e4\u00e4rityksesi sivustolle ja valmista! WordPress on nyt asennettu. P\u00e4\u00e4set kirjautumaan WordPress-hallintapaneeliin, kun kirjoitat selaimelle osoitteen, johon teit asennuksen sek\u00e4 per\u00e4\u00e4n viel\u00e4 \/wp-admin<\/li>\n<\/ol>\n\n\n\n<h2 class=\"wp-block-heading\" id=\"miten-kirjaudun-2\">Miten kirjaudun WordPressiin?<\/h2>\n\n\n\n<p>Voit kirjautua sivustosi WordPress-hallintapaneeliin selaimella kirjoittamalla osoiteriville oman verkkotunnuksesi ja sen per\u00e4\u00e4n \/wp-login.php <br><strong>Esimerkki<\/strong>: www.omaverkkotunnus.fi\/wp-login.php<br>Kirjaudu k\u00e4ytt\u00e4m\u00e4ll\u00e4 WordPress-asennuksen aikana m\u00e4\u00e4ritetty\u00e4 k\u00e4ytt\u00e4j\u00e4nime\u00e4 ja salasanaa.<\/p>\n\n\n\n<p><\/p>\n","protected":false},"excerpt":{"rendered":"<p>T\u00e4ss\u00e4 ohjeessa k\u00e4ymme l\u00e4pi, kuinka WordPress -julkaisuj\u00e4rjestelm\u00e4n voi asentaa webhotelliin helposti my\u00f6s itse. Tarjoamme lis\u00e4ksi my\u00f6s WordPress-optimoituja WP-Cloud -paketteja, joihin WordPress -asennus sis\u00e4ltyy aina valmiina.<\/p>\n","protected":false},"author":1,"featured_media":0,"parent":740,"menu_order":45,"comment_status":"closed","ping_status":"closed","template":"","meta":{"_relevanssi_hide_post":"","_relevanssi_hide_content":"","_relevanssi_pin_for_all":"","_relevanssi_pin_keywords":"","_relevanssi_unpin_keywords":"","_relevanssi_related_keywords":"","_relevanssi_related_include_ids":"","_relevanssi_related_exclude_ids":"","_relevanssi_related_no_append":"","_relevanssi_related_not_related":"","_relevanssi_related_posts":"1066,1076,1063","_relevanssi_noindex_reason":"","footnotes":""},"categories":[72],"tags":[97,100],"wf_page_folders":[],"class_list":{"0":"post-804","1":"page","2":"type-page","3":"status-publish","5":"category-wordpress","6":"tag-installatron","7":"tag-wordpressin-perusohjeet"},"_links":{"self":[{"href":"https:\/\/www.zoner.fi\/tuki\/wp-json\/wp\/v2\/pages\/804","targetHints":{"allow":["GET"]}}],"collection":[{"href":"https:\/\/www.zoner.fi\/tuki\/wp-json\/wp\/v2\/pages"}],"about":[{"href":"https:\/\/www.zoner.fi\/tuki\/wp-json\/wp\/v2\/types\/page"}],"author":[{"embeddable":true,"href":"https:\/\/www.zoner.fi\/tuki\/wp-json\/wp\/v2\/users\/1"}],"replies":[{"embeddable":true,"href":"https:\/\/www.zoner.fi\/tuki\/wp-json\/wp\/v2\/comments?post=804"}],"version-history":[{"count":20,"href":"https:\/\/www.zoner.fi\/tuki\/wp-json\/wp\/v2\/pages\/804\/revisions"}],"predecessor-version":[{"id":138173,"href":"https:\/\/www.zoner.fi\/tuki\/wp-json\/wp\/v2\/pages\/804\/revisions\/138173"}],"up":[{"embeddable":true,"href":"https:\/\/www.zoner.fi\/tuki\/wp-json\/wp\/v2\/pages\/740"}],"wp:attachment":[{"href":"https:\/\/www.zoner.fi\/tuki\/wp-json\/wp\/v2\/media?parent=804"}],"wp:term":[{"taxonomy":"category","embeddable":true,"href":"https:\/\/www.zoner.fi\/tuki\/wp-json\/wp\/v2\/categories?post=804"},{"taxonomy":"post_tag","embeddable":true,"href":"https:\/\/www.zoner.fi\/tuki\/wp-json\/wp\/v2\/tags?post=804"},{"taxonomy":"wf_page_folders","embeddable":true,"href":"https:\/\/www.zoner.fi\/tuki\/wp-json\/wp\/v2\/wf_page_folders?post=804"}],"curies":[{"name":"wp","href":"https:\/\/api.w.org\/{rel}","templated":true}]}}